{"id":2298,"date":"2022-09-21T17:25:07","date_gmt":"2022-09-21T17:25:07","guid":{"rendered":"https:\/\/tienda.gevalia.es\/?page_id=2298"},"modified":"2022-09-21T17:27:55","modified_gmt":"2022-09-21T17:27:55","slug":"politica-de-ventas-y-devoluciones","status":"publish","type":"page","link":"https:\/\/tienda.gevalia.es\/?page_id=2298","title":{"rendered":"POL\u00cdTICA DE VENTAS Y DEVOLUCIONES"},"content":{"rendered":"\n<p><strong>Pol\u00edtica de ventas y devoluciones<\/strong><\/p>\n\n\n\n<p>Jose Ignacio Perera Awad (Gevalia Formaci\u00f3n), con DNI54.075.363-V mediante este sitio&nbsp;web&nbsp;<a>https:\/\/tienda.gevalia.es<\/a>presenta sus pol\u00edticas de uso de sus servicios, que deben ser le\u00eddas y observadas por todos y cada uno de los clientes y visitantes, para informaci\u00f3n sobre las pol\u00edticas de ventas y devoluciones.<\/p>\n\n\n\n<p><strong><em>LEA ATENTAMENTE ESTAS POLITICAS DE USO ANTES DE USAR ESTE SERVICIO.<\/em><\/strong><\/p>\n\n\n\n<p>Al usar este sitio, usted acepta estas pol\u00edticas de uso. Jose Ignacio perera Awad (Gevalia Formaci\u00f3n) se reserva el derecho, a su discreci\u00f3n, de cambiar, modificar, a\u00f1adir o suprimir partes de los presentes t\u00e9rminos en cualquier momento. El visitante debe revisar peri\u00f3dicamente si estos t\u00e9rminos han cambiado. El uso continuo del sitio web despu\u00e9s de la incorporaci\u00f3n de cambios a los presentes t\u00e9rminos implicar\u00e1 la aceptaci\u00f3n de dichos cambios.<\/p>\n\n\n\n<p><em>En el caso de que no aceptara los t\u00e9rminos aqu\u00ed descritos, puede ud. remitirnos cualquier comentario en info@gevalia.es, y en cualquier caso, dejar de utilizar la web <\/em>https:\/\/tienda.gevalia.es<\/p>\n\n\n\n<p><strong>Pol\u00edtica de ventas<\/strong><\/p>\n\n\n\n<ul class=\"wp-block-list\"><li>Los precios que se indican respecto a cada curso incluyen el Impuesto General Indirecto Canario (IGIC) y en todo caso se expresar\u00e1n en la moneda Euro (\u20ac).<\/li><li>El usuario deber\u00e1 realizar la inscripci\u00f3n en el curso a trav\u00e9s de la p\u00e1gina web rellenando el formulario a tal efecto en la correspondiente p\u00e1gina de inscripci\u00f3n. Una vez se haya inscrito, el usuario deber\u00e1 realizar el pago por medio de TPV Virtual.<\/li><li>Los cursos online se realizar\u00e1n a trav\u00e9s del Campus Virtual, en la direcci\u00f3nhttps:\/\/cursos.gevalia.es\/login\/index.php identific\u00e1ndose como alumno con claves de usuario y contrase\u00f1a que le facilitaremos.<\/li><li>El usuario no estar\u00e1 formalmente inscrito hasta que no haya realizado la inscripci\u00f3n y el pago de la misma.<\/li><li>Los pagos podr\u00e1n realizarse mediante nuestro TPV virtual usando tarjetas d\u00e9bito\/cr\u00e9dito.<\/li><\/ul>\n\n\n\n<ul class=\"wp-block-list\"><li><strong>Pol\u00edtica de devoluci\u00f3n<\/strong><\/li><\/ul>\n\n\n\n<p>El usuario tiene derecho a la devoluci\u00f3n del importe de la inscripci\u00f3n en los siguientes t\u00e9rminos y condiciones:<\/p>\n\n\n\n<ul class=\"wp-block-list\"><li>Las cancelaciones deben informarse por escrito, enviando un email a info@gevalia.es. No se aceptan cancelaciones informadas por ninguna otra v\u00eda. En dicho email deben constar todos los datos de la inscripci\u00f3n, incluyendo: Nombre del curso, nombre y apellidos del alumno, fecha inscripci\u00f3n y datos de contacto.<\/li><\/ul>\n\n\n\n<p><strong>Las tasas de devoluci\u00f3n son las siguientes:<\/strong><\/p>\n\n\n\n<ul class=\"wp-block-list\"><li>Para las cancelaciones recibidas se reembolsar\u00e1 el 70% del importe abonado en el momento de la cancelaci\u00f3n.<\/li><li>De igual forma las inscripciones en las que ya se haya realizado la entrega de claves de usuario y contrase\u00f1a para acceder a los contenidos no tendr\u00e1n ning\u00fan tipo de devoluci\u00f3n.<\/li><li>Las devoluciones se realizar\u00e1n dentro de los 15 d\u00edas naturales posteriores a la solicitud de cancelaci\u00f3n, por transferencia electr\u00f3nica a nombre de quien la realiz\u00f3.<\/li><li>Si el alumno abandona el curso una vez iniciado, el alumno no tendr\u00e1 derecho a reembolso de cantidad alguna, a no ser que est\u00e9 motivado por causa mayor.<\/li><\/ul>\n\n\n\n<p><strong>Pol\u00edtica de sustituci\u00f3n:<\/strong><\/p>\n\n\n\n<p>Si la persona inscrita no pudiera iniciar el curso, no se podr\u00e1 sustituir por otra persona.<\/p>\n\n\n\n<p><strong>Pol\u00edtica de cancelaci\u00f3n por Jose Ignacio Perera Awad (Gevalia Formaci\u00f3n)<\/strong><\/p>\n\n\n\n<p>Jose Ignacio Perera Awad (Gevalia Formaci\u00f3n) se reserva el derecho de posponer o cancelar un curso si no hay suficientes personas inscritas, o si los formadores, por causa mayor justificada no pudieran asistir. En estos casos, ser\u00e1n reintegrados totalmente los pagos recibidos por inscripciones sin posibilidad expresa de ning\u00fan otro tipo de compensaci\u00f3n.<\/p>\n","protected":false},"excerpt":{"rendered":"<p>Pol\u00edtica de ventas y devoluciones Jose Ignacio Perera Awad (Gevalia Formaci\u00f3n), con DNI54.075.363-V mediante este sitio&nbsp;web&nbsp;https:\/\/tienda.gevalia.espresenta sus pol\u00edticas de uso de sus servicios, que deben ser le\u00eddas y observadas por todos y cada uno de los clientes y visitantes, para informaci\u00f3n sobre las pol\u00edticas de&hellip;<\/p>\n","protected":false},"author":1,"featured_media":0,"parent":0,"menu_order":0,"comment_status":"closed","ping_status":"closed","template":"","meta":{"footnotes":""},"class_list":["post-2298","page","type-page","status-publish","hentry"],"_links":{"self":[{"href":"https:\/\/tienda.gevalia.es\/index.php?rest_route=\/wp\/v2\/pages\/2298","targetHints":{"allow":["GET"]}}],"collection":[{"href":"https:\/\/tienda.gevalia.es\/index.php?rest_route=\/wp\/v2\/pages"}],"about":[{"href":"https:\/\/tienda.gevalia.es\/index.php?rest_route=\/wp\/v2\/types\/page"}],"author":[{"embeddable":true,"href":"https:\/\/tienda.gevalia.es\/index.php?rest_route=\/wp\/v2\/users\/1"}],"replies":[{"embeddable":true,"href":"https:\/\/tienda.gevalia.es\/index.php?rest_route=%2Fwp%2Fv2%2Fcomments&post=2298"}],"version-history":[{"count":2,"href":"https:\/\/tienda.gevalia.es\/index.php?rest_route=\/wp\/v2\/pages\/2298\/revisions"}],"predecessor-version":[{"id":2304,"href":"https:\/\/tienda.gevalia.es\/index.php?rest_route=\/wp\/v2\/pages\/2298\/revisions\/2304"}],"wp:attachment":[{"href":"https:\/\/tienda.gevalia.es\/index.php?rest_route=%2Fwp%2Fv2%2Fmedia&parent=2298"}],"curies":[{"name":"wp","href":"https:\/\/api.w.org\/{rel}","templated":true}]}}