{"id":2311,"date":"2022-09-21T17:33:07","date_gmt":"2022-09-21T17:33:07","guid":{"rendered":"https:\/\/tienda.gevalia.es\/?page_id=2311"},"modified":"2022-09-21T17:42:32","modified_gmt":"2022-09-21T17:42:32","slug":"politica-de-privacidad","status":"publish","type":"page","link":"https:\/\/tienda.gevalia.es\/?page_id=2311","title":{"rendered":"POL\u00cdTICA DE PRIVACIDAD"},"content":{"rendered":"\n<p>SUS DATOS SEGUROS<\/p>\n\n\n\n<p>Informaci\u00f3n en cumplimiento de la normativa de protecci\u00f3n de datos personales<\/p>\n\n\n\n<p>En Europa y en Espa\u00f1a existen normas de protecci\u00f3n de datos pensadas para proteger su informaci\u00f3n personal de obligado cumplimiento para nuestra entidad.<\/p>\n\n\n\n<p>Por ello, es muy importante para nosotros que entienda perfectamente qu\u00e9 vamos a hacer con los datos personales que le pedimos.<\/p>\n\n\n\n<p>As\u00ed, seremos transparentes y le daremos el control de sus datos, con un lenguaje sencillo y opciones claras que le permitir\u00e1n decidir qu\u00e9 haremos con su informaci\u00f3n personal.<\/p>\n\n\n\n<p>Por favor, si una vez le\u00edda la presente informaci\u00f3n le queda alguna duda, no dude en preguntarnos. Muchas gracias por su colaboraci\u00f3n.<\/p>\n\n\n\n<ul class=\"wp-block-list\"><li><strong>\u00bfQui\u00e9nes somos?<\/strong><ul><li>Nuestra denominaci\u00f3n:&nbsp;<strong>JOS\u00c9 IGNACIO PERERA AWAD<\/strong><\/li><li>Nuestro CIF \/ NIF:&nbsp;<strong>54075363V<\/strong><\/li><li>Nuestra actividad principal:<strong>&nbsp;Servicios de formaci\u00f3n. Peque\u00f1os trabajos de construcci\u00f3n.<\/strong><\/li><li>Nuestra direcci\u00f3n:&nbsp;<strong>C\/ IGNACIO MART\u00cdN BAR\u00d3, N\u00ba1, CP 35214, TELDE (Las Palmas)<\/strong><\/li><li>Nuestro tel\u00e9fono de contacto:&nbsp;<strong>828.05.69.91 \/ 653.95.48.60<\/strong><\/li><li>Nuestra direcci\u00f3n de correo electr\u00f3nico de contacto:&nbsp;<strong>info@gevalia.es<\/strong><\/li><li>Nuestra p\u00e1gina web:&nbsp;<strong>www.gevalia.es<\/strong><\/li><li>Para su confianza y seguridad, le informamos que somos una entidad inscrita en el siguiente Registro Mercantil \/Registro P\u00fablico: Estamos a su disposici\u00f3n, no dude en contactar con nosotros.<\/li><\/ul><\/li><li><strong>\u00bfPara qu\u00e9 vamos a usar sus datos?<\/strong><\/li><\/ul>\n\n\n\n<p>Con car\u00e1cter general, sus datos personales ser\u00e1n usados para poder relacionarnos con usted y poder prestarle nuestros servicios.<\/p>\n\n\n\n<p>Asimismo, tambi\u00e9n pueden ser usados para otras actividades, como enviarle publicidad o promocionar nuestras actividades.&nbsp;<\/p>\n\n\n\n<ul class=\"wp-block-list\"><li><strong>\u00bfPor qu\u00e9 necesitamos usar sus datos?<\/strong><\/li><\/ul>\n\n\n\n<p>Sus datos personales son necesarios para poder relacionarnos con usted y poder prestarle nuestros servicios. En este sentido, pondremos a su disposici\u00f3n una serie de casillas que le permitir\u00e1n decidir de manera clara y sencilla sobre el uso de su informaci\u00f3n personal.&nbsp;<\/p>\n\n\n\n<ul class=\"wp-block-list\"><li><strong>\u00bfQui\u00e9n va a conocer la informaci\u00f3n que le pedimos?<\/strong><\/li><\/ul>\n\n\n\n<p>Con car\u00e1cter general, s\u00f3lo el personal de nuestra entidad que est\u00e9 debidamente autorizado podr\u00e1 tener conocimiento de la informaci\u00f3n que le pedimos.<\/p>\n\n\n\n<p>De igual modo, podr\u00e1n tener conocimiento de su informaci\u00f3n personal aquellas entidades que necesiten tener acceso a la misma para que podamos prestarle nuestros servicios. As\u00ed, por ejemplo, nuestro banco conocer\u00e1 sus datos si el pago de nuestros servicios se realiza mediante tarjeta o transferencia bancaria.<\/p>\n\n\n\n<p>Asimismo, tendr\u00e1n conocimiento de su informaci\u00f3n aquellas entidades p\u00fablicas o privadas a las cuales estemos obligados a facilitar sus datos personales con motivo del cumplimiento de alguna ley. Poni\u00e9ndole un ejemplo, la Ley Tributaria obliga a facilitar a la Agencia Tributaria determinada informaci\u00f3n sobre operaciones econ\u00f3micas que superen una determinada cantidad.<\/p>\n\n\n\n<p>En el caso de que, al margen de los supuestos comentados, necesitemos dar a conocer su informaci\u00f3n personal a otras entidades, le solicitaremos previamente su permiso a trav\u00e9s de opciones claras que le permitir\u00e1n decidir a este respecto.<\/p>\n\n\n\n<ul class=\"wp-block-list\"><li><strong>\u00bfC\u00f3mo vamos a proteger sus datos?<\/strong><\/li><\/ul>\n\n\n\n<p>Protegeremos sus datos con medidas de seguridad eficaces en funci\u00f3n de los riesgos que conlleve el uso de su informaci\u00f3n.<\/p>\n\n\n\n<p>Para ello, nuestra entidad ha aprobado una Pol\u00edtica de Protecci\u00f3n de Datos y se realizan controles y auditor\u00edas anuales para verificar que sus datos personales est\u00e1n seguros en todo momento.<\/p>\n\n\n\n<ul class=\"wp-block-list\"><li><strong>\u00bfEnviaremos sus datos a otros pa\u00edses?<\/strong><\/li><\/ul>\n\n\n\n<p>En el mundo hay pa\u00edses que son seguros para sus datos y otros que no lo son tanto. As\u00ed, por ejemplo, la Uni\u00f3n Europea es un entorno seguro para sus datos. Nuestra pol\u00edtica es no enviar su informaci\u00f3n personal a ning\u00fan pa\u00eds que no sea seguro desde el punto de vista de la protecci\u00f3n de sus datos.<\/p>\n\n\n\n<p>En el caso de que, con motivo de prestarle el servicio, sea imprescindible enviar sus datos a un pa\u00eds que no sea tan seguro como Espa\u00f1a, siempre le solicitaremos previamente su permiso y aplicaremos medidas de seguridad eficaces que reduzcan los riesgos del env\u00edo de su informaci\u00f3n personal a otro pa\u00eds.<\/p>\n\n\n\n<ul class=\"wp-block-list\"><li><strong>\u00bfDurante cu\u00e1nto tiempo vamos a conservar sus datos?<\/strong><\/li><\/ul>\n\n\n\n<p>Conservaremos sus datos durante nuestra relaci\u00f3n y mientras nos obliguen las leyes. Una vez finalizados los plazos legales aplicables, procederemos a eliminarlos de forma segura y respetuosa con el medio ambiente.<\/p>\n\n\n\n<ul class=\"wp-block-list\"><li><strong>\u00bfCu\u00e1les son sus derechos de protecci\u00f3n de datos?<\/strong><\/li><\/ul>\n\n\n\n<p>En cualquier momento puede dirigirse a nosotros para saber qu\u00e9 informaci\u00f3n tenemos sobre usted, rectificarla si fuese incorrecta y eliminarla una vez finalizada nuestra relaci\u00f3n, en el caso de que ello sea legalmente posible.<\/p>\n\n\n\n<p>Tambi\u00e9n tiene derecho a solicitar el traspaso de su informaci\u00f3n a otra entidad. Este derecho se llama \u201cportabilidad\u201d y puede ser \u00fatil en determinadas situaciones.<\/p>\n\n\n\n<p>Para solicitar alguno de estos derechos, deber\u00e1 realizar una solicitud escrita a nuestra direcci\u00f3n, junto con una fotocopia de su DNI, para poder identificarle.<\/p>\n\n\n\n<p>En las oficinas de nuestra entidad disponemos de formularios espec\u00edficos para solicitar dichos derechos y le ofrecemos nuestra ayuda para su cumplimentaci\u00f3n.<\/p>\n\n\n\n<p>Para saber m\u00e1s sobre sus derechos de protecci\u00f3n de datos, puede consultar la p\u00e1gina web de la Agencia Espa\u00f1ola de Protecci\u00f3n de Datos (<a href=\"http:\/\/www.agpd.es\/\">www.agpd.es<\/a>).<\/p>\n\n\n\n<ul class=\"wp-block-list\"><li><strong>\u00bfPuede retirar su consentimiento si cambia de opini\u00f3n en un momento posterior?<\/strong><\/li><\/ul>\n\n\n\n<p>Usted puede retirar su consentimiento si cambia de opini\u00f3n sobre el uso de sus datos en cualquier momento.<\/p>\n\n\n\n<p>As\u00ed, por ejemplo, si usted en su d\u00eda estuvo interesado\/a en recibir publicidad de nuestros productos o servicios, pero ya no desea recibir m\u00e1s publicidad, puede hac\u00e9rnoslo constar a trav\u00e9s del formulario de oposici\u00f3n al tratamiento disponible en las oficinas de nuestra entidad.<\/p>\n\n\n\n<ul class=\"wp-block-list\"><li><strong>En caso de que entienda que sus derechos han sido desatendidos, \u00bfd\u00f3nde puede formular una reclamaci\u00f3n?<\/strong><\/li><\/ul>\n\n\n\n<p>En caso de que entienda que sus derechos han sido desatendidos por nuestra entidad, puede formular una reclamaci\u00f3n en la Agencia Espa\u00f1ola de Protecci\u00f3n de Datos, a trav\u00e9s de alguno de los medios siguientes:<\/p>\n\n\n\n<ul class=\"wp-block-list\"><li>Sede electr\u00f3nica: www.agpd.es<\/li><li>Direcci\u00f3n postal:<\/li><\/ul>\n\n\n\n<p>Agencia Espa\u00f1ola de Protecci\u00f3n de Datos<br>C\/ Jorge Juan, 6<br>28001-Madrid<\/p>\n\n\n\n<ul class=\"wp-block-list\"><li>V\u00eda telef\u00f3nica:<\/li><\/ul>\n\n\n\n<p>Telf. 901 100 099 Telf. 91 266 35 17<\/p>\n\n\n\n<p>Formular una reclamaci\u00f3n en la Agencia Espa\u00f1ola de Protecci\u00f3n de Datos no conlleva ning\u00fan coste y no es necesaria la asistencia de abogado ni procurador.<\/p>\n\n\n\n<ul class=\"wp-block-list\"><li><strong>\u00bfElaboraremos perfiles sobre usted?<\/strong><\/li><\/ul>\n\n\n\n<p>Nuestra pol\u00edtica es no elaborar perfiles sobre los usuarios de nuestros servicios.<\/p>\n\n\n\n<p>No obstante, pueden existir situaciones en las que, con fines de prestaci\u00f3n del servicio, comerciales o de otro tipo, necesitemos elaborar perfiles de informaci\u00f3n sobre usted. Un ejemplo pudiera ser la utilizaci\u00f3n de su historial de compras o servicios para poder ofrecerle productos o servicios adaptados a sus gustos o necesidades.<\/p>\n\n\n\n<p>En tal caso, aplicaremos medidas de seguridad eficaces que protejan su informaci\u00f3n en todo momento de personas no autorizadas que pretendan utilizarla en su propio beneficio.<\/p>\n\n\n\n<ul class=\"wp-block-list\"><li><strong>\u00bfUsaremos sus datos para otros fines?<\/strong><\/li><\/ul>\n\n\n\n<p>Nuestra pol\u00edtica es no usar sus datos para otras finalidades distintas a las que le hemos explicado. Si, no obstante, necesit\u00e1semos usar sus datos para actividades distintas, siempre le solicitaremos previamente su permiso a trav\u00e9s de opciones claras que le permitir\u00e1n decidir al respecto.<\/p>\n","protected":false},"excerpt":{"rendered":"<p>SUS DATOS SEGUROS Informaci\u00f3n en cumplimiento de la normativa de protecci\u00f3n de datos personales En Europa y en Espa\u00f1a existen normas de protecci\u00f3n de datos pensadas para proteger su informaci\u00f3n personal de obligado cumplimiento para nuestra entidad. Por ello, es muy importante para nosotros que&hellip;<\/p>\n","protected":false},"author":1,"featured_media":0,"parent":0,"menu_order":0,"comment_status":"closed","ping_status":"closed","template":"","meta":{"footnotes":""},"class_list":["post-2311","page","type-page","status-publish","hentry"],"_links":{"self":[{"href":"https:\/\/tienda.gevalia.es\/index.php?rest_route=\/wp\/v2\/pages\/2311","targetHints":{"allow":["GET"]}}],"collection":[{"href":"https:\/\/tienda.gevalia.es\/index.php?rest_route=\/wp\/v2\/pages"}],"about":[{"href":"https:\/\/tienda.gevalia.es\/index.php?rest_route=\/wp\/v2\/types\/page"}],"author":[{"embeddable":true,"href":"https:\/\/tienda.gevalia.es\/index.php?rest_route=\/wp\/v2\/users\/1"}],"replies":[{"embeddable":true,"href":"https:\/\/tienda.gevalia.es\/index.php?rest_route=%2Fwp%2Fv2%2Fcomments&post=2311"}],"version-history":[{"count":2,"href":"https:\/\/tienda.gevalia.es\/index.php?rest_route=\/wp\/v2\/pages\/2311\/revisions"}],"predecessor-version":[{"id":2315,"href":"https:\/\/tienda.gevalia.es\/index.php?rest_route=\/wp\/v2\/pages\/2311\/revisions\/2315"}],"wp:attachment":[{"href":"https:\/\/tienda.gevalia.es\/index.php?rest_route=%2Fwp%2Fv2%2Fmedia&parent=2311"}],"curies":[{"name":"wp","href":"https:\/\/api.w.org\/{rel}","templated":true}]}}

POLÍTICA DE PRIVACIDAD

<p>SUS DATOS SEGUROS</p>



<p>Información en cumplimiento de la normativa de protección de datos personales</p>



<p>En Europa y en España existen normas de protección de datos pensadas para proteger su información personal de obligado cumplimiento para nuestra entidad.</p>



<p>Por ello, es muy importante para nosotros que entienda perfectamente qué vamos a hacer con los datos personales que le pedimos.</p>



<p>Así, seremos transparentes y le daremos el control de sus datos, con un lenguaje sencillo y opciones claras que le permitirán decidir qué haremos con su información personal.</p>



<p>Por favor, si una vez leída la presente información le queda alguna duda, no dude en preguntarnos. Muchas gracias por su colaboración.</p>



<ul class="wp-block-list"><li><strong>¿Quiénes somos?</strong><ul><li>Nuestra denominación:&nbsp;<strong>JOSÉ IGNACIO PERERA AWAD</strong></li><li>Nuestro CIF / NIF:&nbsp;<strong>54075363V</strong></li><li>Nuestra actividad principal:<strong>&nbsp;Servicios de formación. Pequeños trabajos de construcción.</strong></li><li>Nuestra dirección:&nbsp;<strong>C/ IGNACIO MARTÍN BARÓ, Nº1, CP 35214, TELDE (Las Palmas)</strong></li><li>Nuestro teléfono de contacto:&nbsp;<strong>828.05.69.91 / 653.95.48.60</strong></li><li>Nuestra dirección de correo electrónico de contacto:&nbsp;<strong>info@gevalia.es</strong></li><li>Nuestra página web:&nbsp;<strong>www.gevalia.es</strong></li><li>Para su confianza y seguridad, le informamos que somos una entidad inscrita en el siguiente Registro Mercantil /Registro Público: Estamos a su disposición, no dude en contactar con nosotros.</li></ul></li><li><strong>¿Para qué vamos a usar sus datos?</strong></li></ul>



<p>Con carácter general, sus datos personales serán usados para poder relacionarnos con usted y poder prestarle nuestros servicios.</p>



<p>Asimismo, también pueden ser usados para otras actividades, como enviarle publicidad o promocionar nuestras actividades.&nbsp;</p>



<ul class="wp-block-list"><li><strong>¿Por qué necesitamos usar sus datos?</strong></li></ul>



<p>Sus datos personales son necesarios para poder relacionarnos con usted y poder prestarle nuestros servicios. En este sentido, pondremos a su disposición una serie de casillas que le permitirán decidir de manera clara y sencilla sobre el uso de su información personal.&nbsp;</p>



<ul class="wp-block-list"><li><strong>¿Quién va a conocer la información que le pedimos?</strong></li></ul>



<p>Con carácter general, sólo el personal de nuestra entidad que esté debidamente autorizado podrá tener conocimiento de la información que le pedimos.</p>



<p>De igual modo, podrán tener conocimiento de su información personal aquellas entidades que necesiten tener acceso a la misma para que podamos prestarle nuestros servicios. Así, por ejemplo, nuestro banco conocerá sus datos si el pago de nuestros servicios se realiza mediante tarjeta o transferencia bancaria.</p>



<p>Asimismo, tendrán conocimiento de su información aquellas entidades públicas o privadas a las cuales estemos obligados a facilitar sus datos personales con motivo del cumplimiento de alguna ley. Poniéndole un ejemplo, la Ley Tributaria obliga a facilitar a la Agencia Tributaria determinada información sobre operaciones económicas que superen una determinada cantidad.</p>



<p>En el caso de que, al margen de los supuestos comentados, necesitemos dar a conocer su información personal a otras entidades, le solicitaremos previamente su permiso a través de opciones claras que le permitirán decidir a este respecto.</p>



<ul class="wp-block-list"><li><strong>¿Cómo vamos a proteger sus datos?</strong></li></ul>



<p>Protegeremos sus datos con medidas de seguridad eficaces en función de los riesgos que conlleve el uso de su información.</p>



<p>Para ello, nuestra entidad ha aprobado una Política de Protección de Datos y se realizan controles y auditorías anuales para verificar que sus datos personales están seguros en todo momento.</p>



<ul class="wp-block-list"><li><strong>¿Enviaremos sus datos a otros países?</strong></li></ul>



<p>En el mundo hay países que son seguros para sus datos y otros que no lo son tanto. Así, por ejemplo, la Unión Europea es un entorno seguro para sus datos. Nuestra política es no enviar su información personal a ningún país que no sea seguro desde el punto de vista de la protección de sus datos.</p>



<p>En el caso de que, con motivo de prestarle el servicio, sea imprescindible enviar sus datos a un país que no sea tan seguro como España, siempre le solicitaremos previamente su permiso y aplicaremos medidas de seguridad eficaces que reduzcan los riesgos del envío de su información personal a otro país.</p>



<ul class="wp-block-list"><li><strong>¿Durante cuánto tiempo vamos a conservar sus datos?</strong></li></ul>



<p>Conservaremos sus datos durante nuestra relación y mientras nos obliguen las leyes. Una vez finalizados los plazos legales aplicables, procederemos a eliminarlos de forma segura y respetuosa con el medio ambiente.</p>



<ul class="wp-block-list"><li><strong>¿Cuáles son sus derechos de protección de datos?</strong></li></ul>



<p>En cualquier momento puede dirigirse a nosotros para saber qué información tenemos sobre usted, rectificarla si fuese incorrecta y eliminarla una vez finalizada nuestra relación, en el caso de que ello sea legalmente posible.</p>



<p>También tiene derecho a solicitar el traspaso de su información a otra entidad. Este derecho se llama “portabilidad” y puede ser útil en determinadas situaciones.</p>



<p>Para solicitar alguno de estos derechos, deberá realizar una solicitud escrita a nuestra dirección, junto con una fotocopia de su DNI, para poder identificarle.</p>



<p>En las oficinas de nuestra entidad disponemos de formularios específicos para solicitar dichos derechos y le ofrecemos nuestra ayuda para su cumplimentación.</p>



<p>Para saber más sobre sus derechos de protección de datos, puede consultar la página web de la Agencia Española de Protección de Datos (<a href="http://www.agpd.es/">www.agpd.es</a>).</p>



<ul class="wp-block-list"><li><strong>¿Puede retirar su consentimiento si cambia de opinión en un momento posterior?</strong></li></ul>



<p>Usted puede retirar su consentimiento si cambia de opinión sobre el uso de sus datos en cualquier momento.</p>



<p>Así, por ejemplo, si usted en su día estuvo interesado/a en recibir publicidad de nuestros productos o servicios, pero ya no desea recibir más publicidad, puede hacérnoslo constar a través del formulario de oposición al tratamiento disponible en las oficinas de nuestra entidad.</p>



<ul class="wp-block-list"><li><strong>En caso de que entienda que sus derechos han sido desatendidos, ¿dónde puede formular una reclamación?</strong></li></ul>



<p>En caso de que entienda que sus derechos han sido desatendidos por nuestra entidad, puede formular una reclamación en la Agencia Española de Protección de Datos, a través de alguno de los medios siguientes:</p>



<ul class="wp-block-list"><li>Sede electrónica: www.agpd.es</li><li>Dirección postal:</li></ul>



<p>Agencia Española de Protección de Datos<br>C/ Jorge Juan, 6<br>28001-Madrid</p>



<ul class="wp-block-list"><li>Vía telefónica:</li></ul>



<p>Telf. 901 100 099 Telf. 91 266 35 17</p>



<p>Formular una reclamación en la Agencia Española de Protección de Datos no conlleva ningún coste y no es necesaria la asistencia de abogado ni procurador.</p>



<ul class="wp-block-list"><li><strong>¿Elaboraremos perfiles sobre usted?</strong></li></ul>



<p>Nuestra política es no elaborar perfiles sobre los usuarios de nuestros servicios.</p>



<p>No obstante, pueden existir situaciones en las que, con fines de prestación del servicio, comerciales o de otro tipo, necesitemos elaborar perfiles de información sobre usted. Un ejemplo pudiera ser la utilización de su historial de compras o servicios para poder ofrecerle productos o servicios adaptados a sus gustos o necesidades.</p>



<p>En tal caso, aplicaremos medidas de seguridad eficaces que protejan su información en todo momento de personas no autorizadas que pretendan utilizarla en su propio beneficio.</p>



<ul class="wp-block-list"><li><strong>¿Usaremos sus datos para otros fines?</strong></li></ul>



<p>Nuestra política es no usar sus datos para otras finalidades distintas a las que le hemos explicado. Si, no obstante, necesitásemos usar sus datos para actividades distintas, siempre le solicitaremos previamente su permiso a través de opciones claras que le permitirán decidir al respecto.</p>

<p>SUS DATOS SEGUROS Información en cumplimiento de la normativa de protección de datos personales En Europa y en España existen normas de protección de datos pensadas para proteger su información personal de obligado cumplimiento para nuestra entidad. Por ello, es muy importante para nosotros que&hellip;</p>
