{"id":1822,"date":"2022-08-17T12:45:38","date_gmt":"2022-08-17T12:45:38","guid":{"rendered":"https:\/\/tienda.gevalia.es\/?post_type=product&#038;p=1822"},"modified":"2022-08-24T10:12:12","modified_gmt":"2022-08-24T10:12:12","slug":"comunicacion-interpersonal","status":"publish","type":"product","link":"https:\/\/tienda.gevalia.es\/?product=comunicacion-interpersonal","title":{"rendered":"Comunicaci\u00f3n interpersonal."},"content":{"rendered":"<p>Modalidad: On Line<br \/>\nDuraci\u00f3n: 30 horas<\/p>\n<h3 class=\"fusion-responsive-typography-calculated\" data-fontsize=\"22\" data-lineheight=\"35.2px\">Objetivos<\/h3>\n<p>Mejorar la comunicaci\u00f3n interpersonal para conocerse mejor a s\u00ed mismo y disfrutar de relaciones m\u00e1s plenas con los dem\u00e1s.<br \/>\n&#8211; Conocer qu\u00e9 es la comunicaci\u00f3n interpersonal y los elementos que intervienen en el proceso de comunicaci\u00f3n.<br \/>\n&#8211; Desarrollar habilidades para mejorar la comunicaci\u00f3n interpersonal.<br \/>\n&#8211; Utilizar el estilo de comunicaci\u00f3n adecuado.<br \/>\n&#8211; Superar los obst\u00e1culos que pueden aparecer durante cualquier comunicaci\u00f3n interpersonal.<br \/>\n&#8211; Mejorar aspectos esenciales de la comunicaci\u00f3n interpersonal.<\/p>\n<h3 class=\"fusion-responsive-typography-calculated\" data-fontsize=\"22\" data-lineheight=\"35.2px\">Contenido Formativo<\/h3>\n<p><strong>\u00bfQu\u00e9 es la comunicaci\u00f3n?<\/strong><br \/>\nDefinici\u00f3n de la comunicaci\u00f3n.<br \/>\nElementos de la comunicaci\u00f3n.<br \/>\nComunicaci\u00f3n interpersonal.<\/p>\n<p><strong>Habilidades interpersonales<\/strong><br \/>\n\u00bfQu\u00e9 son las habilidades interpersonales?<br \/>\nEscucha activa.<br \/>\nRespuesta emp\u00e1tica.<br \/>\nAsertividad.<\/p>\n<p><strong>Estilos de comunicaci\u00f3n<\/strong><br \/>\nEstilo pasivo.<br \/>\nEstilo agresivo.<br \/>\nEstilo asertivo.<br \/>\nEstilos de comunicaci\u00f3n organizativos.<\/p>\n<p><strong>Obst\u00e1culos en la comunicaci\u00f3n<\/strong><br \/>\nActitudes.<br \/>\nValores.<br \/>\nEstereotipos.<br \/>\nCultura.<br \/>\nRumores.<br \/>\nOtras barreras.<\/p>\n<p><strong>Mejorar la comunicaci\u00f3n<\/strong><br \/>\nT\u00e9cnicas para mejorar la comunicaci\u00f3n.<br \/>\nEstr\u00e9s y autocontrol en situaciones dif\u00edciles.<br \/>\nLas cr\u00edticas.<\/p>\n<h3 class=\"fusion-responsive-typography-calculated\" data-fontsize=\"22\" data-lineheight=\"35.2px\">\u00bfA qui\u00e9n va dirigido?<\/h3>\n<p>A aquellas personas que quieran mejorar sus competencias ling\u00fc\u00edsticas y socio-culturales en todo lo que ata\u00f1e a la comunicaci\u00f3n interpersonal.<\/p>\n<h3 class=\"fusion-responsive-typography-calculated\" data-fontsize=\"22\" data-lineheight=\"35.2px\">\u00bfPara qu\u00e9 te capacita?<\/h3>\n<p>Para aprender a identificar los beneficios de una comunicaci\u00f3n efectiva, reconociendo su importancia tanto en las relaciones interpersonales como en el entorno de una organizaci\u00f3n.<\/p>\n<h3 class=\"fusion-responsive-typography-calculated\" data-fontsize=\"22\" data-lineheight=\"35.2px\">Otros datos de inter\u00e9s<\/h3>\n<p>&#8211; La comunicaci\u00f3n interpersonal conlleva el desarrollo de otras capacidades. Por lo tanto, este curso tambi\u00e9n te ayudar\u00e1 a:<\/p>\n<ul>\n<li>Mejorar la capacidad para empatizar.<\/li>\n<li>Desarrollar estrategias que permitan analizar las comunicaciones.<\/li>\n<li>Aprender a comunicarse en situaciones de conflicto.<\/li>\n<li>Valorar las diferentes capacidades expresivas.<\/li>\n<\/ul>\n<p>&#8211; El contenido se presenta en base a situaciones que se producen en la vida diaria, a las que hay que enfrentarse y solucionar, por lo que se puede ver la aplicaci\u00f3n pr\u00e1ctica del contenido.<br \/>\n&#8211; Se presentan recursos muy atractivos para el alumnado, en distintos formatos, como son simulaciones de situaciones reales, esquemas, infograf\u00edas\u2026<br \/>\n&#8211; Se narra el contenido mediante audios, pero pudiendo ver visualmente en pantalla en todo momento de lo que se est\u00e1 hablando a trav\u00e9s de esquemas, infograf\u00edas, mapas conceptuales u otros recursos.<br \/>\n&#8211; Se definen t\u00e9rminos espec\u00edficos relacionados con la tem\u00e1tica.<br \/>\n&#8211; Se incluyen distintos recursos complementarios para poder profundizar en el contenido y actividades para ponerlo en pr\u00e1ctica.<br \/>\n&#8211; Se incluyen preguntas de autoevaluaci\u00f3n que ayudar\u00e1n a aumentar la compresi\u00f3n del texto y facilitar su asimilaci\u00f3n.<\/p>\n<p>&nbsp;<\/p>\n<p>&nbsp;<\/p>\n<p>&nbsp;<\/p>\n","protected":false},"excerpt":{"rendered":"<p>Modalidad: On Line Duraci\u00f3n: 30 horas Objetivos Mejorar la comunicaci\u00f3n interpersonal para conocerse mejor a s\u00ed mismo y disfrutar de relaciones m\u00e1s plenas con los dem\u00e1s. &#8211; Conocer qu\u00e9 es la comunicaci\u00f3n interpersonal y los elementos que intervienen en el proceso de comunicaci\u00f3n. &#8211; Desarrollar&hellip;<\/p>\n","protected":false},"featured_media":2069,"comment_status":"closed","ping_status":"closed","template":"","meta":[],"product_cat":[49],"product_tag":[],"class_list":{"0":"post-1822","1":"product","2":"type-product","3":"status-publish","4":"has-post-thumbnail","6":"product_cat-administracion-y-gestion","8":"first","9":"instock","10":"sale","11":"taxable","12":"shipping-taxable","13":"purchasable","14":"product-type-simple"},"_links":{"self":[{"href":"https:\/\/tienda.gevalia.es\/index.php?rest_route=\/wp\/v2\/product\/1822","targetHints":{"allow":["GET"]}}],"collection":[{"href":"https:\/\/tienda.gevalia.es\/index.php?rest_route=\/wp\/v2\/product"}],"about":[{"href":"https:\/\/tienda.gevalia.es\/index.php?rest_route=\/wp\/v2\/types\/product"}],"replies":[{"embeddable":true,"href":"https:\/\/tienda.gevalia.es\/index.php?rest_route=%2Fwp%2Fv2%2Fcomments&post=1822"}],"wp:featuredmedia":[{"embeddable":true,"href":"https:\/\/tienda.gevalia.es\/index.php?rest_route=\/wp\/v2\/media\/2069"}],"wp:attachment":[{"href":"https:\/\/tienda.gevalia.es\/index.php?rest_route=%2Fwp%2Fv2%2Fmedia&parent=1822"}],"wp:term":[{"taxonomy":"product_cat","embeddable":true,"href":"https:\/\/tienda.gevalia.es\/index.php?rest_route=%2Fwp%2Fv2%2Fproduct_cat&post=1822"},{"taxonomy":"product_tag","embeddable":true,"href":"https:\/\/tienda.gevalia.es\/index.php?rest_route=%2Fwp%2Fv2%2Fproduct_tag&post=1822"}],"curies":[{"name":"wp","href":"https:\/\/api.w.org\/{rel}","templated":true}]}}

Comunicación interpersonal.

<p>Modalidad: On Line<br />
Duración: 30 horas</p>
<h3 class="fusion-responsive-typography-calculated" data-fontsize="22" data-lineheight="35.2px">Objetivos</h3>
<p>Mejorar la comunicación interpersonal para conocerse mejor a sí mismo y disfrutar de relaciones más plenas con los demás.<br />
&#8211; Conocer qué es la comunicación interpersonal y los elementos que intervienen en el proceso de comunicación.<br />
&#8211; Desarrollar habilidades para mejorar la comunicación interpersonal.<br />
&#8211; Utilizar el estilo de comunicación adecuado.<br />
&#8211; Superar los obstáculos que pueden aparecer durante cualquier comunicación interpersonal.<br />
&#8211; Mejorar aspectos esenciales de la comunicación interpersonal.</p>
<h3 class="fusion-responsive-typography-calculated" data-fontsize="22" data-lineheight="35.2px">Contenido Formativo</h3>
<p><strong>¿Qué es la comunicación?</strong><br />
Definición de la comunicación.<br />
Elementos de la comunicación.<br />
Comunicación interpersonal.</p>
<p><strong>Habilidades interpersonales</strong><br />
¿Qué son las habilidades interpersonales?<br />
Escucha activa.<br />
Respuesta empática.<br />
Asertividad.</p>
<p><strong>Estilos de comunicación</strong><br />
Estilo pasivo.<br />
Estilo agresivo.<br />
Estilo asertivo.<br />
Estilos de comunicación organizativos.</p>
<p><strong>Obstáculos en la comunicación</strong><br />
Actitudes.<br />
Valores.<br />
Estereotipos.<br />
Cultura.<br />
Rumores.<br />
Otras barreras.</p>
<p><strong>Mejorar la comunicación</strong><br />
Técnicas para mejorar la comunicación.<br />
Estrés y autocontrol en situaciones difíciles.<br />
Las críticas.</p>
<h3 class="fusion-responsive-typography-calculated" data-fontsize="22" data-lineheight="35.2px">¿A quién va dirigido?</h3>
<p>A aquellas personas que quieran mejorar sus competencias lingüísticas y socio-culturales en todo lo que atañe a la comunicación interpersonal.</p>
<h3 class="fusion-responsive-typography-calculated" data-fontsize="22" data-lineheight="35.2px">¿Para qué te capacita?</h3>
<p>Para aprender a identificar los beneficios de una comunicación efectiva, reconociendo su importancia tanto en las relaciones interpersonales como en el entorno de una organización.</p>
<h3 class="fusion-responsive-typography-calculated" data-fontsize="22" data-lineheight="35.2px">Otros datos de interés</h3>
<p>&#8211; La comunicación interpersonal conlleva el desarrollo de otras capacidades. Por lo tanto, este curso también te ayudará a:</p>
<ul>
<li>Mejorar la capacidad para empatizar.</li>
<li>Desarrollar estrategias que permitan analizar las comunicaciones.</li>
<li>Aprender a comunicarse en situaciones de conflicto.</li>
<li>Valorar las diferentes capacidades expresivas.</li>
</ul>
<p>&#8211; El contenido se presenta en base a situaciones que se producen en la vida diaria, a las que hay que enfrentarse y solucionar, por lo que se puede ver la aplicación práctica del contenido.<br />
&#8211; Se presentan recursos muy atractivos para el alumnado, en distintos formatos, como son simulaciones de situaciones reales, esquemas, infografías…<br />
&#8211; Se narra el contenido mediante audios, pero pudiendo ver visualmente en pantalla en todo momento de lo que se está hablando a través de esquemas, infografías, mapas conceptuales u otros recursos.<br />
&#8211; Se definen términos específicos relacionados con la temática.<br />
&#8211; Se incluyen distintos recursos complementarios para poder profundizar en el contenido y actividades para ponerlo en práctica.<br />
&#8211; Se incluyen preguntas de autoevaluación que ayudarán a aumentar la compresión del texto y facilitar su asimilación.</p>
<p>&nbsp;</p>
<p>&nbsp;</p>
<p>&nbsp;</p>

<p>Modalidad: On Line Duración: 30 horas Objetivos Mejorar la comunicación interpersonal para conocerse mejor a sí mismo y disfrutar de relaciones más plenas con los demás. &#8211; Conocer qué es la comunicación interpersonal y los elementos que intervienen en el proceso de comunicación. &#8211; Desarrollar&hellip;</p>
