{"id":1827,"date":"2022-08-17T12:45:39","date_gmt":"2022-08-17T12:45:39","guid":{"rendered":"https:\/\/tienda.gevalia.es\/?post_type=product&#038;p=1827"},"modified":"2022-08-24T11:44:04","modified_gmt":"2022-08-24T11:44:04","slug":"desconexion-digital-en-el-trabajo","status":"publish","type":"product","link":"https:\/\/tienda.gevalia.es\/?product=desconexion-digital-en-el-trabajo","title":{"rendered":"Desconexi\u00f3n digital en el trabajo."},"content":{"rendered":"<p>Modalidad: On Line<br \/>\nDuraci\u00f3n: 15 Horas<\/p>\n<h3 class=\"fusion-responsive-typography-calculated\" data-fontsize=\"22\" data-lineheight=\"35.2px\">Objetivos<\/h3>\n<ul>\n<li>Conocer las causas y efectos en la salud ocupacional provocados por el impacto de la conectividad en el uso de las tecnolog\u00edas en el \u00e1mbito laboral.<\/li>\n<li>Profundizar en la base jur\u00eddica sobre la que se sustenta la libertad individual del trabajador al acogerse al derecho a la desconexi\u00f3n digital como herramienta legislativa, asegurando con ello el respeto al descanso fuera de los tiempos de trabajo.<\/li>\n<\/ul>\n<h3 class=\"fusion-responsive-typography-calculated\" data-fontsize=\"22\" data-lineheight=\"35.2px\">Contenido Formativo<\/h3>\n<p><strong>Introducci\u00f3n a la desconexi\u00f3n digital<\/strong><\/p>\n<p>El estr\u00e9s: la otra pandemia del siglo XXI<\/p>\n<p>El impacto de las tecnolog\u00edas en el \u00e1mbito empresarial<\/p>\n<p>S\u00edndrome de\u00a0<em>burnout:<\/em>\u00a0tipos y diagn\u00f3stico<\/p>\n<p><strong>Desconexi\u00f3n digital en el trabajo<\/strong><\/p>\n<p>Desconexi\u00f3n digital. El Derecho digital del trabajador en la LOPDGDD<\/p>\n<p>Adicci\u00f3n a la conexi\u00f3n: \u00bfc\u00f3mo superarla con tecnolog\u00eda?<\/p>\n<p>Volver a lo b\u00e1sico: el gran ant\u00eddoto<\/p>\n<h3 class=\"fusion-responsive-typography-calculated\" data-fontsize=\"22\" data-lineheight=\"35.2px\">\u00bfA qui\u00e9n va dirigido?<\/h3>\n<p>A todas aquellas personas que por cualquier motivo, ya sea personal, profesional o empresarial, tienen inquietudes por conocer c\u00f3mo la normativa espa\u00f1ola regula el derecho a la desconexi\u00f3n digital. Tambi\u00e9n, a aquellos profesionales que, por sus responsabilidades directivas o gerenciales, tienen necesidad de conocer cu\u00e1les son las obligaciones de la empresa para el ejercicio del derecho a la desconexi\u00f3n digital de los trabajadores, incluidos los puestos de direcci\u00f3n.<\/p>\n<p>Tambi\u00e9n va dirigido a los aut\u00f3nomos y a las peque\u00f1as y medianas empresas que est\u00e1n abordando el proceso de transformaci\u00f3n digital.<\/p>\n<h3 class=\"fusion-responsive-typography-calculated\" data-fontsize=\"22\" data-lineheight=\"35.2px\">Objetivos<\/h3>\n<ul>\n<li>Conocer las causas y efectos en la salud ocupacional provocados por el impacto de la conectividad en el uso de las tecnolog\u00edas en el \u00e1mbito laboral.<\/li>\n<li>Profundizar en la base jur\u00eddica sobre la que se sustenta la libertad individual del trabajador al acogerse al derecho a la desconexi\u00f3n digital como herramienta legislativa, asegurando con ello el respeto al descanso fuera de los tiempos de trabajo.<\/li>\n<\/ul>\n<h3 class=\"fusion-responsive-typography-calculated\" data-fontsize=\"22\" data-lineheight=\"35.2px\">Otros datos de inter\u00e9s<\/h3>\n<ul>\n<li>Sirve como instrumento de trabajo que permite reflexionar y analizar el uso de la tecnolog\u00eda en el \u00e1mbito laboral y los riesgos que entra\u00f1a la hiperconectividad.<\/li>\n<li>Proporciona pautas para dise\u00f1ar pol\u00edticas internas que garanticen la salud y el bienestar de los empleados en la utilizaci\u00f3n de herramientas y recursos digitales fuera del horario laboral.<\/li>\n<li>Aporta consejos para la desintoxicaci\u00f3n del usuario por la adicci\u00f3n tecnol\u00f3gica y la mejora del tecnoestr\u00e9s y la ansiedad en el \u00e1mbito laboral, caracter\u00edsticos de la era digital.<\/li>\n<li>Destaca los beneficios que proporciona tanto para el empleador como para los empleados disponer de mecanismos que eviten la saturaci\u00f3n del personal por estar siempre conectados al trabajo.<\/li>\n<\/ul>\n","protected":false},"excerpt":{"rendered":"<p>Modalidad: On Line Duraci\u00f3n: 15 Horas Objetivos Conocer las causas y efectos en la salud ocupacional provocados por el impacto de la conectividad en el uso de las tecnolog\u00edas en el \u00e1mbito laboral. Profundizar en la base jur\u00eddica sobre la que se sustenta la libertad&hellip;<\/p>\n","protected":false},"featured_media":2078,"comment_status":"closed","ping_status":"closed","template":"","meta":[],"product_cat":[49],"product_tag":[],"class_list":{"0":"post-1827","1":"product","2":"type-product","3":"status-publish","4":"has-post-thumbnail","6":"product_cat-administracion-y-gestion","8":"first","9":"instock","10":"sale","11":"taxable","12":"shipping-taxable","13":"purchasable","14":"product-type-simple"},"_links":{"self":[{"href":"https:\/\/tienda.gevalia.es\/index.php?rest_route=\/wp\/v2\/product\/1827","targetHints":{"allow":["GET"]}}],"collection":[{"href":"https:\/\/tienda.gevalia.es\/index.php?rest_route=\/wp\/v2\/product"}],"about":[{"href":"https:\/\/tienda.gevalia.es\/index.php?rest_route=\/wp\/v2\/types\/product"}],"replies":[{"embeddable":true,"href":"https:\/\/tienda.gevalia.es\/index.php?rest_route=%2Fwp%2Fv2%2Fcomments&post=1827"}],"wp:featuredmedia":[{"embeddable":true,"href":"https:\/\/tienda.gevalia.es\/index.php?rest_route=\/wp\/v2\/media\/2078"}],"wp:attachment":[{"href":"https:\/\/tienda.gevalia.es\/index.php?rest_route=%2Fwp%2Fv2%2Fmedia&parent=1827"}],"wp:term":[{"taxonomy":"product_cat","embeddable":true,"href":"https:\/\/tienda.gevalia.es\/index.php?rest_route=%2Fwp%2Fv2%2Fproduct_cat&post=1827"},{"taxonomy":"product_tag","embeddable":true,"href":"https:\/\/tienda.gevalia.es\/index.php?rest_route=%2Fwp%2Fv2%2Fproduct_tag&post=1827"}],"curies":[{"name":"wp","href":"https:\/\/api.w.org\/{rel}","templated":true}]}}

Desconexión digital en el trabajo.

<p>Modalidad: On Line<br />
Duración: 15 Horas</p>
<h3 class="fusion-responsive-typography-calculated" data-fontsize="22" data-lineheight="35.2px">Objetivos</h3>
<ul>
<li>Conocer las causas y efectos en la salud ocupacional provocados por el impacto de la conectividad en el uso de las tecnologías en el ámbito laboral.</li>
<li>Profundizar en la base jurídica sobre la que se sustenta la libertad individual del trabajador al acogerse al derecho a la desconexión digital como herramienta legislativa, asegurando con ello el respeto al descanso fuera de los tiempos de trabajo.</li>
</ul>
<h3 class="fusion-responsive-typography-calculated" data-fontsize="22" data-lineheight="35.2px">Contenido Formativo</h3>
<p><strong>Introducción a la desconexión digital</strong></p>
<p>El estrés: la otra pandemia del siglo XXI</p>
<p>El impacto de las tecnologías en el ámbito empresarial</p>
<p>Síndrome de <em>burnout:</em> tipos y diagnóstico</p>
<p><strong>Desconexión digital en el trabajo</strong></p>
<p>Desconexión digital. El Derecho digital del trabajador en la LOPDGDD</p>
<p>Adicción a la conexión: ¿cómo superarla con tecnología?</p>
<p>Volver a lo básico: el gran antídoto</p>
<h3 class="fusion-responsive-typography-calculated" data-fontsize="22" data-lineheight="35.2px">¿A quién va dirigido?</h3>
<p>A todas aquellas personas que por cualquier motivo, ya sea personal, profesional o empresarial, tienen inquietudes por conocer cómo la normativa española regula el derecho a la desconexión digital. También, a aquellos profesionales que, por sus responsabilidades directivas o gerenciales, tienen necesidad de conocer cuáles son las obligaciones de la empresa para el ejercicio del derecho a la desconexión digital de los trabajadores, incluidos los puestos de dirección.</p>
<p>También va dirigido a los autónomos y a las pequeñas y medianas empresas que están abordando el proceso de transformación digital.</p>
<h3 class="fusion-responsive-typography-calculated" data-fontsize="22" data-lineheight="35.2px">Objetivos</h3>
<ul>
<li>Conocer las causas y efectos en la salud ocupacional provocados por el impacto de la conectividad en el uso de las tecnologías en el ámbito laboral.</li>
<li>Profundizar en la base jurídica sobre la que se sustenta la libertad individual del trabajador al acogerse al derecho a la desconexión digital como herramienta legislativa, asegurando con ello el respeto al descanso fuera de los tiempos de trabajo.</li>
</ul>
<h3 class="fusion-responsive-typography-calculated" data-fontsize="22" data-lineheight="35.2px">Otros datos de interés</h3>
<ul>
<li>Sirve como instrumento de trabajo que permite reflexionar y analizar el uso de la tecnología en el ámbito laboral y los riesgos que entraña la hiperconectividad.</li>
<li>Proporciona pautas para diseñar políticas internas que garanticen la salud y el bienestar de los empleados en la utilización de herramientas y recursos digitales fuera del horario laboral.</li>
<li>Aporta consejos para la desintoxicación del usuario por la adicción tecnológica y la mejora del tecnoestrés y la ansiedad en el ámbito laboral, característicos de la era digital.</li>
<li>Destaca los beneficios que proporciona tanto para el empleador como para los empleados disponer de mecanismos que eviten la saturación del personal por estar siempre conectados al trabajo.</li>
</ul>

<p>Modalidad: On Line Duración: 15 Horas Objetivos Conocer las causas y efectos en la salud ocupacional provocados por el impacto de la conectividad en el uso de las tecnologías en el ámbito laboral. Profundizar en la base jurídica sobre la que se sustenta la libertad&hellip;</p>
