{"id":1834,"date":"2022-08-17T12:45:41","date_gmt":"2022-08-17T12:45:41","guid":{"rendered":"https:\/\/tienda.gevalia.es\/?post_type=product&#038;p=1834"},"modified":"2022-08-24T16:44:08","modified_gmt":"2022-08-24T16:44:08","slug":"gestion-de-equipos-de-alto-rendimiento","status":"publish","type":"product","link":"https:\/\/tienda.gevalia.es\/?product=gestion-de-equipos-de-alto-rendimiento","title":{"rendered":"Gesti\u00f3n de equipos de alto rendimiento."},"content":{"rendered":"<p>Modalidad: On Line<br \/>\nDuraci\u00f3n: 30 Horas<\/p>\n<h3 class=\"fusion-responsive-typography-calculated\" data-fontsize=\"22\" data-lineheight=\"35.2px\">Objetivos<\/h3>\n<p>Determinar la importancia del trabajo y la gesti\u00f3n del equipo mediante la diferenciaci\u00f3n de las principales competencias y estrategias para su desarrollo y logro de un alto rendimiento.<br \/>\n&#8211; Reconocer las caracter\u00edsticas de los equipos de alto rendimiento a partir de un proceso de creaci\u00f3n.<br \/>\n&#8211; Formular las competencias necesarias para el desarrollo de un equipo de alto rendimiento, tales como la excelencia, la eficacia o la gesti\u00f3n del talento.<br \/>\n&#8211; Analizar la comunicaci\u00f3n, la construcci\u00f3n de valores, la resoluci\u00f3n de conflictos y la gesti\u00f3n del tiempo como estrategias impulsoras de las competencias necesarias dentro de un equipo de alto rendimiento.<br \/>\n&#8211; Aplicar herramientas efectivas para la creaci\u00f3n de equipos eficientes y eficaces, como el modelo PERFORM, la motivaci\u00f3n y las reuniones significativas.<\/p>\n<h3 class=\"fusion-responsive-typography-calculated\" data-fontsize=\"22\" data-lineheight=\"35.2px\">Contenido Formativo<\/h3>\n<p><strong>Importancia del trabajo en equipo<\/strong><br \/>\nCreaci\u00f3n de equipos<br \/>\nCaracter\u00edsticas de equipos de alto rendimiento<br \/>\nLiderazgo<br \/>\nResumen<\/p>\n<p><strong>Competencias de los equipos de alto rendimiento<\/strong><br \/>\nB\u00fasqueda de la excelencia<br \/>\nGesti\u00f3n del talento<br \/>\nEficacia y eficiencia<br \/>\nCompromiso e innovaci\u00f3n<br \/>\nResumen<\/p>\n<p><strong>Estrategias para el desarrollo de competencias<\/strong><br \/>\nComunicaci\u00f3n<br \/>\nConstruyendo valores<br \/>\nResoluci\u00f3n de conflictos<br \/>\nGesti\u00f3n del tiempo<br \/>\nResumen<\/p>\n<p><strong>Herramientas necesarias en equipos eficaces y eficientes<\/strong><br \/>\nModelo PERFORM<br \/>\nT\u00e9cnicas de motivaci\u00f3n y cohesi\u00f3n<br \/>\nReuniones eficaces<br \/>\nResumen<\/p>\n<h3 class=\"fusion-responsive-typography-calculated\" data-fontsize=\"22\" data-lineheight=\"35.2px\">\u00bfA qui\u00e9n va dirigido?<\/h3>\n<p>A todas aquellas personas que trabajen en equipo y quieran mejorar la cohesi\u00f3n, la coordinaci\u00f3n y la integraci\u00f3n de sus miembros, con el fin de alcanzar los resultados previstos.<\/p>\n<h3 class=\"fusion-responsive-typography-calculated\" data-fontsize=\"22\" data-lineheight=\"35.2px\">\u00bfPara qu\u00e9 te capacita?<\/h3>\n<p>Para aprender c\u00f3mo liderar un equipo de trabajo para conseguir la motivaci\u00f3n y la unidad necesarias que lo conduzcan a la excelencia.<\/p>\n<h3 class=\"fusion-responsive-typography-calculated\" data-fontsize=\"22\" data-lineheight=\"35.2px\">Otros datos de inter\u00e9s<\/h3>\n<p>&#8211; La gesti\u00f3n de los equipos de alto rendimiento requiere, entre otros aspectos, saber enfrentarse a los distintos retos y conflictos que continuamente se producen entre sus miembros. Por lo tanto, este curso tambi\u00e9n te ayudar\u00e1 a:<br \/>\n&#8211; Seleccionar aquellos perfiles m\u00e1s adecuados para los puestos de la organizaci\u00f3n.<br \/>\n&#8211; Implementar un estilo de liderazgo orientado a resultados y centrado en las personas.<br \/>\n&#8211; Aumentar la eficacia de la organizaci\u00f3n, focalizando los equipos hacia objetivos comunes.<br \/>\n&#8211; Elaborar un diagn\u00f3stico completo del equipo y su correspondiente plan de mejora.<br \/>\n&#8211; El contenido se presenta en base a situaciones que se producen en la vida diaria, a las que hay que enfrentarse y solucionar, por lo que se puede ver la aplicaci\u00f3n pr\u00e1ctica del contenido.<br \/>\n&#8211; Se presentan recursos muy atractivos para el alumnado, en distintos formatos, como son simulaciones de situaciones reales, esquemas, infograf\u00edas\u2026<br \/>\n&#8211; Se narra el contenido mediante audios, pero pudiendo ver visualmente en pantalla en todo momento de lo que se est\u00e1 hablando a trav\u00e9s de esquemas, infograf\u00edas, mapas conceptuales u otros recursos.<br \/>\n&#8211; Se definen t\u00e9rminos espec\u00edficos relacionados con la tem\u00e1tica.<br \/>\n&#8211; Se incluyen distintos recursos complementarios para poder profundizar en el contenido y actividades para ponerlo en pr\u00e1ctica.<br \/>\n&#8211; Se incluyen preguntas de autoevaluaci\u00f3n que ayudar\u00e1n a aumentar la compresi\u00f3n del texto y facilitar su asimilaci\u00f3n.<\/p>\n","protected":false},"excerpt":{"rendered":"<p>Modalidad: On Line Duraci\u00f3n: 30 Horas Objetivos Determinar la importancia del trabajo y la gesti\u00f3n del equipo mediante la diferenciaci\u00f3n de las principales competencias y estrategias para su desarrollo y logro de un alto rendimiento. &#8211; Reconocer las caracter\u00edsticas de los equipos de alto rendimiento&hellip;<\/p>\n","protected":false},"featured_media":2093,"comment_status":"closed","ping_status":"closed","template":"","meta":[],"product_cat":[49],"product_tag":[],"class_list":{"0":"post-1834","1":"product","2":"type-product","3":"status-publish","4":"has-post-thumbnail","6":"product_cat-administracion-y-gestion","8":"first","9":"instock","10":"sale","11":"taxable","12":"shipping-taxable","13":"purchasable","14":"product-type-simple"},"_links":{"self":[{"href":"https:\/\/tienda.gevalia.es\/index.php?rest_route=\/wp\/v2\/product\/1834","targetHints":{"allow":["GET"]}}],"collection":[{"href":"https:\/\/tienda.gevalia.es\/index.php?rest_route=\/wp\/v2\/product"}],"about":[{"href":"https:\/\/tienda.gevalia.es\/index.php?rest_route=\/wp\/v2\/types\/product"}],"replies":[{"embeddable":true,"href":"https:\/\/tienda.gevalia.es\/index.php?rest_route=%2Fwp%2Fv2%2Fcomments&post=1834"}],"wp:featuredmedia":[{"embeddable":true,"href":"https:\/\/tienda.gevalia.es\/index.php?rest_route=\/wp\/v2\/media\/2093"}],"wp:attachment":[{"href":"https:\/\/tienda.gevalia.es\/index.php?rest_route=%2Fwp%2Fv2%2Fmedia&parent=1834"}],"wp:term":[{"taxonomy":"product_cat","embeddable":true,"href":"https:\/\/tienda.gevalia.es\/index.php?rest_route=%2Fwp%2Fv2%2Fproduct_cat&post=1834"},{"taxonomy":"product_tag","embeddable":true,"href":"https:\/\/tienda.gevalia.es\/index.php?rest_route=%2Fwp%2Fv2%2Fproduct_tag&post=1834"}],"curies":[{"name":"wp","href":"https:\/\/api.w.org\/{rel}","templated":true}]}}