{"id":1835,"date":"2022-08-17T12:45:41","date_gmt":"2022-08-17T12:45:41","guid":{"rendered":"https:\/\/tienda.gevalia.es\/?post_type=product&#038;p=1835"},"modified":"2022-08-24T16:52:35","modified_gmt":"2022-08-24T16:52:35","slug":"gestion-de-instalaciones-deportivas","status":"publish","type":"product","link":"https:\/\/tienda.gevalia.es\/?product=gestion-de-instalaciones-deportivas","title":{"rendered":"Gesti\u00f3n de instalaciones deportivas."},"content":{"rendered":"<p>Modalidad: On Line<br \/>\nDuraci\u00f3n: 45 Horas<\/p>\n<h3 class=\"fusion-responsive-typography-calculated\" data-fontsize=\"22\" data-lineheight=\"35.2px\">Objetivos<\/h3>\n<p>&#8211; Adquirir las habilidades y competencias para la gesti\u00f3n eficaz de una instalaci\u00f3n deportiva.<br \/>\n&#8211; Conocer la situaci\u00f3n actual del deporte en Espa\u00f1a.<br \/>\n&#8211; Saber interpretar la Ley Estatal del Deporte.<br \/>\n&#8211; Conocer qu\u00e9 es la gesti\u00f3n deportiva y todos sus elementos.<\/p>\n<h3 class=\"fusion-responsive-typography-calculated\" data-fontsize=\"22\" data-lineheight=\"35.2px\">Contenido Formativo<\/h3>\n<p><strong>Situaci\u00f3n actual del deporte<\/strong><br \/>\nEl deporte en la actualidad:<br \/>\nNuevas tendencias.<br \/>\nCaracter\u00edsticas y progreso del deporte en la actualidad.<br \/>\nLas v\u00edas del deporte.<br \/>\nConexi\u00f3n entre las v\u00edas del deporte.<br \/>\nEl inter\u00e9s ciudadano por el deporte:<br \/>\nEncuesta de H\u00e1bitos Deportivos en Espa\u00f1a de 2015.<br \/>\nAnuario de Estad\u00edsticas Deportivas de 2018.<br \/>\nTiempo de ocio y tiempo de deporte.<br \/>\nLa Carta Verde del Deporte.<br \/>\nLa instalaci\u00f3n deportiva en base al censo nacional:<br \/>\nCenso de instalaciones deportivas en diferentes comunidades aut\u00f3nomas.<br \/>\nPrincipales conceptos.<br \/>\nDatos y resultados del censo.<\/p>\n<p><strong>Legislaci\u00f3n en materia deportiva<\/strong><br \/>\nLey Estatal del Deporte:<br \/>\nIntroducci\u00f3n.<br \/>\nPrincipios generales.<br \/>\nEl Consejo Superior de Deportes.<br \/>\nLas asociaciones deportivas:<br \/>\nLos clubes deportivos.<br \/>\nFederaciones deportivas espa\u00f1olas.<br \/>\nLigas profesionales.<br \/>\nEntes de promoci\u00f3n deportiva.<br \/>\nLas competiciones.<br \/>\nEl Comit\u00e9 Ol\u00edmpico y el Comit\u00e9 Paral\u00edmpico espa\u00f1oles.<br \/>\nEl deporte de alto nivel.<br \/>\nInvestigaci\u00f3n y ense\u00f1anzas deportivas.<br \/>\nControl de las sustancias y m\u00e9todos prohibidos en el deporte.<br \/>\nPrevenci\u00f3n de la violencia en los espect\u00e1culos deportivos.<br \/>\nInstalaciones deportivas.<br \/>\nLa disciplina deportiva.<br \/>\nAsamblea General del Deporte.<br \/>\nConciliaci\u00f3n extrajudicial en el deporte.<br \/>\nNueva ley del deporte.<\/p>\n<p><strong>Gesti\u00f3n deportiva<\/strong><br \/>\nLa planificaci\u00f3n deportiva.<br \/>\nPlanificaci\u00f3n y dise\u00f1o de una instalaci\u00f3n deportiva:<br \/>\nProceso de planificaci\u00f3n de los equipamientos.<br \/>\nCorrecto dise\u00f1o de los equipamientos.<br \/>\nPrincipios rectores en la gesti\u00f3n deportiva.<br \/>\nLa infraestructura deportiva.<br \/>\nPlanificaci\u00f3n en la gesti\u00f3n deportiva municipal.<br \/>\nDecreto de piscinas.<\/p>\n<h3 class=\"fusion-responsive-typography-calculated\" data-fontsize=\"22\" data-lineheight=\"35.2px\">\u00bfA qui\u00e9n va dirigido?<\/h3>\n<p>A cualquier persona con la necesidad de conocer, desarrollar y utilizar todos los elementos que conforman la gesti\u00f3n en instalaciones y espacios deportivos.<\/p>\n<h3 class=\"fusion-responsive-typography-calculated\" data-fontsize=\"22\" data-lineheight=\"35.2px\">\u00bfPara qu\u00e9 te capacita?<\/h3>\n<p>Para desarrollar y poner en pr\u00e1ctica la gesti\u00f3n de instalaciones deportivas.<\/p>\n<h3 class=\"fusion-responsive-typography-calculated\" data-fontsize=\"22\" data-lineheight=\"35.2px\">Otros datos de inter\u00e9s<\/h3>\n<p>&#8211;\u00a0Diferenciar las caracter\u00edsticas del deporte en la actualidad.<br \/>\n&#8211;\u00a0Desarrollar las v\u00edas del deporte que existen.<br \/>\n&#8211;\u00a0Distinguir los diferentes espacios deportivos.<br \/>\n&#8211;\u00a0Profundizar en el inter\u00e9s del ciudadano por el deporte a trav\u00e9s de las encuestas.<br \/>\n&#8211;\u00a0Conocer la Carta Verde del Deporte Espa\u00f1ol.<br \/>\n&#8211;\u00a0Identificar las instituciones del sector p\u00fablico y privado.<br \/>\n&#8211;\u00a0Conocer las funciones del Consejo Superior de Deportes.<br \/>\n&#8211;\u00a0Saber diferenciar las diferentes asociaciones deportivas que existen.<br \/>\n&#8211;\u00a0Conocer los tipos de competiciones que hay.<br \/>\n&#8211;\u00a0Interpretar las leyes Antidopaje y Antiviolencia.<br \/>\n&#8211;\u00a0Entender qu\u00e9 es la disciplina deportiva.<br \/>\n&#8211;\u00a0Conocer y diferenciar situaciones de conciliaci\u00f3n extrajudicial en el deporte.<br \/>\n&#8211;\u00a0Diferenciar los diferentes elementos de la planificaci\u00f3n deportiva.<br \/>\n&#8211;\u00a0Saber realizar los pasos adecuados para el dise\u00f1o de una instalaci\u00f3n deportiva.<br \/>\n&#8211;\u00a0Conocer y analizar la infraestructura deportiva.<br \/>\n&#8211;\u00a0Entender y poner en pr\u00e1ctica la planificaci\u00f3n deportiva municipal.<br \/>\n&#8211;\u00a0Interpretar el decreto de piscinas.<\/p>\n","protected":false},"excerpt":{"rendered":"<p>Modalidad: On Line Duraci\u00f3n: 45 Horas Objetivos &#8211; Adquirir las habilidades y competencias para la gesti\u00f3n eficaz de una instalaci\u00f3n deportiva. &#8211; Conocer la situaci\u00f3n actual del deporte en Espa\u00f1a. &#8211; Saber interpretar la Ley Estatal del Deporte. &#8211; Conocer qu\u00e9 es la gesti\u00f3n deportiva&hellip;<\/p>\n","protected":false},"featured_media":2095,"comment_status":"closed","ping_status":"closed","template":"","meta":[],"product_cat":[49],"product_tag":[],"class_list":{"0":"post-1835","1":"product","2":"type-product","3":"status-publish","4":"has-post-thumbnail","6":"product_cat-administracion-y-gestion","8":"first","9":"instock","10":"sale","11":"taxable","12":"shipping-taxable","13":"purchasable","14":"product-type-simple"},"_links":{"self":[{"href":"https:\/\/tienda.gevalia.es\/index.php?rest_route=\/wp\/v2\/product\/1835","targetHints":{"allow":["GET"]}}],"collection":[{"href":"https:\/\/tienda.gevalia.es\/index.php?rest_route=\/wp\/v2\/product"}],"about":[{"href":"https:\/\/tienda.gevalia.es\/index.php?rest_route=\/wp\/v2\/types\/product"}],"replies":[{"embeddable":true,"href":"https:\/\/tienda.gevalia.es\/index.php?rest_route=%2Fwp%2Fv2%2Fcomments&post=1835"}],"wp:featuredmedia":[{"embeddable":true,"href":"https:\/\/tienda.gevalia.es\/index.php?rest_route=\/wp\/v2\/media\/2095"}],"wp:attachment":[{"href":"https:\/\/tienda.gevalia.es\/index.php?rest_route=%2Fwp%2Fv2%2Fmedia&parent=1835"}],"wp:term":[{"taxonomy":"product_cat","embeddable":true,"href":"https:\/\/tienda.gevalia.es\/index.php?rest_route=%2Fwp%2Fv2%2Fproduct_cat&post=1835"},{"taxonomy":"product_tag","embeddable":true,"href":"https:\/\/tienda.gevalia.es\/index.php?rest_route=%2Fwp%2Fv2%2Fproduct_tag&post=1835"}],"curies":[{"name":"wp","href":"https:\/\/api.w.org\/{rel}","templated":true}]}}