{"id":1836,"date":"2022-08-17T12:45:41","date_gmt":"2022-08-17T12:45:41","guid":{"rendered":"https:\/\/tienda.gevalia.es\/?post_type=product&#038;p=1836"},"modified":"2022-08-24T17:00:28","modified_gmt":"2022-08-24T17:00:28","slug":"gestion-de-uno-mismo","status":"publish","type":"product","link":"https:\/\/tienda.gevalia.es\/?product=gestion-de-uno-mismo","title":{"rendered":"Gesti\u00f3n de uno mismo."},"content":{"rendered":"<p>Modalidad: On Line<br \/>\nDuraci\u00f3n: 30 Horas.<\/p>\n<h3 class=\"fusion-responsive-typography-calculated\" data-fontsize=\"22\" data-lineheight=\"35.2px\">Objetivos<\/h3>\n<p>Autogestionarse de forma efectiva para el logro de metas y el buen manejo de la toma de decisiones, que permitan enfrentarse adecuadamente a la resoluci\u00f3n de problemas, tanto en el \u00e1mbito personal como profesional.<br \/>\n&#8211; Analizar los aspectos esenciales en la gesti\u00f3n de uno mismo para alcanzar el logro de los objetivos propuestos y, por tanto, el desarrollo profesional.<br \/>\n&#8211; Recurrir a la gesti\u00f3n emocional como herramienta clave para la gesti\u00f3n de uno mismo.<br \/>\n&#8211; Desarrollar la automotivaci\u00f3n, a nivel personal y profesional, para realizar una buena gesti\u00f3n de uno mismo en el \u00e1mbito laboral.<br \/>\n&#8211; Desarrollar la gesti\u00f3n integral de uno mismo como proceso clave para afrontar la toma de decisiones.<\/p>\n<h3 class=\"fusion-responsive-typography-calculated\" data-fontsize=\"22\" data-lineheight=\"35.2px\">Contenido Formativo<\/h3>\n<p><strong>Gesti\u00f3n de uno mismo para el logro<\/strong><br \/>\n\u00bfQu\u00e9 significa la gesti\u00f3n de uno mismo?<br \/>\nClaves para la gesti\u00f3n de uno mismo: fortalezas.<br \/>\nImportancia de la gesti\u00f3n de uno mismo en el management moderno.<br \/>\nGesti\u00f3n de uno mismo para la comunicaci\u00f3n efectiva en equipo.<\/p>\n<p><strong>Gesti\u00f3n de las emociones<\/strong><br \/>\nCompetencias emocionales personales.<br \/>\nLa organizaci\u00f3n como entorno emocional.<br \/>\nC\u00f3mo afrontar situaciones de crisis y estr\u00e9s: autocontrol.<br \/>\nManejo de emociones controvertidas.<\/p>\n<p><strong>Gesti\u00f3n de la automotivaci\u00f3n<\/strong><br \/>\n\u00bfQu\u00e9 es la automotivaci\u00f3n?<br \/>\nFactores que inciden en la automotivaci\u00f3n laboral.<br \/>\nLa fijaci\u00f3n de metas individuales y colectivas.<br \/>\nAutomotivaci\u00f3n para mejorar la autoestima.<\/p>\n<p><strong>Toma de decisiones<\/strong><br \/>\nEl proceso de toma de decisiones.<br \/>\n\u00bfC\u00f3mo procesamos la informaci\u00f3n para decidir?<br \/>\nGesti\u00f3n integral para la toma de decisiones.<br \/>\nCreatividad y resoluci\u00f3n creativa de problemas.<\/p>\n<h3 class=\"fusion-responsive-typography-calculated\" data-fontsize=\"22\" data-lineheight=\"35.2px\">\u00bfA qui\u00e9n va dirigido?<\/h3>\n<p>A todas aquellas personas que quieran aprender a autogestionarse para acercarse de manera m\u00e1s efectiva al logro de sus metas.<\/p>\n<h3 class=\"fusion-responsive-typography-calculated\" data-fontsize=\"22\" data-lineheight=\"35.2px\">\u00bfPara qu\u00e9 te capacita?<\/h3>\n<p>Para aprender a gestionarse uno mismo en diferentes aspectos: emociones, motivaci\u00f3n, tiempo o toma de decisiones; y de este modo evitar reacciones negativas que puedan provocar emociones como miedos, ansiedad, estr\u00e9s, etc.<\/p>\n<h3 class=\"fusion-responsive-typography-calculated\" data-fontsize=\"22\" data-lineheight=\"35.2px\">Otros datos de inter\u00e9s<\/h3>\n<p>&#8211; La gesti\u00f3n de uno mismo conlleva el desarrollo de otras capacidades. Por lo tanto, este curso tambi\u00e9n te ayudar\u00e1 a:<\/p>\n<ul>\n<li>Desarrollar las habilidades de comunicaci\u00f3n como herramienta esencial para la gesti\u00f3n de uno mismo.<\/li>\n<li>Desarrollar el autocontrol para afrontar situaciones de crisis.<\/li>\n<li>Desarrollar la automotivaci\u00f3n y la autoestima.<\/li>\n<li>Mejorar la gesti\u00f3n del tiempo.<\/li>\n<li>Afrontar la toma de decisiones aplicando el pensamiento creativo.<\/li>\n<\/ul>\n<p>&#8211; El contenido se presenta en base a situaciones que se producen en la vida diaria, a las que hay que enfrentarse y solucionar, por lo que se puede ver la aplicaci\u00f3n pr\u00e1ctica del contenido.<br \/>\n&#8211; Se presentan recursos muy atractivos para el alumnado, en distintos formatos, como son simulaciones de situaciones reales, esquemas, infograf\u00edas\u2026<br \/>\n&#8211; Se narra el contenido mediante audios, pero pudiendo ver visualmente en pantalla en todo momento de lo que se est\u00e1 hablando a trav\u00e9s de esquemas, infograf\u00edas, mapas conceptuales u otros recursos.<br \/>\n&#8211; Se definen t\u00e9rminos espec\u00edficos relacionados con la tem\u00e1tica.<br \/>\n&#8211; Se incluyen distintos recursos complementarios para poder profundizar en el contenido y actividades para ponerlo en pr\u00e1ctica.<br \/>\n&#8211; Se incluyen preguntas de autoevaluaci\u00f3n que ayudar\u00e1n a aumentar la compresi\u00f3n del texto y facilitar su asimilaci\u00f3n.<\/p>\n","protected":false},"excerpt":{"rendered":"<p>Modalidad: On Line Duraci\u00f3n: 30 Horas. Objetivos Autogestionarse de forma efectiva para el logro de metas y el buen manejo de la toma de decisiones, que permitan enfrentarse adecuadamente a la resoluci\u00f3n de problemas, tanto en el \u00e1mbito personal como profesional. &#8211; Analizar los aspectos&hellip;<\/p>\n","protected":false},"featured_media":2097,"comment_status":"closed","ping_status":"closed","template":"","meta":[],"product_cat":[49],"product_tag":[],"class_list":{"0":"post-1836","1":"product","2":"type-product","3":"status-publish","4":"has-post-thumbnail","6":"product_cat-administracion-y-gestion","8":"first","9":"instock","10":"sale","11":"taxable","12":"shipping-taxable","13":"purchasable","14":"product-type-simple"},"_links":{"self":[{"href":"https:\/\/tienda.gevalia.es\/index.php?rest_route=\/wp\/v2\/product\/1836","targetHints":{"allow":["GET"]}}],"collection":[{"href":"https:\/\/tienda.gevalia.es\/index.php?rest_route=\/wp\/v2\/product"}],"about":[{"href":"https:\/\/tienda.gevalia.es\/index.php?rest_route=\/wp\/v2\/types\/product"}],"replies":[{"embeddable":true,"href":"https:\/\/tienda.gevalia.es\/index.php?rest_route=%2Fwp%2Fv2%2Fcomments&post=1836"}],"wp:featuredmedia":[{"embeddable":true,"href":"https:\/\/tienda.gevalia.es\/index.php?rest_route=\/wp\/v2\/media\/2097"}],"wp:attachment":[{"href":"https:\/\/tienda.gevalia.es\/index.php?rest_route=%2Fwp%2Fv2%2Fmedia&parent=1836"}],"wp:term":[{"taxonomy":"product_cat","embeddable":true,"href":"https:\/\/tienda.gevalia.es\/index.php?rest_route=%2Fwp%2Fv2%2Fproduct_cat&post=1836"},{"taxonomy":"product_tag","embeddable":true,"href":"https:\/\/tienda.gevalia.es\/index.php?rest_route=%2Fwp%2Fv2%2Fproduct_tag&post=1836"}],"curies":[{"name":"wp","href":"https:\/\/api.w.org\/{rel}","templated":true}]}}

Gestión de uno mismo.

<p>Modalidad: On Line<br />
Duración: 30 Horas.</p>
<h3 class="fusion-responsive-typography-calculated" data-fontsize="22" data-lineheight="35.2px">Objetivos</h3>
<p>Autogestionarse de forma efectiva para el logro de metas y el buen manejo de la toma de decisiones, que permitan enfrentarse adecuadamente a la resolución de problemas, tanto en el ámbito personal como profesional.<br />
&#8211; Analizar los aspectos esenciales en la gestión de uno mismo para alcanzar el logro de los objetivos propuestos y, por tanto, el desarrollo profesional.<br />
&#8211; Recurrir a la gestión emocional como herramienta clave para la gestión de uno mismo.<br />
&#8211; Desarrollar la automotivación, a nivel personal y profesional, para realizar una buena gestión de uno mismo en el ámbito laboral.<br />
&#8211; Desarrollar la gestión integral de uno mismo como proceso clave para afrontar la toma de decisiones.</p>
<h3 class="fusion-responsive-typography-calculated" data-fontsize="22" data-lineheight="35.2px">Contenido Formativo</h3>
<p><strong>Gestión de uno mismo para el logro</strong><br />
¿Qué significa la gestión de uno mismo?<br />
Claves para la gestión de uno mismo: fortalezas.<br />
Importancia de la gestión de uno mismo en el management moderno.<br />
Gestión de uno mismo para la comunicación efectiva en equipo.</p>
<p><strong>Gestión de las emociones</strong><br />
Competencias emocionales personales.<br />
La organización como entorno emocional.<br />
Cómo afrontar situaciones de crisis y estrés: autocontrol.<br />
Manejo de emociones controvertidas.</p>
<p><strong>Gestión de la automotivación</strong><br />
¿Qué es la automotivación?<br />
Factores que inciden en la automotivación laboral.<br />
La fijación de metas individuales y colectivas.<br />
Automotivación para mejorar la autoestima.</p>
<p><strong>Toma de decisiones</strong><br />
El proceso de toma de decisiones.<br />
¿Cómo procesamos la información para decidir?<br />
Gestión integral para la toma de decisiones.<br />
Creatividad y resolución creativa de problemas.</p>
<h3 class="fusion-responsive-typography-calculated" data-fontsize="22" data-lineheight="35.2px">¿A quién va dirigido?</h3>
<p>A todas aquellas personas que quieran aprender a autogestionarse para acercarse de manera más efectiva al logro de sus metas.</p>
<h3 class="fusion-responsive-typography-calculated" data-fontsize="22" data-lineheight="35.2px">¿Para qué te capacita?</h3>
<p>Para aprender a gestionarse uno mismo en diferentes aspectos: emociones, motivación, tiempo o toma de decisiones; y de este modo evitar reacciones negativas que puedan provocar emociones como miedos, ansiedad, estrés, etc.</p>
<h3 class="fusion-responsive-typography-calculated" data-fontsize="22" data-lineheight="35.2px">Otros datos de interés</h3>
<p>&#8211; La gestión de uno mismo conlleva el desarrollo de otras capacidades. Por lo tanto, este curso también te ayudará a:</p>
<ul>
<li>Desarrollar las habilidades de comunicación como herramienta esencial para la gestión de uno mismo.</li>
<li>Desarrollar el autocontrol para afrontar situaciones de crisis.</li>
<li>Desarrollar la automotivación y la autoestima.</li>
<li>Mejorar la gestión del tiempo.</li>
<li>Afrontar la toma de decisiones aplicando el pensamiento creativo.</li>
</ul>
<p>&#8211; El contenido se presenta en base a situaciones que se producen en la vida diaria, a las que hay que enfrentarse y solucionar, por lo que se puede ver la aplicación práctica del contenido.<br />
&#8211; Se presentan recursos muy atractivos para el alumnado, en distintos formatos, como son simulaciones de situaciones reales, esquemas, infografías…<br />
&#8211; Se narra el contenido mediante audios, pero pudiendo ver visualmente en pantalla en todo momento de lo que se está hablando a través de esquemas, infografías, mapas conceptuales u otros recursos.<br />
&#8211; Se definen términos específicos relacionados con la temática.<br />
&#8211; Se incluyen distintos recursos complementarios para poder profundizar en el contenido y actividades para ponerlo en práctica.<br />
&#8211; Se incluyen preguntas de autoevaluación que ayudarán a aumentar la compresión del texto y facilitar su asimilación.</p>

<p>Modalidad: On Line Duración: 30 Horas. Objetivos Autogestionarse de forma efectiva para el logro de metas y el buen manejo de la toma de decisiones, que permitan enfrentarse adecuadamente a la resolución de problemas, tanto en el ámbito personal como profesional. &#8211; Analizar los aspectos&hellip;</p>
