{"id":1847,"date":"2022-08-17T12:45:49","date_gmt":"2022-08-17T12:45:49","guid":{"rendered":"https:\/\/tienda.gevalia.es\/?post_type=product&#038;p=1847"},"modified":"2022-08-24T18:21:06","modified_gmt":"2022-08-24T18:21:06","slug":"organizacion-y-planificacion-flujograma-de-procesos","status":"publish","type":"product","link":"https:\/\/tienda.gevalia.es\/?product=organizacion-y-planificacion-flujograma-de-procesos","title":{"rendered":"Organizaci\u00f3n y planificaci\u00f3n: flujograma de procesos."},"content":{"rendered":"<p>Modalidad: On Line<br \/>\nDuraci\u00f3n: 30 Horas.<\/p>\n<h3 class=\"fusion-responsive-typography-calculated\" data-fontsize=\"22\" data-lineheight=\"35.2px\">Objetivos<\/h3>\n<p>&#8211; Analizar los elementos presentes en la organizaci\u00f3n y planificaci\u00f3n empresarial, sus procesos de cambio e interpretaci\u00f3n y utilizaci\u00f3n del flujograma de procesos como herramienta de gran potencial.<br \/>\n&#8211; Definir los elementos determinantes en la organizaci\u00f3n y planificaci\u00f3n de una empresa, desde las necesidades y demandas del cliente hasta la consecuci\u00f3n de la m\u00e1xima productividad.<br \/>\n&#8211; Identificar dentro del proceso de cambio los diferentes espacios en los que tiene cabida el flujograma de procesos para una adecuada organizaci\u00f3n y planificaci\u00f3n.<br \/>\n&#8211; Se\u00f1alar los componentes b\u00e1sicos del flujograma de procesos, sus objetivos, tipos y principales pasos para la elaboraci\u00f3n del mismo.<\/p>\n<h3 class=\"fusion-responsive-typography-calculated\" data-fontsize=\"22\" data-lineheight=\"35.2px\">Contenido Formativo<\/h3>\n<p><strong>Introducci\u00f3n a la organizaci\u00f3n y la planificaci\u00f3n<\/strong><br \/>\nEntorno empresarial actual<br \/>\nExpectativas del consumidor y el cliente<br \/>\nEstablecer objetivos<br \/>\nPlanificaci\u00f3n, organizaci\u00f3n y competitividad<br \/>\nPol\u00edtica de servicio<br \/>\nProductividad y eficiencia<br \/>\nResumen<\/p>\n<p><strong>Procesos de cambio<\/strong><br \/>\nDetecci\u00f3n de necesidades<br \/>\nReingenier\u00eda<br \/>\nGesti\u00f3n de la calidad<br \/>\nResumen<\/p>\n<p><strong>Flujograma de procesos<\/strong><br \/>\nObjetivos de un flujograma<br \/>\nTipos de flujogramas<br \/>\nS\u00edmbolos utilizados en la construcci\u00f3n de flujogramas<br \/>\nElaborar un flujograma<br \/>\nErrores frecuentes<br \/>\nResumen<\/p>\n<h3 class=\"fusion-responsive-typography-calculated\" data-fontsize=\"22\" data-lineheight=\"35.2px\">\u00bfA qui\u00e9n va dirigido?<\/h3>\n<p>A aquellas personas que quieran potenciar la capacidad organizativa de las personas en el desempe\u00f1o de su actividad laboral, aumentando su productividad y la calidad del trabajo.<\/p>\n<h3 class=\"fusion-responsive-typography-calculated\" data-fontsize=\"22\" data-lineheight=\"35.2px\">\u00bfPara qu\u00e9 te capacita?<\/h3>\n<p>Para aprender a diagnosticar, definir, dise\u00f1ar e implantar soluciones y mejoras a los procesos de trabajo que tienen lugar dentro de una organizaci\u00f3n.<\/p>\n<h3 class=\"fusion-responsive-typography-calculated\" data-fontsize=\"22\" data-lineheight=\"35.2px\">Otros datos de inter\u00e9s<\/h3>\n<p>&#8211; Planificar, organizar y gestionar las tareas y equipos de trabajo de una empresa puede significar un importante incremento en la productividad de la misma. Por tanto, este curso tambi\u00e9n te ayudar\u00e1 a:<br \/>\n&#8211; Centrar los esfuerzos de los miembros del equipo en la consecuci\u00f3n de los objetivos establecidos.<br \/>\n&#8211; Involucrar al equipo mediantes compromisos individuales capaces de abordar los desaf\u00edos.<br \/>\n&#8211; Llevar a cabo una organizaci\u00f3n m\u00e1s eficaz y efectiva.<br \/>\n&#8211; El contenido se presenta en base a situaciones que se producen en la vida diaria, a las que hay que enfrentarse y solucionar, por lo que se puede ver la aplicaci\u00f3n pr\u00e1ctica del contenido.<br \/>\n&#8211; Se presentan recursos muy atractivos para el alumnado, en distintos formatos, como son simulaciones de situaciones reales, esquemas, infograf\u00edas\u2026<br \/>\n&#8211; Se narra el contenido mediante audios, pero pudiendo ver visualmente en pantalla en todo momento de lo que se est\u00e1 hablando a trav\u00e9s de esquemas, infograf\u00edas, mapas conceptuales u otros recursos.<br \/>\n&#8211; Se definen t\u00e9rminos espec\u00edficos relacionados con la tem\u00e1tica.<br \/>\n&#8211; Se incluyen distintos recursos complementarios para poder profundizar en el contenido y actividades para ponerlo en pr\u00e1ctica.<br \/>\n&#8211; Se incluyen preguntas de autoevaluaci\u00f3n que ayudar\u00e1n a aumentar la compresi\u00f3n del texto y facilitar su asimilaci\u00f3n.<\/p>\n<p>&nbsp;<\/p>\n","protected":false},"excerpt":{"rendered":"<p>Modalidad: On Line Duraci\u00f3n: 30 Horas. Objetivos &#8211; Analizar los elementos presentes en la organizaci\u00f3n y planificaci\u00f3n empresarial, sus procesos de cambio e interpretaci\u00f3n y utilizaci\u00f3n del flujograma de procesos como herramienta de gran potencial. &#8211; Definir los elementos determinantes en la organizaci\u00f3n y planificaci\u00f3n&hellip;<\/p>\n","protected":false},"featured_media":2119,"comment_status":"closed","ping_status":"closed","template":"","meta":[],"product_cat":[49],"product_tag":[],"class_list":{"0":"post-1847","1":"product","2":"type-product","3":"status-publish","4":"has-post-thumbnail","6":"product_cat-administracion-y-gestion","8":"first","9":"instock","10":"sale","11":"taxable","12":"shipping-taxable","13":"purchasable","14":"product-type-simple"},"_links":{"self":[{"href":"https:\/\/tienda.gevalia.es\/index.php?rest_route=\/wp\/v2\/product\/1847","targetHints":{"allow":["GET"]}}],"collection":[{"href":"https:\/\/tienda.gevalia.es\/index.php?rest_route=\/wp\/v2\/product"}],"about":[{"href":"https:\/\/tienda.gevalia.es\/index.php?rest_route=\/wp\/v2\/types\/product"}],"replies":[{"embeddable":true,"href":"https:\/\/tienda.gevalia.es\/index.php?rest_route=%2Fwp%2Fv2%2Fcomments&post=1847"}],"wp:featuredmedia":[{"embeddable":true,"href":"https:\/\/tienda.gevalia.es\/index.php?rest_route=\/wp\/v2\/media\/2119"}],"wp:attachment":[{"href":"https:\/\/tienda.gevalia.es\/index.php?rest_route=%2Fwp%2Fv2%2Fmedia&parent=1847"}],"wp:term":[{"taxonomy":"product_cat","embeddable":true,"href":"https:\/\/tienda.gevalia.es\/index.php?rest_route=%2Fwp%2Fv2%2Fproduct_cat&post=1847"},{"taxonomy":"product_tag","embeddable":true,"href":"https:\/\/tienda.gevalia.es\/index.php?rest_route=%2Fwp%2Fv2%2Fproduct_tag&post=1847"}],"curies":[{"name":"wp","href":"https:\/\/api.w.org\/{rel}","templated":true}]}}