{"id":1852,"date":"2022-08-17T12:45:50","date_gmt":"2022-08-17T12:45:50","guid":{"rendered":"https:\/\/tienda.gevalia.es\/?post_type=product&#038;p=1852"},"modified":"2022-09-01T10:10:53","modified_gmt":"2022-09-01T10:10:53","slug":"tecnicas-de-recepcion-y-comunicacion","status":"publish","type":"product","link":"https:\/\/tienda.gevalia.es\/?product=tecnicas-de-recepcion-y-comunicacion","title":{"rendered":"T\u00e9cnicas de recepci\u00f3n y comunicaci\u00f3n."},"content":{"rendered":"<p>Modalidad: On Line<br \/>\nDuraci\u00f3n: 90 Horas<\/p>\n<h3 class=\"fusion-responsive-typography-calculated\" data-fontsize=\"22\" data-lineheight=\"35.2px\">Objetivos<\/h3>\n<p>&#8211; Identificar la estructura funcional de organizaciones tipo y de la Administraci\u00f3n P\u00fablica, distinguiendo los flujos de informaci\u00f3n en las comunicaciones orales o escritas, de forma presencial, telem\u00e1tica o electr\u00f3nica, y sus medios de canalizaci\u00f3n.<br \/>\n&#8211; Aplicar las t\u00e9cnicas de comunicaci\u00f3n oral, presencial o telem\u00e1tica, transmitiendo informaci\u00f3n de acuerdo con los usos y costumbres socioprofesionales habituales de organizaciones e interlocutores tipo.<br \/>\n&#8211; Aplicar el proceso de recepci\u00f3n, acogida y registro de visitas en situaciones<br \/>\ntipo desarrollando las habilidades de comunicaci\u00f3n convenientes en cada una de las fases.<br \/>\n&#8211; Aplicar t\u00e9cnicas de comunicaci\u00f3n escrita en la redacci\u00f3n y cumplimentaci\u00f3n<br \/>\nde informaci\u00f3n y documentaci\u00f3n, oficial o privada, mediante la utilizaci\u00f3n de medios ofim\u00e1ticos y electr\u00f3nicos.<br \/>\n&#8211; Aplicar las t\u00e9cnicas de registro p\u00fablico y privado, y distribuci\u00f3n de la informaci\u00f3n y documentaci\u00f3n, facilitando su acceso, seguridad y confidencialidad.<\/p>\n<h3 class=\"fusion-responsive-typography-calculated\" data-fontsize=\"22\" data-lineheight=\"35.2px\">Contenido Formativo<\/h3>\n<p><strong>Procesos de comunicaci\u00f3n en las organizaciones y administraci\u00f3n p\u00fablica<\/strong><br \/>\nIntroducci\u00f3n<br \/>\nTipo logia de las organizaciones<br \/>\nIdentificaci\u00f3n de la estructura organizativa empresarial<br \/>\nIdentificaci\u00f3n de la estructura funcional de la organizaci\u00f3n<br \/>\nFlujos de comunicaci\u00f3n: elaboraci\u00f3n de diagramas de flujos e informaci\u00f3n gr\u00e1fica<br \/>\nCanales de comunicaci\u00f3n: tipos y caracter\u00edsticas<br \/>\nLa administraci\u00f3n p\u00fablica: su estructura organizativa y funcional<br \/>\nT\u00e9cnicas de trabajo en grupo<br \/>\nEstructuraci\u00f3n y aplicaci\u00f3n pr\u00e1ctica de los diferentes manuales de procedimiento e imagen corporativa<br \/>\nNormativa vigente en materia de: seguridad, registro y confidencialidad de la informaci\u00f3n y la comunicaci\u00f3n; protecci\u00f3n de datos y servicios de informaci\u00f3n y comercio electr\u00f3nico<br \/>\nResumen<\/p>\n<p><strong>Comunicaci\u00f3n interpersonal en organizaciones y administraciones p\u00fablicas<\/strong><br \/>\nIntroducci\u00f3n<br \/>\nLa comunicaci\u00f3n oral: normas de informaci\u00f3n y atenci\u00f3n, internas y externas<br \/>\nT\u00e9cnicas de comunicaci\u00f3n oral: habilidades sociales, protocolo<br \/>\nLa comunicaci\u00f3n no verbal<br \/>\nLa imagen personal en los procesos de comunicaci\u00f3n<br \/>\nCriterios de calidad en el servicio de atenci\u00f3n al cliente o interlocutor<br \/>\nResumen<\/p>\n<p><strong>Recepci\u00f3n de visitas en organizaciones y administraciones p\u00fablicas<\/strong><br \/>\nIntroducci\u00f3n<br \/>\nOrganizaci\u00f3n y mantenimiento del entorno f\u00edsico del espacio de acogida:<br \/>\naspecto y disposici\u00f3n de materiales auxiliares y equipos<br \/>\nControl de entrada y salida de visitas, y sus registros<br \/>\nFunciones de las relaciones p\u00fablicas en la organizaci\u00f3n<br \/>\nProceso de comunicaci\u00f3n en la recepci\u00f3n<br \/>\nAplicaci\u00f3n de t\u00e9cnicas de conducta y relacionales espec\u00edficas a los visitantes<br \/>\nFormulaci\u00f3n y gesti\u00f3n de incidencias b\u00e1sicas<br \/>\nNormativa vigente en materia de registro<br \/>\nResumen<\/p>\n<p><strong>Comunicaciones telef\u00f3nicas en organizaciones y administraciones p\u00fablicas<\/strong><br \/>\nIntroducci\u00f3n<br \/>\nMedios, equipos y usos de la telefon\u00eda: tipos m\u00e1s habituales en las comunicaciones orales<br \/>\nManejo de centralitas telef\u00f3nicas<br \/>\nLa comunicaci\u00f3n en las redes -intranet e internet-<br \/>\nModelos de comunicaci\u00f3n telef\u00f3nica: barreras y dificultades en la transmisi\u00f3n de la informaci\u00f3n<br \/>\nLa comunicaci\u00f3n comercial b\u00e1sica en la comunicaci\u00f3n telef\u00f3nica<br \/>\nLa expresi\u00f3n verbal y no verbal de la comunicaci\u00f3n telef\u00f3nica<br \/>\nDestrezas en la recepci\u00f3n y realizaci\u00f3n de llamadas<br \/>\nNormativa vigente en materia de seguridad, registro y confidencialidad de llamadas telef\u00f3nicas<br \/>\nResumen<\/p>\n<p><strong>Elaboraci\u00f3n y transmisi\u00f3n de comunicaciones escritas, privadas y oficiales<\/strong><br \/>\nIntroducci\u00f3n<br \/>\nFormatos tipo de impresos y documentos en la empresa, instituciones y<br \/>\nAdministraciones P\u00fablicas: tipolog\u00eda y caracter\u00edsticas de los documentos<br \/>\nNormas de comunicaci\u00f3n y expresi\u00f3n escrita en la elaboraci\u00f3n de documentos e informes, internos y externos<br \/>\nT\u00e9cnicas de comunicaci\u00f3n escrita<br \/>\nCartas comerciales<br \/>\nSoportes para la elaboraci\u00f3n y transmisi\u00f3n de informaci\u00f3n<br \/>\nElaboraci\u00f3n de documentos de informaci\u00f3n, y comunicaci\u00f3n, privados y oficiales<br \/>\nUtilizaci\u00f3n de medios y equipos ofim\u00e1ticos y telem\u00e1ticos: con agilidad y destrezas para la elaboraci\u00f3n y transmisi\u00f3n de la informaci\u00f3n y documentaci\u00f3n<br \/>\nAplicaci\u00f3n pr\u00e1ctica de los manuales de comunicaci\u00f3n corporativa en las comunicaciones escritas<br \/>\nResumen<\/p>\n<p><strong>Registro y distribuci\u00f3n de la informaci\u00f3n y documentaci\u00f3n convencional o electr\u00f3nica<\/strong><br \/>\nIntroducci\u00f3n<br \/>\nOrganizaci\u00f3n de la informaci\u00f3n y documentaci\u00f3n. Objetivos. Finalidad y t\u00e9cnicas a aplicar<br \/>\nCorrespondencia y paqueter\u00eda<br \/>\nRecepci\u00f3n de la informaci\u00f3n y paqueter\u00eda<br \/>\nProcedimientos de registro de entrada y salida de correspondencia y paqueter\u00eda: cotejo, gesti\u00f3n y compulsas<br \/>\nActuaci\u00f3n b\u00e1sica en las administraciones P\u00fablicas<br \/>\nConocimiento y difusi\u00f3n de los manuales de procedimiento e imagen<br \/>\nAplicaci\u00f3n de la normativa vigente de procedimientos de seguridad, registro y confidencialidad de la informaci\u00f3n y documentaci\u00f3n<br \/>\nconvencional o electr\u00f3nica<br \/>\nResumen<\/p>\n<h3 class=\"fusion-responsive-typography-calculated\" data-fontsize=\"22\" data-lineheight=\"35.2px\">\u00bfA qui\u00e9n va dirigido?<\/h3>\n<p>A telefonistas-recepcionistas de Oficina, telefonistas, empleados administrativos de servicios de almacenamiento y recepci\u00f3n, recepcionistas en establecimientos distintos de oficinas, en general; azafatas de informaci\u00f3n, operadores-Grabadores de datos en ordenador, auxiliares administrativos con tareas de atenci\u00f3n al p\u00fablico, no clasificados anteriormente, auxiliares de apoyo administrativo a la gesti\u00f3n de compra y\/o venta, auxiliares administrativos comerciales y auxiliares de control e informaci\u00f3n.<\/p>\n<h3 class=\"fusion-responsive-typography-calculated\" data-fontsize=\"22\" data-lineheight=\"35.2px\">\u00bfPara qu\u00e9 te capacita?<\/h3>\n<p>Para distribuir, reproducir y transmitir la informaci\u00f3n y documentaci\u00f3n requeridas en las tareas administrativas y de gesti\u00f3n interna y externa, as\u00ed como para realizar las operaciones de recepci\u00f3n derivadas de las relaciones con el p\u00fablico o cliente.<\/p>\n<h3 class=\"fusion-responsive-typography-calculated\" data-fontsize=\"22\" data-lineheight=\"35.2px\">Otros datos de inter\u00e9s<\/h3>\n<p>&#8211; Este curso desarrolla t\u00e9cnicas de comunicaci\u00f3n escrita tanto interna como externa.<br \/>\n&#8211; Ofrecer una informaci\u00f3n al profesional que le permitir\u00e1 analizar e implementar las formas y medios id\u00f3neos para la transmisi\u00f3n \u00a0y recepci\u00f3n del mensaje.<br \/>\n&#8211; Formar profesionales capacitados para detectar, prever y solucionar problemas inherentes a la comunicaci\u00f3n en sus diversos tipos y modalidades.<br \/>\n&#8211; Realizar documentos y comunicaciones en el formato caracter\u00edstico y con las condiciones de calidad correspondiente, aplicando las t\u00e9cnicas de tratamiento de la informaci\u00f3n en su elaboraci\u00f3n.<br \/>\n&#8211; Analizar y elegir los sistemas y t\u00e9cnicas de preservaci\u00f3n de comunicaciones y documentos adecuados a cada caso, aplic\u00e1ndolas de forma manual e inform\u00e1tica para clasificarlos, registrarlos y archivarlos.<br \/>\n&#8211; Se incluyen distintos modelos de comunicaci\u00f3n escrita y comunicaci\u00f3n oral para una mejor comprensi\u00f3n.<br \/>\n&#8211; Adem\u00e1s este material contiene aplicaciones pr\u00e1cticas, ejercicios de autoevaluaci\u00f3n y numerosos ejemplos que facilitan la aplicaci\u00f3n y comprobaci\u00f3n del aprendizaje.<\/p>\n","protected":false},"excerpt":{"rendered":"<p>Modalidad: On Line Duraci\u00f3n: 90 Horas Objetivos &#8211; Identificar la estructura funcional de organizaciones tipo y de la Administraci\u00f3n P\u00fablica, distinguiendo los flujos de informaci\u00f3n en las comunicaciones orales o escritas, de forma presencial, telem\u00e1tica o electr\u00f3nica, y sus medios de canalizaci\u00f3n. &#8211; Aplicar las&hellip;<\/p>\n","protected":false},"featured_media":2065,"comment_status":"closed","ping_status":"closed","template":"","meta":[],"product_cat":[49],"product_tag":[],"class_list":{"0":"post-1852","1":"product","2":"type-product","3":"status-publish","4":"has-post-thumbnail","6":"product_cat-administracion-y-gestion","8":"first","9":"instock","10":"sale","11":"taxable","12":"shipping-taxable","13":"purchasable","14":"product-type-simple"},"_links":{"self":[{"href":"https:\/\/tienda.gevalia.es\/index.php?rest_route=\/wp\/v2\/product\/1852","targetHints":{"allow":["GET"]}}],"collection":[{"href":"https:\/\/tienda.gevalia.es\/index.php?rest_route=\/wp\/v2\/product"}],"about":[{"href":"https:\/\/tienda.gevalia.es\/index.php?rest_route=\/wp\/v2\/types\/product"}],"replies":[{"embeddable":true,"href":"https:\/\/tienda.gevalia.es\/index.php?rest_route=%2Fwp%2Fv2%2Fcomments&post=1852"}],"wp:featuredmedia":[{"embeddable":true,"href":"https:\/\/tienda.gevalia.es\/index.php?rest_route=\/wp\/v2\/media\/2065"}],"wp:attachment":[{"href":"https:\/\/tienda.gevalia.es\/index.php?rest_route=%2Fwp%2Fv2%2Fmedia&parent=1852"}],"wp:term":[{"taxonomy":"product_cat","embeddable":true,"href":"https:\/\/tienda.gevalia.es\/index.php?rest_route=%2Fwp%2Fv2%2Fproduct_cat&post=1852"},{"taxonomy":"product_tag","embeddable":true,"href":"https:\/\/tienda.gevalia.es\/index.php?rest_route=%2Fwp%2Fv2%2Fproduct_tag&post=1852"}],"curies":[{"name":"wp","href":"https:\/\/api.w.org\/{rel}","templated":true}]}}