{"id":1861,"date":"2022-08-17T12:45:51","date_gmt":"2022-08-17T12:45:51","guid":{"rendered":"https:\/\/tienda.gevalia.es\/?post_type=product&#038;p=1861"},"modified":"2022-09-01T12:00:43","modified_gmt":"2022-09-01T12:00:43","slug":"creacion-de-la-marca-personal","status":"publish","type":"product","link":"https:\/\/tienda.gevalia.es\/?product=creacion-de-la-marca-personal","title":{"rendered":"Creaci\u00f3n de la marca personal."},"content":{"rendered":"<p>Modalidad: On Line<br \/>\nDuraci\u00f3n: 30 Horas<\/p>\n<h3 class=\"fusion-responsive-typography-calculated\" data-fontsize=\"22\" data-lineheight=\"35.2px\">Objetivos<\/h3>\n<p>Fundamentar la importancia, la necesidad y los beneficios de la creaci\u00f3n de la marca personal, as\u00ed como la elecci\u00f3n de determinadas herramientas y recursos para la adquisici\u00f3n de un buen posicionamiento.<br \/>\n&#8211; Relacionar el concepto de marca personal, las razones para su creaci\u00f3n y el impacto y necesidad de esta.<br \/>\n&#8211; Analizar el proceso y las necesidades fundamentales para la creaci\u00f3n de la marca personal, desde el autoconocimiento e imagen personal hasta el establecimiento de un plan espec\u00edfico hacia el \u00e9xito.<br \/>\n&#8211; Utilizar estrategias de escucha, planificaci\u00f3n y presentaci\u00f3n de la marca personal para la adquisici\u00f3n de un buen posicionamiento y comunicaci\u00f3n en la red.<\/p>\n<h3 class=\"fusion-responsive-typography-calculated\" data-fontsize=\"22\" data-lineheight=\"35.2px\">Contenido Formativo<\/h3>\n<p><strong>Introducci\u00f3n a la marca personal<\/strong><br \/>\nMarca personal en la sociedad digital<br \/>\n\u00bfQu\u00e9 es la marca personal?<br \/>\n\u00bfPor qu\u00e9 crear la marca personal?<br \/>\nResumen<\/p>\n<p><strong>Proceso de creaci\u00f3n de la marca personal<\/strong><br \/>\nAutoconocimiento<br \/>\nImagen personal<br \/>\nFormaci\u00f3n continua<br \/>\nDetecci\u00f3n de necesidades: observa a tu cliente<br \/>\nObjetivo y plan de acci\u00f3n<br \/>\nResumen<\/p>\n<p><strong>Posicionamiento y comunicaci\u00f3n en la red<\/strong><br \/>\nLa importancia de la escucha<br \/>\nRedes sociales<br \/>\nPlan de comunicaci\u00f3n<br \/>\nGesti\u00f3n de la marca en las redes sociales<br \/>\nHuella digital<br \/>\nPosicionamiento de la marca<br \/>\nResumen<\/p>\n<h3 class=\"fusion-responsive-typography-calculated\" data-fontsize=\"22\" data-lineheight=\"35.2px\">\u00bfA qui\u00e9n va dirigido?<\/h3>\n<p>A aquellas personas interesadas en crear, desarrollar y potenciar su marca personal, con el objetivo de diferenciarse y conseguir mayor \u00e9xito en sus relaciones sociales y profesionales.<\/p>\n<h3 class=\"fusion-responsive-typography-calculated\" data-fontsize=\"22\" data-lineheight=\"35.2px\">\u00bfPara qu\u00e9 te capacita?<\/h3>\n<p>Para aprender a gestionar adecuadamente tu marca personal, potenci\u00e1ndola a trav\u00e9s de los nuevos canales de comunicaci\u00f3n que el mundo digital ofrece.<\/p>\n<h3 class=\"fusion-responsive-typography-calculated\" data-fontsize=\"22\" data-lineheight=\"35.2px\">Otros datos de inter\u00e9s<\/h3>\n<p>&#8211; Los nuevos canales y formas de comunicaci\u00f3n han dado lugar a un panorama, en el que cualquier persona puede potenciar su marca si sabe c\u00f3mo. Por lo tanto, este curso tambi\u00e9n te ayudar\u00e1 a:<br \/>\n&#8211;\u00a0Reforzar tu perfil digital como carta de presentaci\u00f3n.<br \/>\n&#8211; Dise\u00f1ar una estrategia comunicativa adecuada para la gesti\u00f3n de tu marca personal.<br \/>\n&#8211; Enfocar aspectos como la reputaci\u00f3n online o la gesti\u00f3n de las principales redes sociales hacia la construcci\u00f3n de tu marca personal.<br \/>\n&#8211; El contenido se presenta en base a situaciones que se producen en la vida diaria, a las que hay que enfrentarse y solucionar, por lo que se puede ver la aplicaci\u00f3n pr\u00e1ctica del contenido.<br \/>\n&#8211;\u00a0Se presentan recursos muy atractivos para el alumnado, en distintos formatos, como son simulaciones de situaciones reales, esquemas, infograf\u00edas\u2026<br \/>\n&#8211;\u00a0Se narra el contenido mediante audios, pero pudiendo ver visualmente en pantalla en todo momento de lo que se est\u00e1 hablando a trav\u00e9s de esquemas, infograf\u00edas, mapas conceptuales u otros recursos.<br \/>\n&#8211;\u00a0Se definen t\u00e9rminos espec\u00edficos relacionados con la tem\u00e1tica.<br \/>\n&#8211;\u00a0Se incluyen distintos recursos complementarios para poder profundizar en el contenido y actividades para ponerlo en pr\u00e1ctica.<br \/>\n&#8211;\u00a0Se incluyen preguntas de autoevaluaci\u00f3n que ayudar\u00e1n a aumentar la compresi\u00f3n del texto y facilitar su asimilaci\u00f3n.<\/p>\n<p>&nbsp;<\/p>\n","protected":false},"excerpt":{"rendered":"<p>Modalidad: On Line Duraci\u00f3n: 30 Horas Objetivos Fundamentar la importancia, la necesidad y los beneficios de la creaci\u00f3n de la marca personal, as\u00ed como la elecci\u00f3n de determinadas herramientas y recursos para la adquisici\u00f3n de un buen posicionamiento. &#8211; Relacionar el concepto de marca personal,&hellip;<\/p>\n","protected":false},"featured_media":2143,"comment_status":"closed","ping_status":"closed","template":"","meta":[],"product_cat":[50],"product_tag":[],"class_list":{"0":"post-1861","1":"product","2":"type-product","3":"status-publish","4":"has-post-thumbnail","6":"product_cat-comercio-y-marketing","8":"first","9":"instock","10":"sale","11":"taxable","12":"shipping-taxable","13":"purchasable","14":"product-type-simple"},"_links":{"self":[{"href":"https:\/\/tienda.gevalia.es\/index.php?rest_route=\/wp\/v2\/product\/1861","targetHints":{"allow":["GET"]}}],"collection":[{"href":"https:\/\/tienda.gevalia.es\/index.php?rest_route=\/wp\/v2\/product"}],"about":[{"href":"https:\/\/tienda.gevalia.es\/index.php?rest_route=\/wp\/v2\/types\/product"}],"replies":[{"embeddable":true,"href":"https:\/\/tienda.gevalia.es\/index.php?rest_route=%2Fwp%2Fv2%2Fcomments&post=1861"}],"wp:featuredmedia":[{"embeddable":true,"href":"https:\/\/tienda.gevalia.es\/index.php?rest_route=\/wp\/v2\/media\/2143"}],"wp:attachment":[{"href":"https:\/\/tienda.gevalia.es\/index.php?rest_route=%2Fwp%2Fv2%2Fmedia&parent=1861"}],"wp:term":[{"taxonomy":"product_cat","embeddable":true,"href":"https:\/\/tienda.gevalia.es\/index.php?rest_route=%2Fwp%2Fv2%2Fproduct_cat&post=1861"},{"taxonomy":"product_tag","embeddable":true,"href":"https:\/\/tienda.gevalia.es\/index.php?rest_route=%2Fwp%2Fv2%2Fproduct_tag&post=1861"}],"curies":[{"name":"wp","href":"https:\/\/api.w.org\/{rel}","templated":true}]}}

Creación de la marca personal.

<p>Modalidad: On Line<br />
Duración: 30 Horas</p>
<h3 class="fusion-responsive-typography-calculated" data-fontsize="22" data-lineheight="35.2px">Objetivos</h3>
<p>Fundamentar la importancia, la necesidad y los beneficios de la creación de la marca personal, así como la elección de determinadas herramientas y recursos para la adquisición de un buen posicionamiento.<br />
&#8211; Relacionar el concepto de marca personal, las razones para su creación y el impacto y necesidad de esta.<br />
&#8211; Analizar el proceso y las necesidades fundamentales para la creación de la marca personal, desde el autoconocimiento e imagen personal hasta el establecimiento de un plan específico hacia el éxito.<br />
&#8211; Utilizar estrategias de escucha, planificación y presentación de la marca personal para la adquisición de un buen posicionamiento y comunicación en la red.</p>
<h3 class="fusion-responsive-typography-calculated" data-fontsize="22" data-lineheight="35.2px">Contenido Formativo</h3>
<p><strong>Introducción a la marca personal</strong><br />
Marca personal en la sociedad digital<br />
¿Qué es la marca personal?<br />
¿Por qué crear la marca personal?<br />
Resumen</p>
<p><strong>Proceso de creación de la marca personal</strong><br />
Autoconocimiento<br />
Imagen personal<br />
Formación continua<br />
Detección de necesidades: observa a tu cliente<br />
Objetivo y plan de acción<br />
Resumen</p>
<p><strong>Posicionamiento y comunicación en la red</strong><br />
La importancia de la escucha<br />
Redes sociales<br />
Plan de comunicación<br />
Gestión de la marca en las redes sociales<br />
Huella digital<br />
Posicionamiento de la marca<br />
Resumen</p>
<h3 class="fusion-responsive-typography-calculated" data-fontsize="22" data-lineheight="35.2px">¿A quién va dirigido?</h3>
<p>A aquellas personas interesadas en crear, desarrollar y potenciar su marca personal, con el objetivo de diferenciarse y conseguir mayor éxito en sus relaciones sociales y profesionales.</p>
<h3 class="fusion-responsive-typography-calculated" data-fontsize="22" data-lineheight="35.2px">¿Para qué te capacita?</h3>
<p>Para aprender a gestionar adecuadamente tu marca personal, potenciándola a través de los nuevos canales de comunicación que el mundo digital ofrece.</p>
<h3 class="fusion-responsive-typography-calculated" data-fontsize="22" data-lineheight="35.2px">Otros datos de interés</h3>
<p>&#8211; Los nuevos canales y formas de comunicación han dado lugar a un panorama, en el que cualquier persona puede potenciar su marca si sabe cómo. Por lo tanto, este curso también te ayudará a:<br />
&#8211; Reforzar tu perfil digital como carta de presentación.<br />
&#8211; Diseñar una estrategia comunicativa adecuada para la gestión de tu marca personal.<br />
&#8211; Enfocar aspectos como la reputación online o la gestión de las principales redes sociales hacia la construcción de tu marca personal.<br />
&#8211; El contenido se presenta en base a situaciones que se producen en la vida diaria, a las que hay que enfrentarse y solucionar, por lo que se puede ver la aplicación práctica del contenido.<br />
&#8211; Se presentan recursos muy atractivos para el alumnado, en distintos formatos, como son simulaciones de situaciones reales, esquemas, infografías…<br />
&#8211; Se narra el contenido mediante audios, pero pudiendo ver visualmente en pantalla en todo momento de lo que se está hablando a través de esquemas, infografías, mapas conceptuales u otros recursos.<br />
&#8211; Se definen términos específicos relacionados con la temática.<br />
&#8211; Se incluyen distintos recursos complementarios para poder profundizar en el contenido y actividades para ponerlo en práctica.<br />
&#8211; Se incluyen preguntas de autoevaluación que ayudarán a aumentar la compresión del texto y facilitar su asimilación.</p>
<p>&nbsp;</p>

<p>Modalidad: On Line Duración: 30 Horas Objetivos Fundamentar la importancia, la necesidad y los beneficios de la creación de la marca personal, así como la elección de determinadas herramientas y recursos para la adquisición de un buen posicionamiento. &#8211; Relacionar el concepto de marca personal,&hellip;</p>
