{"id":1862,"date":"2022-08-17T12:45:51","date_gmt":"2022-08-17T12:45:51","guid":{"rendered":"https:\/\/tienda.gevalia.es\/?post_type=product&#038;p=1862"},"modified":"2022-09-01T12:09:03","modified_gmt":"2022-09-01T12:09:03","slug":"diseno-del-montaje-de-escaparates","status":"publish","type":"product","link":"https:\/\/tienda.gevalia.es\/?product=diseno-del-montaje-de-escaparates","title":{"rendered":"Dise\u00f1o del montaje de escaparates."},"content":{"rendered":"<p>Modalidad: On Line<br \/>\nDuraci\u00f3n: 100 Horas.<\/p>\n<h3 class=\"fusion-responsive-typography-calculated\" data-fontsize=\"22\" data-lineheight=\"35.2px\">Objetivos<\/h3>\n<p>&#8211;\u00a0Desarrollar labores de dise\u00f1o del montaje de un escaparate, atendiendo a los distintos segmentos de actividad econ\u00f3mica, utilizando los programas de dise\u00f1o m\u00e1s usados y presupuestar un montaje.<br \/>\n&#8211;\u00a0Conocer los aspectos generales sobre la evoluci\u00f3n hist\u00f3rica de los espacios comerciales.<br \/>\n&#8211;\u00a0Definir los conceptos b\u00e1sicos para crear un escaparate efectivo.<br \/>\n&#8211;\u00a0Describir la figura del escaparatista\u00a0 y qu\u00e9 conocimientos debe tener.<br \/>\n&#8211;\u00a0Aprender cu\u00e1les son los principios b\u00e1sicos de la composici\u00f3n.<br \/>\n&#8211;\u00a0Identificar y conocer los distintos tipos de escaparate y sus posibilidades y poner en pr\u00e1ctica los conocimientos adquiridos.<br \/>\n&#8211;\u00a0Conocer la importancia del color, su impacto visual y la percepci\u00f3n psicol\u00f3gica.<br \/>\n&#8211;\u00a0Crear y dise\u00f1ar escaparates.<br \/>\n&#8211;\u00a0Explicar y desarrollar las fases del montaje de un escaparate.<br \/>\n&#8211;\u00a0Saber utilizar el espacio disponible en cuanto a dimensiones y proporciones a la hora de montar un escaparate.<br \/>\n&#8211;\u00a0Conocer c\u00f3mo hacer un presupuesto de servicios de dise\u00f1o y montaje de escaparate.<br \/>\n&#8211;\u00a0Identificar y conocer las distintas herramientas que son necesarias para elaborar un montaje de escaparate.<br \/>\n&#8211;\u00a0Adquirir conocimientos b\u00e1sicos de carpinter\u00eda.<br \/>\n&#8211;\u00a0Descubrir los distintos tipos de bastidores y c\u00f3mo se forran.<br \/>\n&#8211;\u00a0Elegir el tipo de pintura para el dise\u00f1o de un escaparate.<br \/>\n&#8211;\u00a0Conocer los distintos tipos de l\u00e1mparas y el tipo de luz emitida por ellas para crear efectos en el dise\u00f1o del escaparate.<br \/>\n&#8211;\u00a0Crear un boceto como estudio previo al dise\u00f1o del escaparate y practicarlo.<br \/>\n&#8211;\u00a0Adquirir los conocimientos necesarios para saber realizar la maqueta de un escaparate.<br \/>\n&#8211;\u00a0Crear un cartel para un escaparate.<br \/>\n&#8211;\u00a0Conocer las normas generales de etiquetado de productos.<br \/>\n&#8211;\u00a0Identificar los distintos tipos de expositores de art\u00edculos disponibles en el mercado.<br \/>\n&#8211;\u00a0Conocer los distintos tipos de maniqu\u00edes.<br \/>\n&#8211;\u00a0Considerar la imagen exterior de un comercio tan importante como la interior o el dise\u00f1o del escaparate.<br \/>\n&#8211;\u00a0Conocer la diferencia de escaparates seg\u00fan los distintos segmentos de mercado.<\/p>\n<h3 class=\"fusion-responsive-typography-calculated\" data-fontsize=\"22\" data-lineheight=\"35.2px\">Contenido Formativo<\/h3>\n<p><strong>El escaparate y su evoluci\u00f3n hist\u00f3rica<\/strong><br \/>\nIntroducci\u00f3n<br \/>\nEl escaparate y su evoluci\u00f3n hist\u00f3rica<br \/>\nResumen<\/p>\n<p><strong>Principios fundamentales del escaparate<\/strong><br \/>\nIntroducci\u00f3n<br \/>\nFuncionalidad<br \/>\nEstilo propio<br \/>\nSimplicidad<br \/>\nCreatividad<br \/>\nUnidad<br \/>\nOportunidad<br \/>\nEconom\u00eda<br \/>\nAdaptaci\u00f3n<br \/>\nResumen<\/p>\n<p><strong>Formaci\u00f3n y conocimientos del escaparatista<\/strong><br \/>\nIntroducci\u00f3n<br \/>\nFormaci\u00f3n y conocimientos del escaparatista<br \/>\nResumen<\/p>\n<p><strong>La composici\u00f3n y sus principios<\/strong><br \/>\nIntroducci\u00f3n<br \/>\nEquilibrio, simetr\u00eda, volumen y peso<br \/>\nEl punto, la l\u00ednea, la forma y su percepci\u00f3n psicol\u00f3gica<br \/>\nLa armon\u00eda<br \/>\nComposiciones<br \/>\nResumen<\/p>\n<p><strong>Tipos de escaparate<\/strong><br \/>\nIntroducci\u00f3n<br \/>\nClasificaci\u00f3n de los escaparates<br \/>\nResumen<\/p>\n<p><strong>El color<\/strong><br \/>\nIntroducci\u00f3n<br \/>\nEl estudio del color<br \/>\nColores primarios<br \/>\nPropiedades del color<br \/>\nEl c\u00edrculo crom\u00e1tico<br \/>\nColores c\u00e1lidos y fr\u00edos<br \/>\nColores neutros<br \/>\nEl impacto<br \/>\nLa selecci\u00f3n de los colores<br \/>\nResumen<\/p>\n<p><strong>Fases del montaje del escaparate<\/strong><br \/>\nIntroducci\u00f3n<br \/>\nPlan<br \/>\nObjetivos<br \/>\nMedios<br \/>\nResumen<\/p>\n<p><strong>El espacio disponible: dimensiones y proporciones<\/strong><br \/>\nIntroducci\u00f3n<br \/>\nGeneralidades<br \/>\nC\u00f3mo distribuir el espacio<br \/>\nResumen<\/p>\n<p><strong>M\u00e9todo para presupuestar el montaje<\/strong><br \/>\nIntroducci\u00f3n<br \/>\nEl presupuesto<br \/>\nM\u00e9todo<br \/>\nResumen<\/p>\n<p><strong>Materiales y herramientas del escaparatista<\/strong><br \/>\nIntroducci\u00f3n<br \/>\nHerramientas en el escaparate<br \/>\nMateriales del fondo del escaparate<br \/>\nForma de trabajar<br \/>\nResumen<\/p>\n<p><strong>Nociones de carpinter\u00eda: ensamblajes<\/strong><br \/>\nIntroducci\u00f3n<br \/>\nHerramientas b\u00e1sicas de carpinter\u00eda<br \/>\nEnsamblajes<br \/>\nResumen<\/p>\n<p><strong>Forrado de bastidores<\/strong><br \/>\nIntroducci\u00f3n<br \/>\nTipos de fondo<br \/>\nEl forrado de bastidores<br \/>\nResumen<\/p>\n<p><strong>Pintura<\/strong><br \/>\nIntroducci\u00f3n<br \/>\nTipos de pintura<br \/>\nAcabados<br \/>\nResumen<\/p>\n<p><strong>Electricidad y luminotecnia<\/strong><br \/>\nIntroducci\u00f3n<br \/>\nSistemas de iluminaci\u00f3n<br \/>\nTipos de luz<br \/>\nIntensidad lum\u00ednica<br \/>\nEl espacio y la luz<br \/>\nEl color de la luz<br \/>\nResumen<\/p>\n<p><strong>Creaci\u00f3n del boceto<\/strong><br \/>\nIntroducci\u00f3n<br \/>\nTama\u00f1o del dibujo\/tama\u00f1o real del objeto<br \/>\nEl encaje<br \/>\nPr\u00e1ctica del dibujo<br \/>\nResumen<\/p>\n<p><strong>Maquetaci\u00f3n<\/strong><br \/>\nIntroducci\u00f3n<br \/>\nInstrumentos y materiales<br \/>\nLa escala de representaci\u00f3n<br \/>\nRevestimientos<br \/>\nResumen<\/p>\n<p><strong>Rotulaci\u00f3n y carteler\u00eda. Programas m\u00e1s usados<\/strong><br \/>\nIntroducci\u00f3n<br \/>\nGeneralidades<br \/>\nRecursos para la realizaci\u00f3n de carteles<br \/>\nLa tipograf\u00eda<br \/>\nProgramas inform\u00e1ticos<br \/>\nResumen<\/p>\n<p><strong>Las etiquetas y la normativa<\/strong><br \/>\nIntroducci\u00f3n<br \/>\nDatos generales de la etiqueta<br \/>\nEtiquetado alimentario<br \/>\nEtiquetado de productos textiles<br \/>\nEtiquetado del calzado<br \/>\nEtiquetado de los juguetes<br \/>\nLas etiquetas ecol\u00f3gicas<br \/>\nEtiquetado energ\u00e9tico<br \/>\nEl marcado CE<br \/>\nPrecio de los servicios y productos<br \/>\nLegislaci\u00f3n aplicable<br \/>\nResumen<\/p>\n<p><strong>Soportes y expositores<\/strong><br \/>\nIntroducci\u00f3n<br \/>\nVariedad de soportes<br \/>\nMobiliario expositor<br \/>\nResumen<\/p>\n<p><strong>El maniqu\u00ed<\/strong><br \/>\nIntroducci\u00f3n<br \/>\nHistoria del maniqu\u00ed<br \/>\nTipos de maniqu\u00edes y otros soportes<br \/>\nResumen<\/p>\n<p><strong>La imagen exterior<\/strong><br \/>\nIntroducci\u00f3n<br \/>\nComprobaci\u00f3n de la fachada<br \/>\nR\u00f3tulos del establecimiento<br \/>\nLa acera<br \/>\nResumen<\/p>\n<p><strong>El montaje de escaparates para diferentes segmentos del mercado<\/strong><br \/>\nIntroducci\u00f3n<br \/>\nElectrodom\u00e9sticos<br \/>\nTextil<br \/>\nFarmacia y cosm\u00e9tica<br \/>\nFotograf\u00eda<br \/>\nAlimentaci\u00f3n<br \/>\nCalzado<br \/>\nJoyer\u00eda y relojer\u00eda<br \/>\nFlorister\u00eda<br \/>\nResumen<\/p>\n<h3 class=\"fusion-responsive-typography-calculated\" data-fontsize=\"22\" data-lineheight=\"35.2px\">\u00bfA qui\u00e9n va dirigido?<\/h3>\n<p>A cualquier persona con la necesidad de adquirir conocimientos sobre escaparatismo y dise\u00f1o de escaparates atendiendo a diversos tipos de comercio y utilizando herramientas de dise\u00f1o as\u00ed como dando directrices para realizar un trabajo manual de taller.<\/p>\n<h3 class=\"fusion-responsive-typography-calculated\" data-fontsize=\"22\" data-lineheight=\"35.2px\">\u00bfPara qu\u00e9 te capacita?<\/h3>\n<p>Para desarrollar un dise\u00f1o de escaparate efectivo y funcional.<\/p>\n<h3 class=\"fusion-responsive-typography-calculated\" data-fontsize=\"22\" data-lineheight=\"35.2px\">Otros datos de inter\u00e9s<\/h3>\n<p>&#8211; Conocer la historia del escaparatismo, otros elementos publicitarios, como carteles o t\u00e9cnicas art\u00edsticas.<br \/>\n&#8211; Fomentar la curiosidad en el alumno para aprender t\u00e9cnicas en dise\u00f1o de escaparates y construcci\u00f3n de accesorios.<br \/>\n&#8211; Informar sobre aspectos tan importantes como la normativa en el\u00a0 etiquetado de productos.<br \/>\n&#8211; Informar sobre sistemas de iluminaci\u00f3n y conceptos b\u00e1sicos de electrotecnia.<br \/>\n&#8211; Ense\u00f1ar al alumno a valorar la importancia del dise\u00f1o y la est\u00e9tica en el montaje de escaparates.<br \/>\n&#8211; Fomentar la creaci\u00f3n de escaparates eficientes como t\u00e9cnica de venta.<br \/>\n&#8211; Dar directrices para la creaci\u00f3n de un escaparate efectivo y visualmente atractivo.<br \/>\n&#8211; Adquirir conocimientos b\u00e1sicos sobre dise\u00f1o e informaci\u00f3n sobre programas m\u00e1s utilizados.<\/p>\n","protected":false},"excerpt":{"rendered":"<p>Modalidad: On Line Duraci\u00f3n: 100 Horas. Objetivos &#8211;\u00a0Desarrollar labores de dise\u00f1o del montaje de un escaparate, atendiendo a los distintos segmentos de actividad econ\u00f3mica, utilizando los programas de dise\u00f1o m\u00e1s usados y presupuestar un montaje. &#8211;\u00a0Conocer los aspectos generales sobre la evoluci\u00f3n hist\u00f3rica de los&hellip;<\/p>\n","protected":false},"featured_media":2145,"comment_status":"closed","ping_status":"closed","template":"","meta":[],"product_cat":[50],"product_tag":[],"class_list":{"0":"post-1862","1":"product","2":"type-product","3":"status-publish","4":"has-post-thumbnail","6":"product_cat-comercio-y-marketing","8":"first","9":"instock","10":"sale","11":"taxable","12":"shipping-taxable","13":"purchasable","14":"product-type-simple"},"_links":{"self":[{"href":"https:\/\/tienda.gevalia.es\/index.php?rest_route=\/wp\/v2\/product\/1862","targetHints":{"allow":["GET"]}}],"collection":[{"href":"https:\/\/tienda.gevalia.es\/index.php?rest_route=\/wp\/v2\/product"}],"about":[{"href":"https:\/\/tienda.gevalia.es\/index.php?rest_route=\/wp\/v2\/types\/product"}],"replies":[{"embeddable":true,"href":"https:\/\/tienda.gevalia.es\/index.php?rest_route=%2Fwp%2Fv2%2Fcomments&post=1862"}],"wp:featuredmedia":[{"embeddable":true,"href":"https:\/\/tienda.gevalia.es\/index.php?rest_route=\/wp\/v2\/media\/2145"}],"wp:attachment":[{"href":"https:\/\/tienda.gevalia.es\/index.php?rest_route=%2Fwp%2Fv2%2Fmedia&parent=1862"}],"wp:term":[{"taxonomy":"product_cat","embeddable":true,"href":"https:\/\/tienda.gevalia.es\/index.php?rest_route=%2Fwp%2Fv2%2Fproduct_cat&post=1862"},{"taxonomy":"product_tag","embeddable":true,"href":"https:\/\/tienda.gevalia.es\/index.php?rest_route=%2Fwp%2Fv2%2Fproduct_tag&post=1862"}],"curies":[{"name":"wp","href":"https:\/\/api.w.org\/{rel}","templated":true}]}}