{"id":1863,"date":"2022-08-17T12:45:51","date_gmt":"2022-08-17T12:45:51","guid":{"rendered":"https:\/\/tienda.gevalia.es\/?post_type=product&#038;p=1863"},"modified":"2022-09-01T12:16:42","modified_gmt":"2022-09-01T12:16:42","slug":"escaparatismo-y-visual-merchandising","status":"publish","type":"product","link":"https:\/\/tienda.gevalia.es\/?product=escaparatismo-y-visual-merchandising","title":{"rendered":"Escaparatismo y visual merchandising"},"content":{"rendered":"<p>Modalidad: On Line<br \/>\nDuraci\u00f3n: 60 Horas<\/p>\n<h3 class=\"fusion-responsive-typography-calculated\" data-fontsize=\"22\" data-lineheight=\"35.2px\">Objetivos<\/h3>\n<p>&#8211; Conocer la importancia del escaparate como medio de comunicaci\u00f3n con el cliente.<br \/>\n&#8211; Reconocer la influencia de los factores que van a incidir en la comunicaci\u00f3n.<br \/>\n&#8211; Adquirir los conocimientos t\u00e9cnicos de merchandising para impulsar las ventas del establecimiento.<br \/>\n&#8211; Identificar los elementos del enfoque de marketing en la realizaci\u00f3n del proyecto.<br \/>\n&#8211; Aplicar los conceptos te\u00f3ricos de composici\u00f3n visual.<br \/>\n&#8211; Planificar el dise\u00f1o, elaboraci\u00f3n de maqueta, montaje y desmontaje del escaparate.<br \/>\n&#8211; Potenciar el visual merchandising en el interior del punto de venta.<br \/>\n&#8211; Analizar los resultados de ventas para la continua mejora del escaparatismo.<\/p>\n<h3 class=\"fusion-responsive-typography-calculated\" data-fontsize=\"22\" data-lineheight=\"35.2px\">Contenido Formativo<\/h3>\n<p><strong>\u00bfNos vamos de escaparates?<\/strong><br \/>\nIntroducci\u00f3n.<br \/>\nEvoluci\u00f3n del escaparate<br \/>\nFunciones y objetivos<br \/>\nEl visual merchandising y el escaparate como elementos de comunicaci\u00f3n<br \/>\nResumen<\/p>\n<p><strong>Enfoque de marketing<\/strong><br \/>\nIntroducci\u00f3n.<br \/>\nEstrategia comercial<br \/>\nP\u00fablico objetivo<br \/>\nImagen de marca<br \/>\nPosicionamiento<br \/>\nObjetivos<br \/>\nSegmentaci\u00f3n del p\u00fablico objetivo<br \/>\nMensaje de comunicaci\u00f3n<br \/>\nEficacia del escaparate<br \/>\nResumen<\/p>\n<p><strong>Enfoque te\u00f3rico<\/strong><br \/>\nIntroducci\u00f3n.<br \/>\nPrincipios b\u00e1sicos<br \/>\nPrincipios de montaje<br \/>\nResumen.<\/p>\n<p><strong>Enfoque visual<\/strong><br \/>\nIntroducci\u00f3n.<br \/>\nDe la comunicaci\u00f3n a la imagen corporativa<br \/>\nPrincipios de composici\u00f3n<br \/>\nT\u00e9cnicas de presentaci\u00f3n<br \/>\nEl tema<br \/>\nRecursos y medios<br \/>\nResumen.<\/p>\n<p><strong>Otros elementos del enfoque visual<\/strong><br \/>\nIntroducci\u00f3n.<br \/>\n\u00bfQu\u00e9 es el color?<br \/>\nElementos de ambientaci\u00f3n<br \/>\nSe\u00f1alizaci\u00f3n<br \/>\nIluminaci\u00f3n<br \/>\nResumen.<\/p>\n<h3 class=\"fusion-responsive-typography-calculated\" data-fontsize=\"22\" data-lineheight=\"35.2px\">\u00bfA qui\u00e9n va dirigido?<\/h3>\n<p>A estudiantes y profesionales de escaparatismo y visual merchandising interesados en adquirir formaci\u00f3n adicional o actualizar sus conocimientos sobre la implantaci\u00f3n de t\u00e9cnicas de gesti\u00f3n del punto de venta que van a optimizar las ventas, el posicionamiento\u00a0 y la imagen de marca del establecimiento.<\/p>\n<p>El escaparatismo y el\u00a0 visual merchandising crear\u00e1n espacios que ayudar\u00e1n a los clientes a sentir emociones, as\u00ed les ofreceremos una buena experiencia de compra y conseguiremos una propuesta comercial m\u00e1s diferenciada.<\/p>\n<h3 class=\"fusion-responsive-typography-calculated\" data-fontsize=\"22\" data-lineheight=\"35.2px\">\u00bfPara qu\u00e9 te capacita?<\/h3>\n<p>Para la implementaci\u00f3n de pol\u00edticas y estrategias comerciales que aseguran la \u00f3ptima gesti\u00f3n del establecimiento y su rentabilidad.<\/p>\n<p>Estas t\u00e9cnicas no solo se limitan a la exposici\u00f3n atractiva del producto, sino que cada vez m\u00e1s se emplean para generar experiencias de compra positivas, fidelizando y vinculando emocionalmente a la clientela.<\/p>\n<p>Actualmente, lo que se busca es transmitir la identidad de marca del establecimiento, reforzando sus principales asociaciones por medio de una comunicaci\u00f3n espec\u00edfica, dirigida al consumidor a trav\u00e9s de los sentidos para que el cliente se sienta parte de la marca.<\/p>\n<h3 class=\"fusion-responsive-typography-calculated\" data-fontsize=\"22\" data-lineheight=\"35.2px\">Otros datos de inter\u00e9s<\/h3>\n<p>&#8211; Este curso tambi\u00e9n va dirigido a aquellos alumnos sin conocimientos previos que deseen adquirir una buena base en cuanto a los enfoques actuales de \u00a0<em>Escaparatismo y Visual merchandising.<br \/>\n&#8211;\u00a0<\/em>El\u00a0contenido est\u00e1 desarrollado con una estructura l\u00f3gica que comienza, en primer lugar, con la comprensi\u00f3n de los conceptos del enfoque de marketing estrat\u00e9gico a tener en cuenta para lograr el \u00e9xito de la gesti\u00f3n comercial.<br \/>\n&#8211; A continuaci\u00f3n, se estudian los aspectos m\u00e1s importantes del enfoque visual para llevar a la pr\u00e1ctica real el dise\u00f1o y montaje de los escaparates y el visual merchandising. Estas t\u00e9cnicas de composici\u00f3n comprenden la presentaci\u00f3n, ordenaci\u00f3n, colocaci\u00f3n de productos y el control de la atm\u00f3sfera deseada en\u00a0 el punto de venta.<br \/>\n&#8211; A lo largo del contenido, se exponen numerosas aplicaciones pr\u00e1cticas para incrementar la comprensi\u00f3n del texto y favorecer su asimilaci\u00f3n.<br \/>\n&#8211; Al final de cada cap\u00edtulo, se incluyen tambi\u00e9n ejercicios de autoevaluaci\u00f3n con los que el alumno podr\u00e1 comprobar su nivel de aprendizaje.<\/p>\n<p>&nbsp;<\/p>\n","protected":false},"excerpt":{"rendered":"<p>Modalidad: On Line Duraci\u00f3n: 60 Horas Objetivos &#8211; Conocer la importancia del escaparate como medio de comunicaci\u00f3n con el cliente. &#8211; Reconocer la influencia de los factores que van a incidir en la comunicaci\u00f3n. &#8211; Adquirir los conocimientos t\u00e9cnicos de merchandising para impulsar las ventas&hellip;<\/p>\n","protected":false},"featured_media":2147,"comment_status":"closed","ping_status":"closed","template":"","meta":[],"product_cat":[50],"product_tag":[],"class_list":{"0":"post-1863","1":"product","2":"type-product","3":"status-publish","4":"has-post-thumbnail","6":"product_cat-comercio-y-marketing","8":"first","9":"instock","10":"sale","11":"taxable","12":"shipping-taxable","13":"purchasable","14":"product-type-simple"},"_links":{"self":[{"href":"https:\/\/tienda.gevalia.es\/index.php?rest_route=\/wp\/v2\/product\/1863","targetHints":{"allow":["GET"]}}],"collection":[{"href":"https:\/\/tienda.gevalia.es\/index.php?rest_route=\/wp\/v2\/product"}],"about":[{"href":"https:\/\/tienda.gevalia.es\/index.php?rest_route=\/wp\/v2\/types\/product"}],"replies":[{"embeddable":true,"href":"https:\/\/tienda.gevalia.es\/index.php?rest_route=%2Fwp%2Fv2%2Fcomments&post=1863"}],"wp:featuredmedia":[{"embeddable":true,"href":"https:\/\/tienda.gevalia.es\/index.php?rest_route=\/wp\/v2\/media\/2147"}],"wp:attachment":[{"href":"https:\/\/tienda.gevalia.es\/index.php?rest_route=%2Fwp%2Fv2%2Fmedia&parent=1863"}],"wp:term":[{"taxonomy":"product_cat","embeddable":true,"href":"https:\/\/tienda.gevalia.es\/index.php?rest_route=%2Fwp%2Fv2%2Fproduct_cat&post=1863"},{"taxonomy":"product_tag","embeddable":true,"href":"https:\/\/tienda.gevalia.es\/index.php?rest_route=%2Fwp%2Fv2%2Fproduct_tag&post=1863"}],"curies":[{"name":"wp","href":"https:\/\/api.w.org\/{rel}","templated":true}]}}