{"id":1875,"date":"2022-08-17T12:46:00","date_gmt":"2022-08-17T12:46:00","guid":{"rendered":"https:\/\/tienda.gevalia.es\/?post_type=product&#038;p=1875"},"modified":"2022-09-02T09:20:57","modified_gmt":"2022-09-02T09:20:57","slug":"operaciones-auxiliares-de-almacenaje","status":"publish","type":"product","link":"https:\/\/tienda.gevalia.es\/?product=operaciones-auxiliares-de-almacenaje","title":{"rendered":"Operaciones auxiliares de almacenaje."},"content":{"rendered":"<p>Modalidad: On Line<br \/>\nDuraci\u00f3n: 80 Horas<\/p>\n<h3 class=\"fusion-responsive-typography-calculated\" data-fontsize=\"22\" data-lineheight=\"35.2px\">Objetivos<\/h3>\n<p>&#8211; Diferenciar las funciones y caracter\u00edsticas de distintos tipos de almac\u00e9n, sus zonas y equipo de trabajo, en empresas\/organizaciones tanto industriales como comerciales y de servicios.<br \/>\n&#8211; Interpretar la informaci\u00f3n y elementos b\u00e1sicos de la documentaci\u00f3n, \u00f3rdenes de trabajo y registro habituales de las operaciones propias del almac\u00e9n tales como recepci\u00f3n, almacenaje, carga u otras.<br \/>\n&#8211; Identificar los criterios de actuaci\u00f3n, integraci\u00f3n y cooperaci\u00f3n profesional propios del operario de almac\u00e9n para ofrecer un servicio de almac\u00e9n de calidad.<br \/>\n&#8211; Relacionar las medidas de prevenci\u00f3n de riesgos que deben tomarse en los accidentes habituales de las operaciones y manipulaci\u00f3n de cargas en el almac\u00e9n.<br \/>\n&#8211; Manejar equipos b\u00e1sicos de etiquetado, localizaci\u00f3n y recuento propios de las actividades y operaciones del almac\u00e9n cumpliendo las normas de seguridad y salud.<br \/>\n&#8211; Valorar la necesidad e implicaciones de mantener el orden y limpieza en el almac\u00e9n para la realizaci\u00f3n efectiva de las operaciones.<br \/>\n&#8211; Realizar las operaciones de mantenimiento de primer nivel de los medios m\u00f3viles y equipo de trabajo propios de la manipulaci\u00f3n de mercanc\u00edas en el almac\u00e9n.<\/p>\n<h3 class=\"fusion-responsive-typography-calculated\" data-fontsize=\"22\" data-lineheight=\"35.2px\">Contenido Formativo<\/h3>\n<p><strong>Estructura y tipos de almac\u00e9n<\/strong><br \/>\nIntroducci\u00f3n<br \/>\nConcepto y funciones del almac\u00e9n<br \/>\nTipolog\u00eda de almacenes<br \/>\nDise\u00f1o de un almac\u00e9n<br \/>\nFlujo de mercanc\u00edas en el almac\u00e9n<br \/>\nResumen<\/p>\n<p><strong>Operaciones de almacenaje<\/strong><br \/>\nIntroducci\u00f3n<br \/>\nActividades de recepci\u00f3n<br \/>\nActividades de colocaci\u00f3n y ubicaci\u00f3n en el almac\u00e9n<br \/>\nGrupaje de mercanc\u00edas<br \/>\nCross-docking<br \/>\nExpedici\u00f3n<br \/>\nAprovisionamiento de l\u00edneas de producci\u00f3n<br \/>\nResumen<\/p>\n<p><strong>Trabajo en equipo en las operaciones auxiliares de almacenaje<\/strong><br \/>\nIntroducci\u00f3n<br \/>\nEquipo de trabajo y trabajo en equipo en el almac\u00e9n<br \/>\nAplicaci\u00f3n del concepto de trabajo en equipo<br \/>\nIdentificaci\u00f3n de par\u00e1metros para una actuaci\u00f3n profesional integrada<br \/>\nSeguridad y cooperaci\u00f3n en la utilizaci\u00f3n de medios y realizaci\u00f3n de actividades<br \/>\nResumen<\/p>\n<p><strong>Documentaci\u00f3n b\u00e1sica del almac\u00e9n<\/strong><br \/>\nIntroducci\u00f3n<br \/>\nLa orden de trabajo<br \/>\nLa nota de entrega<br \/>\nEl albar\u00e1n<br \/>\nLa hoja de pedido<br \/>\nEl packing-list<br \/>\nLa hoja de transporte<br \/>\nResumen<\/p>\n<p><strong>Equipos de manutenci\u00f3n del almac\u00e9n<\/strong><br \/>\nIntroducci\u00f3n<br \/>\nEquipos de manutenci\u00f3n: consideraciones generales<br \/>\nEquipos de almacenamiento<br \/>\nUnidades de manipulaci\u00f3n y almacenaje de mercanc\u00edas<br \/>\nEquipos y medios para la protecci\u00f3n f\u00edsica de la mercanc\u00eda: envases y embalajes<br \/>\nEquipos y medios para el movimiento de cargas y mercanc\u00edas en el almac\u00e9n<br \/>\nResumen<\/p>\n<p><strong>Sistemas de identificaci\u00f3n, localizaci\u00f3n y seguimiento de mercanc\u00edas<\/strong><br \/>\nIntroducci\u00f3n<br \/>\nIdentificaci\u00f3n, localizaci\u00f3n y seguimiento de mercanc\u00edas<br \/>\nCodificaci\u00f3n y etiquetas<br \/>\nMedios<br \/>\nTerminales port\u00e1tiles y sistemas de reconocimiento de voz<br \/>\nResumen<\/p>\n<p><strong>Seguridad y prevenci\u00f3n en las operaciones auxiliares de almacenaje<\/strong><br \/>\nIntroducci\u00f3n<br \/>\nRiesgos y accidentes habituales en el almac\u00e9n<br \/>\nAdopci\u00f3n de medidas preventivas<br \/>\nOrden y limpieza en el almac\u00e9n: entornos de trabajo seguros y saludables<br \/>\nH\u00e1bitos de trabajo y actividades fundamentales<br \/>\nLimpieza: m\u00e9todos, equipos y materiales<br \/>\nNormas b\u00e1sicas de actuaci\u00f3n en caso de emergencias e incendios<br \/>\nResumen<\/p>\n<p><strong>Mantenimiento de primer nivel en los equipos del almac\u00e9n<\/strong><br \/>\nIntroducci\u00f3n<br \/>\nPlanes de inspecci\u00f3n y mantenimiento de los equipos del almac\u00e9n<br \/>\nPlanes de mantenimiento en carretillas<br \/>\nRecomendaciones y medidas de prevenci\u00f3n de las carretillas en entornos especiales<br \/>\nResumen<\/p>\n<h3 class=\"fusion-responsive-typography-calculated\" data-fontsize=\"22\" data-lineheight=\"35.2px\">\u00bfA qui\u00e9n va dirigido?<\/h3>\n<p>A mozos\/as de carga y descarga, almac\u00e9n y\/o mercado de abastos, mozo\/a de almac\u00e9n, conductores\/as-Operadores\/as de carretillas elevadoras, en general; carretillero\/a, embaladores\/as-Empaquetadores\/as-Etiquetadores\/as, a mano, preparador\/a de pedidos, peones\/as del transporte en general y operario\/a de log\u00edstica.<\/p>\n<h3 class=\"fusion-responsive-typography-calculated\" data-fontsize=\"22\" data-lineheight=\"35.2px\">\u00bfPara qu\u00e9 te capacita?<\/h3>\n<p>&#8211; Para interesados sin conocimientos previos que deseen adquirir una buena base en operaciones auxiliares de almacenaje.<br \/>\n&#8211; Profesionales que deseen actualizar sus conocimientos y profundizar en aspectos espec\u00edficos de las operaciones auxiliares de almacenaje.<br \/>\n&#8211; Para una mejor comprensi\u00f3n de los conceptos, el manual cuenta con una serie de explicaciones, ilustraciones y comentarios que refuerzan los contenidos expuestos.<\/p>\n<h3 class=\"fusion-responsive-typography-calculated\" data-fontsize=\"22\" data-lineheight=\"35.2px\">Otros datos de inter\u00e9s<\/h3>\n<p>Para interesados sin conocimientos previos que deseen adquirir una buena base en operaciones auxiliares de almacenaje.<br \/>\nProfesionales que deseen actualizar sus conocimientos y profundizar en aspectos espec\u00edficos de las operaciones auxiliares de almacenaje.<br \/>\nPara una mejor comprensi\u00f3n de los conceptos, el manual cuenta con una serie de explicaciones, ilustraciones y comentarios que refuerzan los contenidos expuestos.<\/p>\n<p>&nbsp;<\/p>\n","protected":false},"excerpt":{"rendered":"<p>Modalidad: On Line Duraci\u00f3n: 80 Horas Objetivos &#8211; Diferenciar las funciones y caracter\u00edsticas de distintos tipos de almac\u00e9n, sus zonas y equipo de trabajo, en empresas\/organizaciones tanto industriales como comerciales y de servicios. &#8211; Interpretar la informaci\u00f3n y elementos b\u00e1sicos de la documentaci\u00f3n, \u00f3rdenes de&hellip;<\/p>\n","protected":false},"featured_media":2069,"comment_status":"closed","ping_status":"closed","template":"","meta":[],"product_cat":[50],"product_tag":[],"class_list":{"0":"post-1875","1":"product","2":"type-product","3":"status-publish","4":"has-post-thumbnail","6":"product_cat-comercio-y-marketing","8":"first","9":"instock","10":"sale","11":"taxable","12":"shipping-taxable","13":"purchasable","14":"product-type-simple"},"_links":{"self":[{"href":"https:\/\/tienda.gevalia.es\/index.php?rest_route=\/wp\/v2\/product\/1875","targetHints":{"allow":["GET"]}}],"collection":[{"href":"https:\/\/tienda.gevalia.es\/index.php?rest_route=\/wp\/v2\/product"}],"about":[{"href":"https:\/\/tienda.gevalia.es\/index.php?rest_route=\/wp\/v2\/types\/product"}],"replies":[{"embeddable":true,"href":"https:\/\/tienda.gevalia.es\/index.php?rest_route=%2Fwp%2Fv2%2Fcomments&post=1875"}],"wp:featuredmedia":[{"embeddable":true,"href":"https:\/\/tienda.gevalia.es\/index.php?rest_route=\/wp\/v2\/media\/2069"}],"wp:attachment":[{"href":"https:\/\/tienda.gevalia.es\/index.php?rest_route=%2Fwp%2Fv2%2Fmedia&parent=1875"}],"wp:term":[{"taxonomy":"product_cat","embeddable":true,"href":"https:\/\/tienda.gevalia.es\/index.php?rest_route=%2Fwp%2Fv2%2Fproduct_cat&post=1875"},{"taxonomy":"product_tag","embeddable":true,"href":"https:\/\/tienda.gevalia.es\/index.php?rest_route=%2Fwp%2Fv2%2Fproduct_tag&post=1875"}],"curies":[{"name":"wp","href":"https:\/\/api.w.org\/{rel}","templated":true}]}}