{"id":1882,"date":"2022-08-17T12:46:01","date_gmt":"2022-08-17T12:46:01","guid":{"rendered":"https:\/\/tienda.gevalia.es\/?post_type=product&#038;p=1882"},"modified":"2022-09-02T11:03:38","modified_gmt":"2022-09-02T11:03:38","slug":"tecnicas-de-informacion-y-atencion-al-cliente-consumidor","status":"publish","type":"product","link":"https:\/\/tienda.gevalia.es\/?product=tecnicas-de-informacion-y-atencion-al-cliente-consumidor","title":{"rendered":"T\u00e9cnicas de informaci\u00f3n y atenci\u00f3n al cliente\/consumidor."},"content":{"rendered":"<p>Modalidad: On Line<br \/>\nDuraci\u00f3n: 60 Horas.<\/p>\n<h3 class=\"fusion-responsive-typography-calculated\" data-fontsize=\"22\" data-lineheight=\"35.2px\">Objetivos<\/h3>\n<p>&#8211; Aplicar t\u00e9cnicas de comunicaci\u00f3n en situaciones de atenci\u00f3n \/ asesoramiento al cliente.<br \/>\n&#8211; Aplicar t\u00e9cnicas de organizaci\u00f3n de la informaci\u00f3n, tanto manuales como inform\u00e1ticas.<br \/>\n&#8211; Manejar como usuario aplicaciones inform\u00e1ticas de control y seguimiento de clientes o base de datos y aplicar procedimientos que garanticen la integridad, seguridad, disponibilidad y confidencialidad de la informaci\u00f3n almacenada.<\/p>\n<p>&nbsp;<\/p>\n","protected":false},"excerpt":{"rendered":"<p>Modalidad: On Line Duraci\u00f3n: 60 Horas. Objetivos &#8211; Aplicar t\u00e9cnicas de comunicaci\u00f3n en situaciones de atenci\u00f3n \/ asesoramiento al cliente. &#8211; Aplicar t\u00e9cnicas de organizaci\u00f3n de la informaci\u00f3n, tanto manuales como inform\u00e1ticas. &#8211; Manejar como usuario aplicaciones inform\u00e1ticas de control y seguimiento de clientes o&hellip;<\/p>\n","protected":false},"featured_media":2080,"comment_status":"closed","ping_status":"closed","template":"","meta":[],"product_cat":[50],"product_tag":[],"class_list":{"0":"post-1882","1":"product","2":"type-product","3":"status-publish","4":"has-post-thumbnail","6":"product_cat-comercio-y-marketing","8":"first","9":"instock","10":"sale","11":"taxable","12":"shipping-taxable","13":"purchasable","14":"product-type-simple"},"_links":{"self":[{"href":"https:\/\/tienda.gevalia.es\/index.php?rest_route=\/wp\/v2\/product\/1882","targetHints":{"allow":["GET"]}}],"collection":[{"href":"https:\/\/tienda.gevalia.es\/index.php?rest_route=\/wp\/v2\/product"}],"about":[{"href":"https:\/\/tienda.gevalia.es\/index.php?rest_route=\/wp\/v2\/types\/product"}],"replies":[{"embeddable":true,"href":"https:\/\/tienda.gevalia.es\/index.php?rest_route=%2Fwp%2Fv2%2Fcomments&post=1882"}],"wp:featuredmedia":[{"embeddable":true,"href":"https:\/\/tienda.gevalia.es\/index.php?rest_route=\/wp\/v2\/media\/2080"}],"wp:attachment":[{"href":"https:\/\/tienda.gevalia.es\/index.php?rest_route=%2Fwp%2Fv2%2Fmedia&parent=1882"}],"wp:term":[{"taxonomy":"product_cat","embeddable":true,"href":"https:\/\/tienda.gevalia.es\/index.php?rest_route=%2Fwp%2Fv2%2Fproduct_cat&post=1882"},{"taxonomy":"product_tag","embeddable":true,"href":"https:\/\/tienda.gevalia.es\/index.php?rest_route=%2Fwp%2Fv2%2Fproduct_tag&post=1882"}],"curies":[{"name":"wp","href":"https:\/\/api.w.org\/{rel}","templated":true}]}}