{"id":1883,"date":"2022-08-17T12:46:01","date_gmt":"2022-08-17T12:46:01","guid":{"rendered":"https:\/\/tienda.gevalia.es\/?post_type=product&#038;p=1883"},"modified":"2022-09-02T11:12:30","modified_gmt":"2022-09-02T11:12:30","slug":"tecnicas-de-negociacion","status":"publish","type":"product","link":"https:\/\/tienda.gevalia.es\/?product=tecnicas-de-negociacion","title":{"rendered":"T\u00e9cnicas de negociaci\u00f3n."},"content":{"rendered":"<p>Modalidad: On Line<br \/>\nDuraci\u00f3n: 30 Horas.<\/p>\n<h3 class=\"fusion-responsive-typography-calculated\" data-fontsize=\"22\" data-lineheight=\"35.2px\">Objetivos<\/h3>\n<p>Identificar los conocimientos fundamentales para ser un buen negociador.<br \/>\n&#8211; Seleccionar\u00a0 las estrategias y t\u00e1cticas b\u00e1sicas para afrontar con un \u00e9xito una negociaci\u00f3n.<br \/>\n&#8211; Desarrollar la habilidad de\u00a0 negociaci\u00f3n.<br \/>\n&#8211; Especificar las t\u00e9cnicas concretas que faciliten la negociaci\u00f3n.<br \/>\n&#8211; Aplicar t\u00e9cnicas espec\u00edficas para la mejora de la comunicaci\u00f3n en los procesos de negociaci\u00f3n.<br \/>\n&#8211; Conocer caracter\u00edsticas para ser un buen negociador.<\/p>\n<h3 class=\"fusion-responsive-typography-calculated\" data-fontsize=\"22\" data-lineheight=\"35.2px\">Contenido Formativo<\/h3>\n<p><strong>Introducci\u00f3n a la negociaci\u00f3n<\/strong><br \/>\nNegociaci\u00f3n y sus fases.<br \/>\nFormas de negociar.<br \/>\nEstrategias y t\u00e1cticas.<br \/>\nCaracter\u00edsticas del buen negociador.<br \/>\nFlexibilidad y creatividad.<\/p>\n<p><strong>Preparaci\u00f3n<\/strong><br \/>\nRequisitos de la preparaci\u00f3n.<br \/>\n\u00bfQu\u00e9 debemos conocer?<br \/>\nObjetivo de la negociaci\u00f3n.<\/p>\n<p><strong>Fases del desarrollo de la negociaci\u00f3n<\/strong><br \/>\nPresentaci\u00f3n de la oferta.<br \/>\nDiscusi\u00f3n.<br \/>\nIntereses.<br \/>\nArgumentos.<br \/>\nObjeciones.<br \/>\nBloqueos.<\/p>\n<p><strong>Comunicaci\u00f3n efectiva en la negociaci\u00f3n<\/strong><br \/>\nComunicaci\u00f3n interpersonal.<br \/>\nEscucha activa.<br \/>\nRespuesta emp\u00e1tica.<br \/>\nAsertividad.<br \/>\nT\u00e9cnicas para mejorar la comunicaci\u00f3n.<\/p>\n<p><strong>Cierre<\/strong><br \/>\nAcuerdo.<br \/>\nSeguimiento del acuerdo.<br \/>\nRuptura.<\/p>\n<h3 class=\"fusion-responsive-typography-calculated\" data-fontsize=\"22\" data-lineheight=\"35.2px\">\u00bfA qui\u00e9n va dirigido?<\/h3>\n<p>A todas aquellas personas que deseen perfeccionar sus habilidades comunicativas, conocer estrategias y t\u00e9cnicas para afrontar las negociaciones incluso con los clientes m\u00e1s dif\u00edciles y quieran aprender a planificar las negociaciones seg\u00fan un proceso l\u00f3gico para facilitar su cierre.<\/p>\n<h3 class=\"fusion-responsive-typography-calculated\" data-fontsize=\"22\" data-lineheight=\"35.2px\">\u00bfPara qu\u00e9 te capacita?<\/h3>\n<p>Para afrontar de forma \u00f3ptima las negociaciones, aprendiendo a valorar y exponer las diferentes alternativas, y comunicarse de forma adecuada con los interlocutores.<\/p>\n<h3 class=\"fusion-responsive-typography-calculated\" data-fontsize=\"22\" data-lineheight=\"35.2px\">Otros datos de inter\u00e9s<\/h3>\n<p>&#8211; Las habilidades negociadoras mejorar\u00e1n e influir\u00e1n en muchos otros aspectos de tu vida, tanto personal como profesional. Por lo tanto, este curso tambi\u00e9n te ayudar\u00e1 a:<\/p>\n<ul>\n<li>Evaluar la improvisaci\u00f3n como t\u00e9cnica y habilidad efectiva para la negociaci\u00f3n.<\/li>\n<li>Reconocer las respuestas y estrategias para posibles situaciones dif\u00edciles dentro de una negociaci\u00f3n.<\/li>\n<li>Desarrollar las habilidades de comunicaci\u00f3n que permitan comunicarse de manera efectiva tanto en el \u00e1mbito empresarial como en el personal.<\/li>\n<li>Conocer las diferentes estrategias de negociaci\u00f3n que se pueden adoptar en funci\u00f3n del tipo de cliente al que te dirijas.<\/li>\n<li>Aplicar los m\u00e9todos de cierre de la negociaci\u00f3n adecuados en cada caso.<\/li>\n<\/ul>\n<p>&#8211; El contenido se presenta en base a situaciones que se producen en la vida diaria, a las que hay que enfrentarse y solucionar, por lo que se puede ver la aplicaci\u00f3n pr\u00e1ctica del contenido.<br \/>\n&#8211; Se presentan recursos muy atractivos para el alumnado, en distintos formatos, como son simulaciones de situaciones reales, esquemas, infograf\u00edas\u2026<br \/>\n&#8211; Se narra el contenido mediante audios, pero pudiendo ver visualmente en pantalla en todo momento de lo que se est\u00e1 hablando a trav\u00e9s de esquemas, infograf\u00edas, mapas conceptuales u otros recursos.<br \/>\n&#8211; Se definen t\u00e9rminos espec\u00edficos relacionados con la tem\u00e1tica.<br \/>\n&#8211; Se incluyen distintos recursos complementarios para poder profundizar en el contenido y actividades para ponerlo en pr\u00e1ctica.<br \/>\n&#8211; Se incluyen preguntas de autoevaluaci\u00f3n que ayudar\u00e1n a aumentar la compresi\u00f3n del texto y facilitar su asimilaci\u00f3n.<\/p>\n","protected":false},"excerpt":{"rendered":"<p>Modalidad: On Line Duraci\u00f3n: 30 Horas. Objetivos Identificar los conocimientos fundamentales para ser un buen negociador. &#8211; Seleccionar\u00a0 las estrategias y t\u00e1cticas b\u00e1sicas para afrontar con un \u00e9xito una negociaci\u00f3n. &#8211; Desarrollar la habilidad de\u00a0 negociaci\u00f3n. &#8211; Especificar las t\u00e9cnicas concretas que faciliten la negociaci\u00f3n.&hellip;<\/p>\n","protected":false},"featured_media":2172,"comment_status":"closed","ping_status":"closed","template":"","meta":[],"product_cat":[50],"product_tag":[],"class_list":{"0":"post-1883","1":"product","2":"type-product","3":"status-publish","4":"has-post-thumbnail","6":"product_cat-comercio-y-marketing","8":"first","9":"instock","10":"sale","11":"taxable","12":"shipping-taxable","13":"purchasable","14":"product-type-simple"},"_links":{"self":[{"href":"https:\/\/tienda.gevalia.es\/index.php?rest_route=\/wp\/v2\/product\/1883","targetHints":{"allow":["GET"]}}],"collection":[{"href":"https:\/\/tienda.gevalia.es\/index.php?rest_route=\/wp\/v2\/product"}],"about":[{"href":"https:\/\/tienda.gevalia.es\/index.php?rest_route=\/wp\/v2\/types\/product"}],"replies":[{"embeddable":true,"href":"https:\/\/tienda.gevalia.es\/index.php?rest_route=%2Fwp%2Fv2%2Fcomments&post=1883"}],"wp:featuredmedia":[{"embeddable":true,"href":"https:\/\/tienda.gevalia.es\/index.php?rest_route=\/wp\/v2\/media\/2172"}],"wp:attachment":[{"href":"https:\/\/tienda.gevalia.es\/index.php?rest_route=%2Fwp%2Fv2%2Fmedia&parent=1883"}],"wp:term":[{"taxonomy":"product_cat","embeddable":true,"href":"https:\/\/tienda.gevalia.es\/index.php?rest_route=%2Fwp%2Fv2%2Fproduct_cat&post=1883"},{"taxonomy":"product_tag","embeddable":true,"href":"https:\/\/tienda.gevalia.es\/index.php?rest_route=%2Fwp%2Fv2%2Fproduct_tag&post=1883"}],"curies":[{"name":"wp","href":"https:\/\/api.w.org\/{rel}","templated":true}]}}