{"id":1884,"date":"2022-08-17T12:46:02","date_gmt":"2022-08-17T12:46:02","guid":{"rendered":"https:\/\/tienda.gevalia.es\/?post_type=product&#038;p=1884"},"modified":"2022-09-02T11:21:09","modified_gmt":"2022-09-02T11:21:09","slug":"tecnicas-de-venta","status":"publish","type":"product","link":"https:\/\/tienda.gevalia.es\/?product=tecnicas-de-venta","title":{"rendered":"T\u00e9cnicas de venta."},"content":{"rendered":"<p>Modalidad: On Line<br \/>\nDuraci\u00f3n: 30 Horas<\/p>\n<h3 class=\"fusion-responsive-typography-calculated\" data-fontsize=\"22\" data-lineheight=\"35.2px\">Objetivos<\/h3>\n<p>Facilitar a personas que est\u00e9n interesadas en desarrollar su carrera profesional en el \u00e1rea comercial los conocimientos, destrezas y actitudes requeridos para poder desempe\u00f1ar las tareas propias del profesional de ventas.<br \/>\n&#8211; Conocer aspectos b\u00e1sicos en el sector de las ventas como el concepto de producto y los distintos tipos de venta.<br \/>\n&#8211; Aprender las habilidades b\u00e1sicas necesarias para ser un buen vendedor.<br \/>\n&#8211; Identificar a los distintos tipos de clientes y detectar sus necesidades.<br \/>\n&#8211; Desarrollar t\u00e9cnicas de comunicaci\u00f3n que ayuden al vendedor en el proceso de venta.<br \/>\n&#8211; Conocer cu\u00e1les son las etapas por las que pasa cualquier proceso de venta.<\/p>\n<h3 class=\"fusion-responsive-typography-calculated\" data-fontsize=\"22\" data-lineheight=\"35.2px\">Contenido Formativo<\/h3>\n<p><strong>Introducci\u00f3n a la venta<\/strong><br \/>\nEl producto.<br \/>\nTipos de venta.<\/p>\n<p><strong>El vendedor<\/strong><br \/>\nTipos de vendedores.<br \/>\nActividades del vendedor.<br \/>\nCaracter\u00edsticas del\u00a0 buen vendedor.<br \/>\nFormaci\u00f3n del vendedor.<\/p>\n<p><strong>El cliente<\/strong><br \/>\nClasificaci\u00f3n de las necesidades.<br \/>\nH\u00e1bitos y comportamiento del consumidor.<br \/>\nEl proceso de decisi\u00f3n de compra.<br \/>\nObservaci\u00f3n y clasificaci\u00f3n del cliente.<\/p>\n<p><strong>El proceso de ventas<\/strong><br \/>\nPlanificaci\u00f3n de la venta.<br \/>\nDesarrollo de la venta.<br \/>\nCierre de la venta.<br \/>\nDespu\u00e9s de la venta.<\/p>\n<h3 class=\"fusion-responsive-typography-calculated\" data-fontsize=\"22\" data-lineheight=\"35.2px\">\u00bfA qui\u00e9n va dirigido?<\/h3>\n<p>A todo tipo de personas que trabajen vendiendo productos o servicios de cara al p\u00fablico, o cuyos clientes no sean consumidores finales, sino otras empresas que compren los productos o servicios que se ofertan.<\/p>\n<h3 class=\"fusion-responsive-typography-calculated\" data-fontsize=\"22\" data-lineheight=\"35.2px\">\u00bfPara qu\u00e9 te capacita?<\/h3>\n<p>Para aportar los conocimientos necesarios para adquirir o mejorar tus habilidades como vendedor.<\/p>\n<h3 class=\"fusion-responsive-typography-calculated\" data-fontsize=\"22\" data-lineheight=\"35.2px\">Otros datos de inter\u00e9s<\/h3>\n<p>&#8211; La capacidad de autogesti\u00f3n mejorar\u00e1 e influir\u00e1 en muchos otros aspectos de tu vida, tanto personal como profesional. Por lo tanto, este curso tambi\u00e9n te ayudar\u00e1 a:<\/p>\n<ul>\n<li>Conocer la importancia que reviste el adecuado conocimiento del producto o servicio antes de iniciar la venta.<\/li>\n<li>Adquirir la formaci\u00f3n necesaria para ser un buen vendedor, conocer sus caracter\u00edsticas y las actividades que desempe\u00f1a.<\/li>\n<li>Desarrollar la venta utilizando un proceso que facilite el cierre de la misma.<\/li>\n<li>Utilizar las t\u00e9cnicas de venta adecuadas en funci\u00f3n del tipo de cliente con el que se trate.<\/li>\n<\/ul>\n<p>&#8211; El contenido se presenta en base a situaciones que se producen en la vida diaria, a las que hay que enfrentarse y solucionar, por lo que se puede ver la aplicaci\u00f3n pr\u00e1ctica del contenido.<br \/>\n&#8211; Se presentan recursos muy atractivos para el alumnado, en distintos formatos, como son simulaciones de situaciones reales, esquemas, infograf\u00edas\u2026<br \/>\n&#8211; Se narra el contenido mediante audios, pero pudiendo ver visualmente en pantalla en todo momento de lo que se est\u00e1 hablando a trav\u00e9s de esquemas, infograf\u00edas, mapas conceptuales u otros recursos.<br \/>\n&#8211; Se definen t\u00e9rminos espec\u00edficos relacionados con la tem\u00e1tica.<br \/>\n&#8211; Se incluyen distintos recursos complementarios para poder profundizar en el contenido y actividades para ponerlo en pr\u00e1ctica.<br \/>\n&#8211; Se incluyen preguntas de autoevaluaci\u00f3n que ayudar\u00e1n a aumentar la compresi\u00f3n del texto y facilitar su asimilaci\u00f3n.<\/p>\n","protected":false},"excerpt":{"rendered":"<p>Modalidad: On Line Duraci\u00f3n: 30 Horas Objetivos Facilitar a personas que est\u00e9n interesadas en desarrollar su carrera profesional en el \u00e1rea comercial los conocimientos, destrezas y actitudes requeridos para poder desempe\u00f1ar las tareas propias del profesional de ventas. &#8211; Conocer aspectos b\u00e1sicos en el sector&hellip;<\/p>\n","protected":false},"featured_media":2174,"comment_status":"closed","ping_status":"closed","template":"","meta":[],"product_cat":[50],"product_tag":[],"class_list":{"0":"post-1884","1":"product","2":"type-product","3":"status-publish","4":"has-post-thumbnail","6":"product_cat-comercio-y-marketing","8":"first","9":"instock","10":"sale","11":"taxable","12":"shipping-taxable","13":"purchasable","14":"product-type-simple"},"_links":{"self":[{"href":"https:\/\/tienda.gevalia.es\/index.php?rest_route=\/wp\/v2\/product\/1884","targetHints":{"allow":["GET"]}}],"collection":[{"href":"https:\/\/tienda.gevalia.es\/index.php?rest_route=\/wp\/v2\/product"}],"about":[{"href":"https:\/\/tienda.gevalia.es\/index.php?rest_route=\/wp\/v2\/types\/product"}],"replies":[{"embeddable":true,"href":"https:\/\/tienda.gevalia.es\/index.php?rest_route=%2Fwp%2Fv2%2Fcomments&post=1884"}],"wp:featuredmedia":[{"embeddable":true,"href":"https:\/\/tienda.gevalia.es\/index.php?rest_route=\/wp\/v2\/media\/2174"}],"wp:attachment":[{"href":"https:\/\/tienda.gevalia.es\/index.php?rest_route=%2Fwp%2Fv2%2Fmedia&parent=1884"}],"wp:term":[{"taxonomy":"product_cat","embeddable":true,"href":"https:\/\/tienda.gevalia.es\/index.php?rest_route=%2Fwp%2Fv2%2Fproduct_cat&post=1884"},{"taxonomy":"product_tag","embeddable":true,"href":"https:\/\/tienda.gevalia.es\/index.php?rest_route=%2Fwp%2Fv2%2Fproduct_tag&post=1884"}],"curies":[{"name":"wp","href":"https:\/\/api.w.org\/{rel}","templated":true}]}}