{"id":1889,"date":"2022-08-17T12:46:03","date_gmt":"2022-08-17T12:46:03","guid":{"rendered":"https:\/\/tienda.gevalia.es\/?post_type=product&#038;p=1889"},"modified":"2022-09-05T10:38:39","modified_gmt":"2022-09-05T10:38:39","slug":"uso-de-tablets-en-el-aula","status":"publish","type":"product","link":"https:\/\/tienda.gevalia.es\/?product=uso-de-tablets-en-el-aula","title":{"rendered":"Uso de tablets en el aula."},"content":{"rendered":"<p>Modalidad: On Line<br \/>\nDuraci\u00f3n: 56 Horas<\/p>\n<h3 class=\"fusion-responsive-typography-calculated\" data-fontsize=\"22\" data-lineheight=\"35.2px\">Objetivos<\/h3>\n<p>&#8211; Realizar una primera aproximaci\u00f3n te\u00f3rico-pr\u00e1ctica del uso de las\u00a0<em>tablets<\/em>\u00a0en el aula.<br \/>\n&#8211; Comprender la realidad pr\u00e1ctica del aula en la que se implementar\u00e1 el uso de las\u00a0<em>tablets.<\/em><br \/>\n&#8211; Saber generar y editar contenido educativo digital de forma aut\u00f3noma.<\/p>\n<h3 class=\"fusion-responsive-typography-calculated\" data-fontsize=\"22\" data-lineheight=\"35.2px\">Contenido Formativo<\/h3>\n<p><strong>La educaci\u00f3n en el siglo XXI<\/strong><br \/>\nIntroducci\u00f3n.<br \/>\nLas TIC en el aula.<br \/>\nMetodolog\u00edas educativas.<br \/>\nConsideraciones seg\u00fan la etapa educativa.<br \/>\nResumen.<\/p>\n<p><strong>Utilizaci\u00f3n de las<em>\u00a0tablets<\/em>\u00a0en el aula<\/strong><br \/>\nIntroducci\u00f3n.<br \/>\nRequisitos t\u00e9cnicos y organizativos.<br \/>\nHerramientas TIC y aplicaciones de uso educativo.<br \/>\nResumen.<\/p>\n<p><strong>Creaci\u00f3n de contenidos para su utilizaci\u00f3n desde las\u00a0<em>tablets<\/em><\/strong><br \/>\nIntroducci\u00f3n.<br \/>\nCreaci\u00f3n y adaptaci\u00f3n de contenidos.<br \/>\nPlataformas de difusi\u00f3n de contenidos.<br \/>\nResumen.<\/p>\n<h3 class=\"fusion-responsive-typography-calculated\" data-fontsize=\"22\" data-lineheight=\"35.2px\">\u00bfA qui\u00e9n va dirigido?<\/h3>\n<p>A todo el que desee profundizar en la implantaci\u00f3n de las\u00a0<em>tablets<\/em>\u00a0en las din\u00e1micas de aula y especialmente a docentes y profesionales de la educaci\u00f3n.<\/p>\n<h3 class=\"fusion-responsive-typography-calculated\" data-fontsize=\"22\" data-lineheight=\"35.2px\">\u00bfPara qu\u00e9 te capacita?<\/h3>\n<p>Para saber utilizar de manera \u00f3ptima las tablets en los centros docentes y aumentar la competencia digital.<\/p>\n<h3 class=\"fusion-responsive-typography-calculated\" data-fontsize=\"22\" data-lineheight=\"35.2px\">Otros datos de inter\u00e9s<\/h3>\n<p>&#8211; Mejorar la capacitaci\u00f3n docente.<br \/>\n&#8211; Aumentar la competencia digital.<br \/>\n&#8211; Implantar las TIC en el aula.<br \/>\n&#8211; Favorecer el entendimiento y comprensi\u00f3n del alumnado respecto a los conocimientos presentados.<br \/>\n&#8211; Elaborar contenidos y actividades m\u00e1s visuales e intuitivos.<br \/>\n&#8211; Conocer otros entornos educativos.<br \/>\n&#8211; Mejorar la formaci\u00f3n\u00a0<em>e-Learning<\/em>\u00a0y a distancia.<br \/>\n&#8211; Desenvolverse en las principales plataformas de gesti\u00f3n de aprendizaje.<br \/>\n&#8211; Aumentar el repertorio de materiales did\u00e1cticos.<br \/>\n&#8211; Compartir recursos con otros profesionales del sector.<br \/>\n&#8211; Descubrir nuevas herramientas did\u00e1cticas.<\/p>\n","protected":false},"excerpt":{"rendered":"<p>Modalidad: On Line Duraci\u00f3n: 56 Horas Objetivos &#8211; Realizar una primera aproximaci\u00f3n te\u00f3rico-pr\u00e1ctica del uso de las\u00a0tablets\u00a0en el aula. &#8211; Comprender la realidad pr\u00e1ctica del aula en la que se implementar\u00e1 el uso de las\u00a0tablets. &#8211; Saber generar y editar contenido educativo digital de forma&hellip;<\/p>\n","protected":false},"featured_media":2178,"comment_status":"closed","ping_status":"closed","template":"","meta":[],"product_cat":[52],"product_tag":[],"class_list":{"0":"post-1889","1":"product","2":"type-product","3":"status-publish","4":"has-post-thumbnail","6":"product_cat-docencia-pedagogia","8":"first","9":"instock","10":"sale","11":"taxable","12":"shipping-taxable","13":"purchasable","14":"product-type-simple"},"_links":{"self":[{"href":"https:\/\/tienda.gevalia.es\/index.php?rest_route=\/wp\/v2\/product\/1889","targetHints":{"allow":["GET"]}}],"collection":[{"href":"https:\/\/tienda.gevalia.es\/index.php?rest_route=\/wp\/v2\/product"}],"about":[{"href":"https:\/\/tienda.gevalia.es\/index.php?rest_route=\/wp\/v2\/types\/product"}],"replies":[{"embeddable":true,"href":"https:\/\/tienda.gevalia.es\/index.php?rest_route=%2Fwp%2Fv2%2Fcomments&post=1889"}],"wp:featuredmedia":[{"embeddable":true,"href":"https:\/\/tienda.gevalia.es\/index.php?rest_route=\/wp\/v2\/media\/2178"}],"wp:attachment":[{"href":"https:\/\/tienda.gevalia.es\/index.php?rest_route=%2Fwp%2Fv2%2Fmedia&parent=1889"}],"wp:term":[{"taxonomy":"product_cat","embeddable":true,"href":"https:\/\/tienda.gevalia.es\/index.php?rest_route=%2Fwp%2Fv2%2Fproduct_cat&post=1889"},{"taxonomy":"product_tag","embeddable":true,"href":"https:\/\/tienda.gevalia.es\/index.php?rest_route=%2Fwp%2Fv2%2Fproduct_tag&post=1889"}],"curies":[{"name":"wp","href":"https:\/\/api.w.org\/{rel}","templated":true}]}}

<p>Modalidad: On Line<br />
Duración: 56 Horas</p>
<h3 class="fusion-responsive-typography-calculated" data-fontsize="22" data-lineheight="35.2px">Objetivos</h3>
<p>&#8211; Realizar una primera aproximación teórico-práctica del uso de las <em>tablets</em> en el aula.<br />
&#8211; Comprender la realidad práctica del aula en la que se implementará el uso de las <em>tablets.</em><br />
&#8211; Saber generar y editar contenido educativo digital de forma autónoma.</p>
<h3 class="fusion-responsive-typography-calculated" data-fontsize="22" data-lineheight="35.2px">Contenido Formativo</h3>
<p><strong>La educación en el siglo XXI</strong><br />
Introducción.<br />
Las TIC en el aula.<br />
Metodologías educativas.<br />
Consideraciones según la etapa educativa.<br />
Resumen.</p>
<p><strong>Utilización de las<em> tablets</em> en el aula</strong><br />
Introducción.<br />
Requisitos técnicos y organizativos.<br />
Herramientas TIC y aplicaciones de uso educativo.<br />
Resumen.</p>
<p><strong>Creación de contenidos para su utilización desde las <em>tablets</em></strong><br />
Introducción.<br />
Creación y adaptación de contenidos.<br />
Plataformas de difusión de contenidos.<br />
Resumen.</p>
<h3 class="fusion-responsive-typography-calculated" data-fontsize="22" data-lineheight="35.2px">¿A quién va dirigido?</h3>
<p>A todo el que desee profundizar en la implantación de las <em>tablets</em> en las dinámicas de aula y especialmente a docentes y profesionales de la educación.</p>
<h3 class="fusion-responsive-typography-calculated" data-fontsize="22" data-lineheight="35.2px">¿Para qué te capacita?</h3>
<p>Para saber utilizar de manera óptima las tablets en los centros docentes y aumentar la competencia digital.</p>
<h3 class="fusion-responsive-typography-calculated" data-fontsize="22" data-lineheight="35.2px">Otros datos de interés</h3>
<p>&#8211; Mejorar la capacitación docente.<br />
&#8211; Aumentar la competencia digital.<br />
&#8211; Implantar las TIC en el aula.<br />
&#8211; Favorecer el entendimiento y comprensión del alumnado respecto a los conocimientos presentados.<br />
&#8211; Elaborar contenidos y actividades más visuales e intuitivos.<br />
&#8211; Conocer otros entornos educativos.<br />
&#8211; Mejorar la formación <em>e-Learning</em> y a distancia.<br />
&#8211; Desenvolverse en las principales plataformas de gestión de aprendizaje.<br />
&#8211; Aumentar el repertorio de materiales didácticos.<br />
&#8211; Compartir recursos con otros profesionales del sector.<br />
&#8211; Descubrir nuevas herramientas didácticas.</p>

<p>Modalidad: On Line Duración: 56 Horas Objetivos &#8211; Realizar una primera aproximación teórico-práctica del uso de las tablets en el aula. &#8211; Comprender la realidad práctica del aula en la que se implementará el uso de las tablets. &#8211; Saber generar y editar contenido educativo digital de forma&hellip;</p>
