{"id":1892,"date":"2022-08-17T12:46:03","date_gmt":"2022-08-17T12:46:03","guid":{"rendered":"https:\/\/tienda.gevalia.es\/?post_type=product&#038;p=1892"},"modified":"2022-09-05T11:07:49","modified_gmt":"2022-09-05T11:07:49","slug":"basico-de-prevencion-de-riesgos-laborales-para-centro-infantil","status":"publish","type":"product","link":"https:\/\/tienda.gevalia.es\/?product=basico-de-prevencion-de-riesgos-laborales-para-centro-infantil","title":{"rendered":"B\u00e1sico de Prevenci\u00f3n de Riesgos Laborales para Centro Infantil."},"content":{"rendered":"<p>Modalidad: On Line<br \/>\nDuraci\u00f3n: 30 Horas<\/p>\n<h3 class=\"fusion-responsive-typography-calculated\" data-fontsize=\"22\" data-lineheight=\"35.2px\">Objetivos<\/h3>\n<p>&#8211; Prever los riesgos en el trabajo y determinar acciones preventivas elementales y\/o de protecci\u00f3n a la salud minimizando factores de riesgo.<br \/>\n&#8211; Establecer el marco conceptual y legislativo que rodea la prevenci\u00f3n de riesgos laborales.<br \/>\n&#8211; Realizar evaluaciones elementales de riesgos y establecer medidas preventivas as\u00ed como participar en las acciones de emergencia y primeros auxilios.<br \/>\n&#8211; Detectar los principales riesgos inherentes al puesto de trabajo y adoptar las medidas preventivas elementales.<br \/>\n&#8211; Reconocer la forma de gestionar la prevenci\u00f3n de riesgos laborales en la empresa, los principios que integran la acci\u00f3n preventiva y la organizaci\u00f3n de la prevenci\u00f3n en la empresa, conociendo las diferentes instituciones y organismos, nacionales e internacionales, que intervienen en el \u00e1mbito de la prevenci\u00f3n de riesgos.<\/p>\n<h3 class=\"fusion-responsive-typography-calculated\" data-fontsize=\"22\" data-lineheight=\"35.2px\">Contenido Formativo<\/h3>\n<p><strong>Conceptos b\u00e1sicos sobre seguridad y salud en el trabajo<\/strong><br \/>\nEl trabajo y la salud: riesgos profesionales. Factores de riesgo.<br \/>\nDa\u00f1os derivados del trabajo. Los accidentes de trabajo y las enfermedades profesionales. Otras patolog\u00edas derivadas del trabajo<br \/>\nAccidentes de trabajo<br \/>\nEnfermedades profesionales<br \/>\nOtras patolog\u00edas derivadas del trabajo<br \/>\nMarco normativo b\u00e1sico en materia de prevenci\u00f3n de riesgos laborales<br \/>\nLey 31\/1995<br \/>\nReal Decreto 485\/1997<br \/>\nReal Decreto 486\/1997<br \/>\nOtras normas relacionadas con la prevenci\u00f3n de riesgos laborales<br \/>\nResumen.<\/p>\n<p><strong>Riesgos generales y su prevenci\u00f3n<\/strong><br \/>\nRiesgos ligados a las condiciones de seguridad<br \/>\nRiesgos ligados a los lugares de trabajo<br \/>\nRiesgos ligados a la utilizaci\u00f3n de m\u00e1quinas, equipos y herramientas<br \/>\nRiesgos ligados a las instalaciones<br \/>\nRiesgos ligados al medio-ambiente de trabajo<br \/>\nLa exposici\u00f3n laboral a agentes f\u00edsicos<br \/>\nLa exposici\u00f3n laboral a agentes qu\u00edmicos<br \/>\nLa exposici\u00f3n laboral a agentes biol\u00f3gicos<br \/>\nLa carga de trabajo, la fatiga y la insatisfacci\u00f3n laboral<br \/>\nFatiga<br \/>\nInsatisfacci\u00f3n laboral<br \/>\nSistemas elementales de control de riesgos. Protecci\u00f3n colectiva e individual<br \/>\nSistemas elementales de control de riesgos<br \/>\nOtros sistemas de control de riesgos: protecci\u00f3n colectiva y protecci\u00f3n individual<br \/>\nPlanes de emergencia y evacuaci\u00f3n<br \/>\nPlan de emergencia<br \/>\nPlan de evacuaci\u00f3n<br \/>\nPrimeros auxilios<br \/>\nConcepto<br \/>\nConsejos generales de socorrismo<br \/>\nActivaci\u00f3n del sistema de emergencias<br \/>\nLa formaci\u00f3n en socorrismo laboral<br \/>\nLa evaluaci\u00f3n primaria de un accidentado<br \/>\nEmergencias m\u00e9dicas: T\u00e9cnica del soporte vital b\u00e1sico y hemorragias<br \/>\nEl control de la salud de los trabajadores<br \/>\nResumen<\/p>\n<p><strong>Riesgos espec\u00edficos y su prevenci\u00f3n en el sector de centro infantil<\/strong><br \/>\nLugares de trabajo<br \/>\nMedidas higi\u00e9nico-sanitarias<br \/>\nMedidas de prevenci\u00f3n de accidentes<br \/>\nCa\u00eddas y golpes<br \/>\nHeridas y hemorragias<br \/>\nQuemaduras<br \/>\nCuerpo extra\u00f1o<br \/>\nIngesti\u00f3n de medicamentos y otros productos t\u00f3xicos<br \/>\nElectrocuci\u00f3n<br \/>\nMordeduras y ara\u00f1azos de animales. Picaduras de insectos<br \/>\nAccidente grave<br \/>\nOtras situaciones de emergencia<br \/>\nIdentificaci\u00f3n de riesgos y medidas preventivas<br \/>\nEvaluaci\u00f3n inicial de los riesgos<br \/>\nRiesgos y medidas preventivas<br \/>\nLegislaci\u00f3n<br \/>\nResumen<\/p>\n<p><strong>Elementos b\u00e1sicos de gesti\u00f3n de la prevenci\u00f3n de riesgos<\/strong><br \/>\nLa gesti\u00f3n de la prevenci\u00f3n de riesgos laborales en la empresa<br \/>\nObligaciones espec\u00edficas del empresario<br \/>\nEl sistema de Prevenci\u00f3n de Riesgos Laborales<br \/>\nEl Sistema de prevenci\u00f3n y el Plan de prevenci\u00f3n<br \/>\nEvaluaci\u00f3n de los riesgos<br \/>\nPlanificaci\u00f3n de la prevenci\u00f3n y ejecuci\u00f3n de la actividad preventiva<br \/>\nDocumentaci\u00f3n<br \/>\nModalidades de recursos humanos y materiales para el desarrollo de actividades preventivas<br \/>\nAsunci\u00f3n personal por el empresario de la actividad preventiva<br \/>\nDesignaci\u00f3n de trabajadores para la actividad preventiva<br \/>\nServicio de prevenci\u00f3n propio<br \/>\nServicios de prevenci\u00f3n mancomunados<br \/>\nServicio de prevenci\u00f3n ajeno<br \/>\nPresencia en el centro de trabajo de los recursos preventivos<br \/>\nOrganismos p\u00fablicos relacionados con la seguridad y salud en el trabajo<br \/>\nInstituciones y organismos internacionales<br \/>\nOrganismos nacionales<br \/>\nOrganismos de car\u00e1cter auton\u00f3mico<br \/>\nResumen<\/p>\n<h3 class=\"fusion-responsive-typography-calculated\" data-fontsize=\"22\" data-lineheight=\"35.2px\">\u00bfA qui\u00e9n va dirigido?<\/h3>\n<p>A toda aquella persona que realiza sus labores en un centro infantil y desee recibir formaci\u00f3n e informaci\u00f3n sobre la forma correcta de actuar, teniendo muy en cuenta que debe ser formado e informado en materia preventiva.<\/p>\n<h3 class=\"fusion-responsive-typography-calculated\" data-fontsize=\"22\" data-lineheight=\"35.2px\">\u00bfPara qu\u00e9 te capacita?<\/h3>\n<p>&#8211; Para llevar a cabo las responsabilidades profesionales de nivel b\u00e1sico en prevenci\u00f3n de riesgos laborales, de acuerdo al Anexo IV del Reglamento de los servicios de prevenci\u00f3n aprobado por el Real Decreto 39\/1997, de 17 de enero.<br \/>\n&#8211; Para que los trabajadores de almac\u00e9n adquirieran los suficientes conocimientos en materia de Prevenci\u00f3n de Riesgos Laborales para posteriormente llevarlos a la pr\u00e1ctica. Poner en funcionamiento estos conocimientos conlleva la optimizaci\u00f3n de la organizaci\u00f3n del trabajo, gesti\u00f3n, h\u00e1bitos, etc.<\/p>\n<h3 class=\"fusion-responsive-typography-calculated\" data-fontsize=\"22\" data-lineheight=\"35.2px\">Otros datos de inter\u00e9s<\/h3>\n<p>&#8211; Para que los de Centro infantil sin conocimientos previos en prevenci\u00f3n adquieran una buena base en la materia.<br \/>\n&#8211; Para aquellos trabajadores de centro infantil que deseen reforzar sus conocimientos preventivos y profundizar en aspectos espec\u00edficos.<br \/>\n&#8211; El presente curso desarrolla, a trav\u00e9s sus unidades did\u00e1cticas, diversos aspectos relativos a la prevenci\u00f3n de riesgos laborales en centro infantil, interesantes para los particulares y para las empresas.<\/p>\n","protected":false},"excerpt":{"rendered":"<p>Modalidad: On Line Duraci\u00f3n: 30 Horas Objetivos &#8211; Prever los riesgos en el trabajo y determinar acciones preventivas elementales y\/o de protecci\u00f3n a la salud minimizando factores de riesgo. &#8211; Establecer el marco conceptual y legislativo que rodea la prevenci\u00f3n de riesgos laborales. &#8211; Realizar&hellip;<\/p>\n","protected":false},"featured_media":2182,"comment_status":"closed","ping_status":"closed","template":"","meta":[],"product_cat":[54],"product_tag":[],"class_list":{"0":"post-1892","1":"product","2":"type-product","3":"status-publish","4":"has-post-thumbnail","6":"product_cat-formacion-complementaria","8":"first","9":"instock","10":"sale","11":"taxable","12":"shipping-taxable","13":"purchasable","14":"product-type-simple"},"_links":{"self":[{"href":"https:\/\/tienda.gevalia.es\/index.php?rest_route=\/wp\/v2\/product\/1892","targetHints":{"allow":["GET"]}}],"collection":[{"href":"https:\/\/tienda.gevalia.es\/index.php?rest_route=\/wp\/v2\/product"}],"about":[{"href":"https:\/\/tienda.gevalia.es\/index.php?rest_route=\/wp\/v2\/types\/product"}],"replies":[{"embeddable":true,"href":"https:\/\/tienda.gevalia.es\/index.php?rest_route=%2Fwp%2Fv2%2Fcomments&post=1892"}],"wp:featuredmedia":[{"embeddable":true,"href":"https:\/\/tienda.gevalia.es\/index.php?rest_route=\/wp\/v2\/media\/2182"}],"wp:attachment":[{"href":"https:\/\/tienda.gevalia.es\/index.php?rest_route=%2Fwp%2Fv2%2Fmedia&parent=1892"}],"wp:term":[{"taxonomy":"product_cat","embeddable":true,"href":"https:\/\/tienda.gevalia.es\/index.php?rest_route=%2Fwp%2Fv2%2Fproduct_cat&post=1892"},{"taxonomy":"product_tag","embeddable":true,"href":"https:\/\/tienda.gevalia.es\/index.php?rest_route=%2Fwp%2Fv2%2Fproduct_tag&post=1892"}],"curies":[{"name":"wp","href":"https:\/\/api.w.org\/{rel}","templated":true}]}}