{"id":1910,"date":"2022-08-17T12:46:15","date_gmt":"2022-08-17T12:46:15","guid":{"rendered":"https:\/\/tienda.gevalia.es\/?post_type=product&#038;p=1910"},"modified":"2022-09-05T12:07:14","modified_gmt":"2022-09-05T12:07:14","slug":"coaching-empresarial-creativo-y-gestion-de-equipos","status":"publish","type":"product","link":"https:\/\/tienda.gevalia.es\/?product=coaching-empresarial-creativo-y-gestion-de-equipos","title":{"rendered":"Coaching empresarial, creativo y gesti\u00f3n de equipos."},"content":{"rendered":"<p>Modalidad: On Line<br \/>\nDuraci\u00f3n: 15 Horas<\/p>\n<h3 class=\"fusion-responsive-typography-calculated\" data-fontsize=\"22\" data-lineheight=\"35.2px\">Objetivos<\/h3>\n<p>&#8211; Conocer qu\u00e9 es coaching y sus conceptos b\u00e1sicos aplicados al \u00e1mbito empresarial y a la gesti\u00f3n de equipos.<br \/>\n&#8211; Capacitar a los alumnos del curso en mejorar herramientas relacionadas con el liderazgo y la gesti\u00f3n de equipos.<br \/>\n&#8211; Informar\/conocer las herramientas que pueden utilizarse para Gestionar equipos de trabajo de forma creativa.<\/p>\n<h3 class=\"fusion-responsive-typography-calculated\" data-fontsize=\"22\" data-lineheight=\"35.2px\">Contenido Formativo<\/h3>\n<p><strong>Coaching Empresarial. Beneficios para el \u00e1mbito empresarial<\/strong><br \/>\nQu\u00e9 es Coaching Empresarial.<br \/>\nContexto de aplicaci\u00f3n.<br \/>\nPunto de partida.<\/p>\n<p><strong>El l\u00edder Coach. Pilares b\u00e1sicos<\/strong><br \/>\nActitudes a fomentar: responsabilidad, conciencia y congruencia.<br \/>\nCreencias Limitantes vs creencias potenciadoras.<br \/>\nElaborando mi Plan de Acci\u00f3n: redacci\u00f3n de objetivos SMART.<\/p>\n<p><strong>Recursos a potenciar para lograr tus objetivos<\/strong><br \/>\nComunicaci\u00f3n eficaz, desarrollo de la escucha activa.<br \/>\nLas preguntas poderosas.<br \/>\nDesarrollo de la empat\u00eda.<br \/>\nFeedback, una herramienta clave en la comunicaci\u00f3n.<\/p>\n<p><strong>Gesti\u00f3n de equipos de alto rendimiento<\/strong><br \/>\nLiderazgo y tipos de liderazgos.<br \/>\nCaracter\u00edsticas de un buen L\u00edder.<br \/>\nValores empresariales y cohesi\u00f3n de grupo.<br \/>\nAcciones b\u00e1sicas: motivaci\u00f3n, participaci\u00f3n, implicaci\u00f3n y creatividad.<\/p>\n<h3 class=\"fusion-responsive-typography-calculated\" data-fontsize=\"22\" data-lineheight=\"35.2px\">\u00bfA qui\u00e9n va dirigido?<\/h3>\n<p>A todos aquellos trabajadores que quieran mejorar sus logros empresariales y mejorar sus competencias profesionales en la gesti\u00f3n de equipos de alto rendimiento.<\/p>\n<h3 class=\"fusion-responsive-typography-calculated\" data-fontsize=\"22\" data-lineheight=\"35.2px\">\u00bfPara qu\u00e9 te capacita?<\/h3>\n<p>Para mejorar la capacidad de gesti\u00f3n de equipos de trabajo con resultados \u00f3ptimos, as\u00ed como la consecuci\u00f3n de objetivos empresariales utilizando conceptos y herramientas de coaching empresarial.<\/p>\n<h3 class=\"fusion-responsive-typography-calculated\" data-fontsize=\"22\" data-lineheight=\"35.2px\">Otros datos de inter\u00e9s<\/h3>\n<p>&#8211; Las herramientas de coaching ayudan a ampliar la visi\u00f3n de la situaci\u00f3n as\u00ed como a tomar una actitud de \u201cresponsabilidad\u201d y acci\u00f3n frente a los problemas.<br \/>\n&#8211; Los equipos de trabajo mejoran su rendimiento cuando se aplica con ellos conceptos y teor\u00edas basadas en el coaching empresarial y en la Inteligencia emocional.<br \/>\n&#8211; Ante situaci\u00f3n de incertidumbre econ\u00f3mica, por ejemplo, se requiere de otro tipo de conocimiento m\u00e1s flexible y \u201cadaptable\u201d a cada situaci\u00f3n, por lo que el coaching empresarial es una herramienta b\u00e1sica para profesionales en la Gesti\u00f3n de Equipos.<\/p>\n","protected":false},"excerpt":{"rendered":"<p>Modalidad: On Line Duraci\u00f3n: 15 Horas Objetivos &#8211; Conocer qu\u00e9 es coaching y sus conceptos b\u00e1sicos aplicados al \u00e1mbito empresarial y a la gesti\u00f3n de equipos. &#8211; Capacitar a los alumnos del curso en mejorar herramientas relacionadas con el liderazgo y la gesti\u00f3n de equipos.&hellip;<\/p>\n","protected":false},"featured_media":2206,"comment_status":"closed","ping_status":"closed","template":"","meta":[],"product_cat":[55],"product_tag":[],"class_list":{"0":"post-1910","1":"product","2":"type-product","3":"status-publish","4":"has-post-thumbnail","6":"product_cat-habilidades-directivas","8":"first","9":"instock","10":"sale","11":"taxable","12":"shipping-taxable","13":"purchasable","14":"product-type-simple"},"_links":{"self":[{"href":"https:\/\/tienda.gevalia.es\/index.php?rest_route=\/wp\/v2\/product\/1910","targetHints":{"allow":["GET"]}}],"collection":[{"href":"https:\/\/tienda.gevalia.es\/index.php?rest_route=\/wp\/v2\/product"}],"about":[{"href":"https:\/\/tienda.gevalia.es\/index.php?rest_route=\/wp\/v2\/types\/product"}],"replies":[{"embeddable":true,"href":"https:\/\/tienda.gevalia.es\/index.php?rest_route=%2Fwp%2Fv2%2Fcomments&post=1910"}],"wp:featuredmedia":[{"embeddable":true,"href":"https:\/\/tienda.gevalia.es\/index.php?rest_route=\/wp\/v2\/media\/2206"}],"wp:attachment":[{"href":"https:\/\/tienda.gevalia.es\/index.php?rest_route=%2Fwp%2Fv2%2Fmedia&parent=1910"}],"wp:term":[{"taxonomy":"product_cat","embeddable":true,"href":"https:\/\/tienda.gevalia.es\/index.php?rest_route=%2Fwp%2Fv2%2Fproduct_cat&post=1910"},{"taxonomy":"product_tag","embeddable":true,"href":"https:\/\/tienda.gevalia.es\/index.php?rest_route=%2Fwp%2Fv2%2Fproduct_tag&post=1910"}],"curies":[{"name":"wp","href":"https:\/\/api.w.org\/{rel}","templated":true}]}}