{"id":1918,"date":"2022-08-17T12:46:16","date_gmt":"2022-08-17T12:46:16","guid":{"rendered":"https:\/\/tienda.gevalia.es\/?post_type=product&#038;p=1918"},"modified":"2022-09-05T16:18:45","modified_gmt":"2022-09-05T16:18:45","slug":"planchado-y-arreglo-de-ropa-en-alojamientos","status":"publish","type":"product","link":"https:\/\/tienda.gevalia.es\/?product=planchado-y-arreglo-de-ropa-en-alojamientos","title":{"rendered":"Planchado y arreglo de ropa en alojamientos."},"content":{"rendered":"<p>Modalidad: On Line<br \/>\nDuraci\u00f3n: 90 Horas<\/p>\n<h3 class=\"fusion-responsive-typography-calculated\" data-fontsize=\"22\" data-lineheight=\"35.2px\">Objetivos<\/h3>\n<p>&#8211; Interpretar correctamente informaci\u00f3n oral y escrita, ya sean instrucciones, indicaciones, especificaciones t\u00e9cnicas o etiquetas de productos qu\u00edmicos, vales u otros documentos utilizados en el proceso de planchado y arreglo de ropa y en la confecci\u00f3n de art\u00edculos textiles sencillos.<br \/>\n&#8211; Clasificar las ropas para su planchado.<br \/>\n&#8211; Describir y ejecutar las t\u00e9cnicas de planchado, doblado y presentaci\u00f3n de ropa, aplicando el procedimiento adecuado y utilizando la maquinaria establecida.<br \/>\n&#8211; Describir y aplicar t\u00e9cnicas de cosido a mano y a m\u00e1quina, empleando los medios y materiales adecuados.<br \/>\n&#8211; Aplicar las t\u00e9cnicas para el almacenaje, control y mantenimiento de los productos, utensilios y lencer\u00eda propios del \u00e1rea de alojamiento.<br \/>\n&#8211; Reconocer y aplicar las normas y medidas internas de seguridad, higiene y salud en los procesos de planchado, arreglo y confecci\u00f3n de ropa propios de establecimientos de alojamiento.<\/p>\n<h3 class=\"fusion-responsive-typography-calculated\" data-fontsize=\"22\" data-lineheight=\"35.2px\">Contenido Formativo<\/h3>\n<p><strong>Procedimientos administrativos y comunicaci\u00f3n interna en el taller de planchado y costura<\/strong><br \/>\nIntroducci\u00f3n<br \/>\nCircuitos internos de comunicaci\u00f3n en el taller de planchado y costura de alojamientos<br \/>\nRelaciones con otros departamentos: pisos y lavander\u00eda<br \/>\nDocumentaci\u00f3n utilizada en el taller de planchado y costura: tipos y cumplimentaci\u00f3n<br \/>\nResumen<\/p>\n<p><strong>Clasificaci\u00f3n de ropas para el planchado en alojamientos<\/strong><br \/>\nIntroducci\u00f3n<br \/>\nSimbolog\u00eda del etiquetado de ropas para el planchado<br \/>\nClasificaci\u00f3n de los distintos tipos de fibras seg\u00fan su comportamiento al planchado<br \/>\nComportamiento de los distintos tipos de telas seg\u00fan su comportamiento al planchado<br \/>\nT\u00e9cnicas de clasificaci\u00f3n de la ropa para el planchado: Identificaci\u00f3n, descripci\u00f3n, aplicaci\u00f3n<br \/>\nResumen<\/p>\n<p><strong>Planchado, plegado, empaquetado o embolso de ropa en alojamientos<\/strong><br \/>\nIntroducci\u00f3n<br \/>\nEl proceso de planchado y plegado<br \/>\nMaquinaria espec\u00edfica: Caracter\u00edsticas, funcionamiento y precauciones de uso seg\u00fan tipos<br \/>\nElementos complementarios para el planchado y plegado<br \/>\nCaracter\u00edsticas, funciones y normas de uso b\u00e1sicas de productos asociados al planchado<br \/>\nEl proceso de empaquetado o embolso de ropa<br \/>\nResumen<\/p>\n<p><strong>Costura en alojamientos<\/strong><br \/>\nIntroducci\u00f3n<br \/>\nMateriales de costura<br \/>\nLa m\u00e1quina de coser. Tipos. Funcionamiento. Reglaje<br \/>\nT\u00e9cnicas b\u00e1sicas de costura y su aplicaci\u00f3n. a mano. a m\u00e1quina<br \/>\nEl zurcido. clases. t\u00e9cnicas. aplicaciones<br \/>\nResumen<\/p>\n<p><strong>Almacenamiento y distribuci\u00f3n interna de ropas y productos para el planchado<\/strong><br \/>\nIntroducci\u00f3n<br \/>\nProcesos administrativos relativos a la recepci\u00f3n, almacenamiento, distribuci\u00f3n interna y expedici\u00f3n de existencias<br \/>\nDistribuci\u00f3n interna de ropas planchadas<br \/>\nProceso organizativo del almacenamiento de productos y utensilios para el planchado<br \/>\nAplicaci\u00f3n de procedimientos de gesti\u00f3n de stocks<br \/>\nResumen<\/p>\n<p><strong>Normativa de seguridad, higiene y salud<\/strong><br \/>\nIntroducci\u00f3n<br \/>\nNormativa de seguridad, higiene y salud en los procesos de planchado y arreglo de ropa propios de establecimientos de alojamiento<br \/>\nRequisitos higi\u00e9nicos generales de instalaciones y equipos para el planchado y arreglo de ropa<br \/>\nSalud e higiene personal<br \/>\nMedidas de prevenci\u00f3n y protecci\u00f3n<br \/>\nEquipamiento personal de seguridad<br \/>\nResumen<\/p>\n<h3 class=\"fusion-responsive-typography-calculated\" data-fontsize=\"22\" data-lineheight=\"35.2px\">\u00bfA qui\u00e9n va dirigido?<\/h3>\n<p>A camareras de pisos (hosteler\u00eda),\u00a0mozos de habitaci\u00f3n,\u00a0auxiliares de pisos y limpieza y\u00a0auxiliares de lavander\u00eda y lencer\u00eda en establecimientos de alojamiento.<\/p>\n<h3 class=\"fusion-responsive-typography-calculated\" data-fontsize=\"22\" data-lineheight=\"35.2px\">\u00bfPara qu\u00e9 te capacita?<\/h3>\n<p>Para realizar las actividades de planchado y arreglo de ropa, propias de establecimientos de alojamientos.<\/p>\n<h3 class=\"fusion-responsive-typography-calculated\" data-fontsize=\"22\" data-lineheight=\"35.2px\">Otros datos de inter\u00e9s<\/h3>\n<p>&#8211; Es muy \u00fatil para las personas que est\u00e9n interesadas en aprender esta profesi\u00f3n.<br \/>\n&#8211; Tambi\u00e9n va dirigido a profesionales que deseen actualizar sus conocimientos y profundizar en aspectos \u00a0propios de \u00e1rea de pisos.<br \/>\n&#8211; El curso incluye diferentes ejercicios te\u00f3rico-pr\u00e1cticos para facilitar la asimilaci\u00f3n de contenidos.<br \/>\n&#8211; Se trata de un manual, did\u00e1ctico, pr\u00e1ctico con ilustraciones y ejercicios de autoevaluaci\u00f3n que ayudan, de forma amena, a la comprensi\u00f3n del temario.<\/p>\n","protected":false},"excerpt":{"rendered":"<p>Modalidad: On Line Duraci\u00f3n: 90 Horas Objetivos &#8211; Interpretar correctamente informaci\u00f3n oral y escrita, ya sean instrucciones, indicaciones, especificaciones t\u00e9cnicas o etiquetas de productos qu\u00edmicos, vales u otros documentos utilizados en el proceso de planchado y arreglo de ropa y en la confecci\u00f3n de art\u00edculos&hellip;<\/p>\n","protected":false},"featured_media":2220,"comment_status":"closed","ping_status":"closed","template":"","meta":[],"product_cat":[56],"product_tag":[],"class_list":{"0":"post-1918","1":"product","2":"type-product","3":"status-publish","4":"has-post-thumbnail","6":"product_cat-hosteleria-y-turismo","8":"first","9":"instock","10":"sale","11":"taxable","12":"shipping-taxable","13":"purchasable","14":"product-type-simple"},"_links":{"self":[{"href":"https:\/\/tienda.gevalia.es\/index.php?rest_route=\/wp\/v2\/product\/1918","targetHints":{"allow":["GET"]}}],"collection":[{"href":"https:\/\/tienda.gevalia.es\/index.php?rest_route=\/wp\/v2\/product"}],"about":[{"href":"https:\/\/tienda.gevalia.es\/index.php?rest_route=\/wp\/v2\/types\/product"}],"replies":[{"embeddable":true,"href":"https:\/\/tienda.gevalia.es\/index.php?rest_route=%2Fwp%2Fv2%2Fcomments&post=1918"}],"wp:featuredmedia":[{"embeddable":true,"href":"https:\/\/tienda.gevalia.es\/index.php?rest_route=\/wp\/v2\/media\/2220"}],"wp:attachment":[{"href":"https:\/\/tienda.gevalia.es\/index.php?rest_route=%2Fwp%2Fv2%2Fmedia&parent=1918"}],"wp:term":[{"taxonomy":"product_cat","embeddable":true,"href":"https:\/\/tienda.gevalia.es\/index.php?rest_route=%2Fwp%2Fv2%2Fproduct_cat&post=1918"},{"taxonomy":"product_tag","embeddable":true,"href":"https:\/\/tienda.gevalia.es\/index.php?rest_route=%2Fwp%2Fv2%2Fproduct_tag&post=1918"}],"curies":[{"name":"wp","href":"https:\/\/api.w.org\/{rel}","templated":true}]}}