{"id":1977,"date":"2022-08-17T12:46:37","date_gmt":"2022-08-17T12:46:37","guid":{"rendered":"https:\/\/tienda.gevalia.es\/?post_type=product&#038;p=1977"},"modified":"2022-09-09T14:01:29","modified_gmt":"2022-09-09T14:01:29","slug":"imparticion-de-acciones-formativas-para-el-empleo","status":"publish","type":"product","link":"https:\/\/tienda.gevalia.es\/?product=imparticion-de-acciones-formativas-para-el-empleo","title":{"rendered":"Impartici\u00f3n de acciones formativas para el empleo."},"content":{"rendered":"<p>Modalidad: On Line<br \/>\nDuraci\u00f3n: 70 Horas<\/p>\n<h3 class=\"fusion-responsive-typography-calculated\" data-fontsize=\"22\" data-lineheight=\"35.2px\">Objetivos<\/h3>\n<p>&#8211; Definir estrategias que faciliten el aprendizaje de adultos, previo a la acci\u00f3n formativa.<br \/>\n&#8211; Promover la motivaci\u00f3n y la participaci\u00f3n activa.<br \/>\n&#8211; Usar t\u00e9cnicas de comunicaci\u00f3n aplicables y adaptadas a la acci\u00f3n formativa.<br \/>\n&#8211; Aplicar las habilidades docentes necesarias para desarrollar la impartici\u00f3n de la acci\u00f3n formativa favoreciendo el proceso de ense\u00f1anza\u2013aprendizaje.<\/p>\n","protected":false},"excerpt":{"rendered":"<p>Modalidad: On Line Duraci\u00f3n: 70 Horas Objetivos &#8211; Definir estrategias que faciliten el aprendizaje de adultos, previo a la acci\u00f3n formativa. &#8211; Promover la motivaci\u00f3n y la participaci\u00f3n activa. &#8211; Usar t\u00e9cnicas de comunicaci\u00f3n aplicables y adaptadas a la acci\u00f3n formativa. &#8211; Aplicar las habilidades&hellip;<\/p>\n","protected":false},"featured_media":2254,"comment_status":"closed","ping_status":"closed","template":"","meta":[],"product_cat":[61],"product_tag":[],"class_list":{"0":"post-1977","1":"product","2":"type-product","3":"status-publish","4":"has-post-thumbnail","6":"product_cat-servicios-socioculturales-y-la-comunidad","8":"first","9":"instock","10":"sale","11":"taxable","12":"shipping-taxable","13":"purchasable","14":"product-type-simple"},"_links":{"self":[{"href":"https:\/\/tienda.gevalia.es\/index.php?rest_route=\/wp\/v2\/product\/1977","targetHints":{"allow":["GET"]}}],"collection":[{"href":"https:\/\/tienda.gevalia.es\/index.php?rest_route=\/wp\/v2\/product"}],"about":[{"href":"https:\/\/tienda.gevalia.es\/index.php?rest_route=\/wp\/v2\/types\/product"}],"replies":[{"embeddable":true,"href":"https:\/\/tienda.gevalia.es\/index.php?rest_route=%2Fwp%2Fv2%2Fcomments&post=1977"}],"wp:featuredmedia":[{"embeddable":true,"href":"https:\/\/tienda.gevalia.es\/index.php?rest_route=\/wp\/v2\/media\/2254"}],"wp:attachment":[{"href":"https:\/\/tienda.gevalia.es\/index.php?rest_route=%2Fwp%2Fv2%2Fmedia&parent=1977"}],"wp:term":[{"taxonomy":"product_cat","embeddable":true,"href":"https:\/\/tienda.gevalia.es\/index.php?rest_route=%2Fwp%2Fv2%2Fproduct_cat&post=1977"},{"taxonomy":"product_tag","embeddable":true,"href":"https:\/\/tienda.gevalia.es\/index.php?rest_route=%2Fwp%2Fv2%2Fproduct_tag&post=1977"}],"curies":[{"name":"wp","href":"https:\/\/api.w.org\/{rel}","templated":true}]}}

Impartición de acciones formativas para el empleo.

<p>Modalidad: On Line<br />
Duración: 70 Horas</p>
<h3 class="fusion-responsive-typography-calculated" data-fontsize="22" data-lineheight="35.2px">Objetivos</h3>
<p>&#8211; Definir estrategias que faciliten el aprendizaje de adultos, previo a la acción formativa.<br />
&#8211; Promover la motivación y la participación activa.<br />
&#8211; Usar técnicas de comunicación aplicables y adaptadas a la acción formativa.<br />
&#8211; Aplicar las habilidades docentes necesarias para desarrollar la impartición de la acción formativa favoreciendo el proceso de enseñanza–aprendizaje.</p>

<p>Modalidad: On Line Duración: 70 Horas Objetivos &#8211; Definir estrategias que faciliten el aprendizaje de adultos, previo a la acción formativa. &#8211; Promover la motivación y la participación activa. &#8211; Usar técnicas de comunicación aplicables y adaptadas a la acción formativa. &#8211; Aplicar las habilidades&hellip;</p>
