{"id":1984,"date":"2022-08-17T12:46:38","date_gmt":"2022-08-17T12:46:38","guid":{"rendered":"https:\/\/tienda.gevalia.es\/?post_type=product&#038;p=1984"},"modified":"2022-09-10T09:15:05","modified_gmt":"2022-09-10T09:15:05","slug":"limpieza-higienizacion-y-desinfeccion-medidas-covid-19","status":"publish","type":"product","link":"https:\/\/tienda.gevalia.es\/?product=limpieza-higienizacion-y-desinfeccion-medidas-covid-19","title":{"rendered":"Limpieza, higienizaci\u00f3n y desinfecci\u00f3n (medidas COVID-19)."},"content":{"rendered":"<p>Modalidad: On Line<br \/>\nDuraci\u00f3n: 20 Horas<\/p>\n<h3 class=\"fusion-responsive-typography-calculated\" data-fontsize=\"22\" data-lineheight=\"35.2px\">Objetivos<\/h3>\n<p>&#8211; Analizar diferentes tipos de sistemas de limpieza.<br \/>\n&#8211;\u00a0Conocer los diferentes tipos de productos qu\u00edmicos que existen en el mercado.<br \/>\n&#8211;\u00a0Describir las normas generales sobre la utilizaci\u00f3n de productos, medidas preventivas generales y espec\u00edficas<br \/>\n&#8211;\u00a0Definir pautas para la desinfecci\u00f3n de superficies y espacios habitados<br \/>\n&#8211;\u00a0Conocer los aspectos b\u00e1sicos de comportamiento del CORONAVIRUS SARS-COV-2 para poder llevar a cabo medidas de prevenci\u00f3n efectivas.<br \/>\n&#8211;\u00a0Seleccionar el tipo de desinfectante efectivo y la dosis adecuada para combatir el CORONAVIRUS SARS-COV-2.<br \/>\n&#8211;\u00a0Aplicar las t\u00e9cnicas de desinfecci\u00f3n de forma adecuada y teniendo en cuenta el tipo de aplicaci\u00f3n.<\/p>\n<h3 class=\"fusion-responsive-typography-calculated\" data-fontsize=\"22\" data-lineheight=\"35.2px\">Contenido Formativo<\/h3>\n<p><strong>La limpieza e higienizaci\u00f3n<\/strong><br \/>\nSelecci\u00f3n de materiales y productos<br \/>\nSelecci\u00f3n de utensilios y m\u00e1quinas<br \/>\nSelecci\u00f3n de productos<br \/>\nIdentificaci\u00f3n de suciedades<br \/>\nIdentificaci\u00f3n de superficies<\/p>\n<p><strong>Sistemas de limpieza<\/strong><br \/>\nLimpieza de mobiliario<br \/>\nLimpieza de servicios<br \/>\nLimpieza de paredes<br \/>\nLimpieza de habitaciones<br \/>\nLimpieza de cristales<\/p>\n<p><strong>Principales grupos qu\u00edmicos de acci\u00f3n desinfectante.<\/strong><br \/>\nEtiquetado de los productos<br \/>\nFicha de datos de seguridad<br \/>\nClasificaci\u00f3n de los productos qu\u00edmicos<br \/>\nCaracter\u00edsticas y propiedades de los productos qu\u00edmicos<\/p>\n<p><strong>Qu\u00e9 es el coronavirus sars-cov-2 y la covid-19<\/strong><br \/>\nIntroducci\u00f3n<br \/>\nQu\u00e9 es la covid-19<\/p>\n<p><strong>Permanencia de coronavirus en superficies<\/strong><\/p>\n<p><strong>Biocidas (desinfectantes) frente al coronavirus sars-cov-2<\/strong><\/p>\n<p><strong>Ozono frente al coronavirus sars-cov-2<\/strong><\/p>\n<p><strong>Protocolos de desinfecci\u00f3n<\/strong><\/p>\n<p><strong>Seguridad e higiene en la manipulaci\u00f3n de productos qu\u00edmicos de limpieza<\/strong><\/p>\n<p><strong>Prevenci\u00f3n de riesgos laborales en labores de desinfecci\u00f3n frente al coronavirus sars-cov-2<\/strong><\/p>\n<p><strong>Generaci\u00f3n de residuos y su tratamiento<\/strong><\/p>\n","protected":false},"excerpt":{"rendered":"<p>Modalidad: On Line Duraci\u00f3n: 20 Horas Objetivos &#8211; Analizar diferentes tipos de sistemas de limpieza. &#8211;\u00a0Conocer los diferentes tipos de productos qu\u00edmicos que existen en el mercado. &#8211;\u00a0Describir las normas generales sobre la utilizaci\u00f3n de productos, medidas preventivas generales y espec\u00edficas &#8211;\u00a0Definir pautas para la&hellip;<\/p>\n","protected":false},"featured_media":2262,"comment_status":"closed","ping_status":"closed","template":"","meta":[],"product_cat":[61],"product_tag":[],"class_list":{"0":"post-1984","1":"product","2":"type-product","3":"status-publish","4":"has-post-thumbnail","6":"product_cat-servicios-socioculturales-y-la-comunidad","8":"first","9":"instock","10":"sale","11":"taxable","12":"shipping-taxable","13":"purchasable","14":"product-type-simple"},"_links":{"self":[{"href":"https:\/\/tienda.gevalia.es\/index.php?rest_route=\/wp\/v2\/product\/1984","targetHints":{"allow":["GET"]}}],"collection":[{"href":"https:\/\/tienda.gevalia.es\/index.php?rest_route=\/wp\/v2\/product"}],"about":[{"href":"https:\/\/tienda.gevalia.es\/index.php?rest_route=\/wp\/v2\/types\/product"}],"replies":[{"embeddable":true,"href":"https:\/\/tienda.gevalia.es\/index.php?rest_route=%2Fwp%2Fv2%2Fcomments&post=1984"}],"wp:featuredmedia":[{"embeddable":true,"href":"https:\/\/tienda.gevalia.es\/index.php?rest_route=\/wp\/v2\/media\/2262"}],"wp:attachment":[{"href":"https:\/\/tienda.gevalia.es\/index.php?rest_route=%2Fwp%2Fv2%2Fmedia&parent=1984"}],"wp:term":[{"taxonomy":"product_cat","embeddable":true,"href":"https:\/\/tienda.gevalia.es\/index.php?rest_route=%2Fwp%2Fv2%2Fproduct_cat&post=1984"},{"taxonomy":"product_tag","embeddable":true,"href":"https:\/\/tienda.gevalia.es\/index.php?rest_route=%2Fwp%2Fv2%2Fproduct_tag&post=1984"}],"curies":[{"name":"wp","href":"https:\/\/api.w.org\/{rel}","templated":true}]}}