{"id":1991,"date":"2022-08-17T12:46:39","date_gmt":"2022-08-17T12:46:39","guid":{"rendered":"https:\/\/tienda.gevalia.es\/?post_type=product&#038;p=1991"},"modified":"2022-09-10T09:45:08","modified_gmt":"2022-09-10T09:45:08","slug":"programacion-didactica-de-acciones-formativas-para-el-empleo","status":"publish","type":"product","link":"https:\/\/tienda.gevalia.es\/?product=programacion-didactica-de-acciones-formativas-para-el-empleo","title":{"rendered":"Programaci\u00f3n did\u00e1ctica de acciones formativas para el empleo."},"content":{"rendered":"<p>Modalidad: On Line<br \/>\nDuraci\u00f3n: 60 Horas<\/p>\n<h3 class=\"fusion-responsive-typography-calculated\" data-fontsize=\"22\" data-lineheight=\"35.2px\">Objetivos<\/h3>\n<p>&#8211; Analizar la normativa sobre la Formaci\u00f3n Profesional para el Empleo en sus diferentes modalidades de impartici\u00f3n, identificando sus caracter\u00edsticas y colectivos destinatarios.<br \/>\n&#8211; Establecer pautas de coordinaci\u00f3n metodol\u00f3gica adaptada a la modalidad formativa de la acci\u00f3n a impartir.<br \/>\n&#8211; Elaborar la programaci\u00f3n did\u00e1ctica de una acci\u00f3n formativa en funci\u00f3n de la modalidad de impartici\u00f3n y de las caracter\u00edsticas de los destinatarios.<br \/>\n&#8211; Elaborar la programaci\u00f3n temporalizada del desarrollo de las unidades did\u00e1cticas programadas, secuenciar contenidos y actividades.<\/p>\n<h3 class=\"fusion-responsive-typography-calculated\" data-fontsize=\"22\" data-lineheight=\"35.2px\">Contenido Formativo<\/h3>\n<p><strong>Estructura de la Formaci\u00f3n Profesional<\/strong><br \/>\nIntroducci\u00f3n<br \/>\nSistema Nacional de las Cualificaciones: Cat\u00e1logo Nacional de las Cualificaciones y formaci\u00f3n modular, niveles de cualificaci\u00f3n<br \/>\nSubsistema de Formaci\u00f3n Profesional Reglada: Programas de Cualificaci\u00f3n Profesional Inicial y Ciclos Formativos. Caracter\u00edsticas, destinatarios y duraci\u00f3n<br \/>\nSubsistema de la Formaci\u00f3n Profesional para el empleo. Caracter\u00edsticas y destinatarios<br \/>\nProgramas formativos<br \/>\nProyectos Formativos en la Formaci\u00f3n en Alternancia con el Empleo: estructura y caracter\u00edsticas Resumen<\/p>\n<p><strong>Certificados de profesionalidad<\/strong><br \/>\nIntroducci\u00f3n<br \/>\nCertificados de profesionalidad<br \/>\nProgramaci\u00f3n did\u00e1ctica vinculada a certificaci\u00f3n profesional<br \/>\nResumen<\/p>\n<p><strong>Elaboraci\u00f3n de la programaci\u00f3n did\u00e1ctica de una acci\u00f3n formativa en formaci\u00f3n para el empleo<\/strong><br \/>\nIntroducci\u00f3n<br \/>\nLa formaci\u00f3n por competencias<br \/>\nCaracter\u00edsticas generales de programaci\u00f3n de acciones formativas<br \/>\nLos objetivos: definici\u00f3n, funciones, clasificaci\u00f3n, formulaci\u00f3n y normas de redacci\u00f3n<br \/>\nLos contenidos formativos: conceptuales, procedimentales y actitudinales. Normas de redacci\u00f3n. Funciones. Relaci\u00f3n con los objetivos y la modalidad de formaci\u00f3n<br \/>\nMetodolog\u00eda. M\u00e9todos y t\u00e9cnicas did\u00e1cticas<br \/>\nLas actividades: tipolog\u00eda, estructura, criterios de redacci\u00f3n y relaci\u00f3n con los contenidos. Din\u00e1micas de trabajo en grupo<br \/>\nRecursos pedag\u00f3gicos. Relaci\u00f3n de recursos, instalaciones, bibliograf\u00eda, anexos: caracter\u00edsticas y descripci\u00f3n<br \/>\nCriterios de evaluaci\u00f3n: tipos, momento, instrumentos, ponderaciones<br \/>\nResumen<\/p>\n<p><strong>Elaboraci\u00f3n de la programaci\u00f3n temporalizada de la acci\u00f3n formativa<\/strong><br \/>\nIntroducci\u00f3n<br \/>\nLa temporalizaci\u00f3n diaria<br \/>\nSecuenciaci\u00f3n de contenidos y concreci\u00f3n de actividades<br \/>\nElaboraci\u00f3n de la gu\u00eda para las acciones formativas, para la modalidad de impartici\u00f3n en l\u00ednea<br \/>\nResumen<\/p>\n<h3 class=\"fusion-responsive-typography-calculated\" data-fontsize=\"22\" data-lineheight=\"35.2px\">\u00bfA qui\u00e9n va dirigido?<\/h3>\n<p>A formadores de formaci\u00f3n no reglada, formadores de formaci\u00f3n ocupacional no reglada, formador ocupacional, formadores para el empleo y formadores de formadores.<\/p>\n<h3 class=\"fusion-responsive-typography-calculated\" data-fontsize=\"22\" data-lineheight=\"35.2px\">\u00bfPara qu\u00e9 te capacita?<\/h3>\n<p>Para el adecuado desarrollo y programaci\u00f3n de acciones formativas par el empleo.<\/p>\n<h3 class=\"fusion-responsive-typography-calculated\" data-fontsize=\"22\" data-lineheight=\"35.2px\">Otros datos de inter\u00e9s<\/h3>\n<p>&#8211; Para interesados sin conocimientos previos que deseen adquirir conocimientos para la realizaci\u00f3n de programaciones did\u00e1cticas.<br \/>\n&#8211; Profesionales que deseen actualizar sus conocimientos y profundizar en aspectos espec\u00edficos sobre las programaciones did\u00e1cticas.<br \/>\n&#8211; Este curso desarrolla la estructura de la formaci\u00f3n profesional para el empleo, as\u00ed como de los certificados de profesionalidad.<br \/>\n&#8211; Se exponen todos los elementos que conforman las programaciones did\u00e1cticas, como por ejemplo, objetivos, contenidos, etc.<br \/>\n&#8211; Contiene ejemplos pr\u00e1cticos aplicados al desarrollo de acciones formativas en formaci\u00f3n para el empleo.<\/p>\n","protected":false},"excerpt":{"rendered":"<p>Modalidad: On Line Duraci\u00f3n: 60 Horas Objetivos &#8211; Analizar la normativa sobre la Formaci\u00f3n Profesional para el Empleo en sus diferentes modalidades de impartici\u00f3n, identificando sus caracter\u00edsticas y colectivos destinatarios. &#8211; Establecer pautas de coordinaci\u00f3n metodol\u00f3gica adaptada a la modalidad formativa de la acci\u00f3n a&hellip;<\/p>\n","protected":false},"featured_media":2206,"comment_status":"closed","ping_status":"closed","template":"","meta":[],"product_cat":[61],"product_tag":[],"class_list":{"0":"post-1991","1":"product","2":"type-product","3":"status-publish","4":"has-post-thumbnail","6":"product_cat-servicios-socioculturales-y-la-comunidad","8":"first","9":"instock","10":"sale","11":"taxable","12":"shipping-taxable","13":"purchasable","14":"product-type-simple"},"_links":{"self":[{"href":"https:\/\/tienda.gevalia.es\/index.php?rest_route=\/wp\/v2\/product\/1991","targetHints":{"allow":["GET"]}}],"collection":[{"href":"https:\/\/tienda.gevalia.es\/index.php?rest_route=\/wp\/v2\/product"}],"about":[{"href":"https:\/\/tienda.gevalia.es\/index.php?rest_route=\/wp\/v2\/types\/product"}],"replies":[{"embeddable":true,"href":"https:\/\/tienda.gevalia.es\/index.php?rest_route=%2Fwp%2Fv2%2Fcomments&post=1991"}],"wp:featuredmedia":[{"embeddable":true,"href":"https:\/\/tienda.gevalia.es\/index.php?rest_route=\/wp\/v2\/media\/2206"}],"wp:attachment":[{"href":"https:\/\/tienda.gevalia.es\/index.php?rest_route=%2Fwp%2Fv2%2Fmedia&parent=1991"}],"wp:term":[{"taxonomy":"product_cat","embeddable":true,"href":"https:\/\/tienda.gevalia.es\/index.php?rest_route=%2Fwp%2Fv2%2Fproduct_cat&post=1991"},{"taxonomy":"product_tag","embeddable":true,"href":"https:\/\/tienda.gevalia.es\/index.php?rest_route=%2Fwp%2Fv2%2Fproduct_tag&post=1991"}],"curies":[{"name":"wp","href":"https:\/\/api.w.org\/{rel}","templated":true}]}}

Programación didáctica de acciones formativas para el empleo.

<p>Modalidad: On Line<br />
Duración: 60 Horas</p>
<h3 class="fusion-responsive-typography-calculated" data-fontsize="22" data-lineheight="35.2px">Objetivos</h3>
<p>&#8211; Analizar la normativa sobre la Formación Profesional para el Empleo en sus diferentes modalidades de impartición, identificando sus características y colectivos destinatarios.<br />
&#8211; Establecer pautas de coordinación metodológica adaptada a la modalidad formativa de la acción a impartir.<br />
&#8211; Elaborar la programación didáctica de una acción formativa en función de la modalidad de impartición y de las características de los destinatarios.<br />
&#8211; Elaborar la programación temporalizada del desarrollo de las unidades didácticas programadas, secuenciar contenidos y actividades.</p>
<h3 class="fusion-responsive-typography-calculated" data-fontsize="22" data-lineheight="35.2px">Contenido Formativo</h3>
<p><strong>Estructura de la Formación Profesional</strong><br />
Introducción<br />
Sistema Nacional de las Cualificaciones: Catálogo Nacional de las Cualificaciones y formación modular, niveles de cualificación<br />
Subsistema de Formación Profesional Reglada: Programas de Cualificación Profesional Inicial y Ciclos Formativos. Características, destinatarios y duración<br />
Subsistema de la Formación Profesional para el empleo. Características y destinatarios<br />
Programas formativos<br />
Proyectos Formativos en la Formación en Alternancia con el Empleo: estructura y características Resumen</p>
<p><strong>Certificados de profesionalidad</strong><br />
Introducción<br />
Certificados de profesionalidad<br />
Programación didáctica vinculada a certificación profesional<br />
Resumen</p>
<p><strong>Elaboración de la programación didáctica de una acción formativa en formación para el empleo</strong><br />
Introducción<br />
La formación por competencias<br />
Características generales de programación de acciones formativas<br />
Los objetivos: definición, funciones, clasificación, formulación y normas de redacción<br />
Los contenidos formativos: conceptuales, procedimentales y actitudinales. Normas de redacción. Funciones. Relación con los objetivos y la modalidad de formación<br />
Metodología. Métodos y técnicas didácticas<br />
Las actividades: tipología, estructura, criterios de redacción y relación con los contenidos. Dinámicas de trabajo en grupo<br />
Recursos pedagógicos. Relación de recursos, instalaciones, bibliografía, anexos: características y descripción<br />
Criterios de evaluación: tipos, momento, instrumentos, ponderaciones<br />
Resumen</p>
<p><strong>Elaboración de la programación temporalizada de la acción formativa</strong><br />
Introducción<br />
La temporalización diaria<br />
Secuenciación de contenidos y concreción de actividades<br />
Elaboración de la guía para las acciones formativas, para la modalidad de impartición en línea<br />
Resumen</p>
<h3 class="fusion-responsive-typography-calculated" data-fontsize="22" data-lineheight="35.2px">¿A quién va dirigido?</h3>
<p>A formadores de formación no reglada, formadores de formación ocupacional no reglada, formador ocupacional, formadores para el empleo y formadores de formadores.</p>
<h3 class="fusion-responsive-typography-calculated" data-fontsize="22" data-lineheight="35.2px">¿Para qué te capacita?</h3>
<p>Para el adecuado desarrollo y programación de acciones formativas par el empleo.</p>
<h3 class="fusion-responsive-typography-calculated" data-fontsize="22" data-lineheight="35.2px">Otros datos de interés</h3>
<p>&#8211; Para interesados sin conocimientos previos que deseen adquirir conocimientos para la realización de programaciones didácticas.<br />
&#8211; Profesionales que deseen actualizar sus conocimientos y profundizar en aspectos específicos sobre las programaciones didácticas.<br />
&#8211; Este curso desarrolla la estructura de la formación profesional para el empleo, así como de los certificados de profesionalidad.<br />
&#8211; Se exponen todos los elementos que conforman las programaciones didácticas, como por ejemplo, objetivos, contenidos, etc.<br />
&#8211; Contiene ejemplos prácticos aplicados al desarrollo de acciones formativas en formación para el empleo.</p>

<p>Modalidad: On Line Duración: 60 Horas Objetivos &#8211; Analizar la normativa sobre la Formación Profesional para el Empleo en sus diferentes modalidades de impartición, identificando sus características y colectivos destinatarios. &#8211; Establecer pautas de coordinación metodológica adaptada a la modalidad formativa de la acción a&hellip;</p>
